{"id":714702,"date":"2025-08-27T17:21:52","date_gmt":"2025-08-27T14:21:52","guid":{"rendered":"https:\/\/roveyayinevi.com.tr\/index.php\/urun\/vatan-yahut-silistre-9\/"},"modified":"2026-04-16T02:22:56","modified_gmt":"2026-04-15T23:22:56","slug":"vatan-yahut-silistre-9","status":"publish","type":"product","link":"https:\/\/roveyayinevi.com.tr\/index.php\/urun\/vatan-yahut-silistre-9\/","title":{"rendered":"Vatan Yahut Silistre"},"content":{"rendered":"<p>T\u00fcrk edebiyat\u0131n\u0131n yap\u0131 ta\u015flar\u0131ndan biri olan Nam\u0131k Kemal, tiyatronun halk\u0131 bilgilendirmek i\u00e7in \u00f6nemli bir ara\u00e7 oldu\u011funu d\u00fc\u015f\u00fcn\u00fcr. Gerek T\u00fcrk tiyatrosu, gerek getirdi\u011fi yeni fikirler a\u00e7\u0131s\u0131ndan T\u00fcrk edebiyat\u0131 i\u00e7in \u00e7ok \u00f6nemli bir eser olan Vatan Yahut Silistre bu u\u011furda yaz\u0131larak halk\u0131 co\u015fkuland\u0131rmak a\u00e7\u0131s\u0131ndan olduk\u00e7a ba\u015far\u0131l\u0131 olmu\u015ftur. \u00d6yle ki, h\u00fcrriyet sevgisini had safhada yans\u0131tan bu tiyatro eseri sahnelenmesinin ard\u0131ndan Nam\u0131k Kemal h\u00fck\u00fcmet taraf\u0131ndan Magosa\u2019ya s\u00fcrg\u00fcn edilir.  Vatan ve millet sevgisinin \u00f6n plana \u00e7\u0131kt\u0131\u011f\u0131 bu metinde, ya\u015fanan sava\u015f s\u0131ras\u0131nda sevdi\u011fini b\u0131rak\u0131p cepheye gitmek durumunda olan \u0130slam Bey ve onun pe\u015finden vatan sevgisi u\u011fruna k\u0131l\u0131k de\u011fi\u015ftirerek cepheye gelen Zekiye\u2019nin a\u015fk\u0131na tan\u0131kl\u0131k ederiz.  Vatan Yahut Silistre, y\u0131llar\u0131 a\u015farak g\u00fcn\u00fcm\u00fcz okurunun y\u00fcre\u011fine dokunan bir tiyatro klasi\u011fi.<\/p>\n","protected":false},"excerpt":{"rendered":"<p>T\u00fcrk edebiyat\u0131n\u0131n yap\u0131 ta\u015flar\u0131ndan biri olan Nam\u0131k Kemal, tiyatronun halk\u0131 bilgilendirmek i\u00e7in \u00f6nemli bir ara\u00e7 oldu\u011funu d\u00fc\u015f\u00fcn\u00fcr. Gerek T\u00fcrk tiyatrosu, gerek getirdi\u011fi yeni fikirler a\u00e7\u0131s\u0131ndan T\u00fcrk<span class=\"excerpt-hellip\"> [\u2026]<\/span><\/p>\n","protected":false},"featured_media":0,"template":"","meta":{"_monsterinsights_skip_tracking":false,"_monsterinsights_sitenote_active":false,"_monsterinsights_sitenote_note":"","_monsterinsights_sitenote_category":0},"product_brand":[],"product_cat":[12291,15566],"product_tag":[],"class_list":{"0":"post-714702","1":"product","2":"type-product","3":"status-publish","5":"product_cat-edebiyat","6":"product_cat-oyun","7":"pa_cilt-ciltsiz","8":"pa_tur-kitap","9":"pa_yayinevi-ren-kitap","10":"pa_yazar-namik-kemal","12":"first","13":"instock","14":"sale","15":"shipping-taxable","16":"purchasable","17":"product-type-simple"},"_links":{"self":[{"href":"https:\/\/roveyayinevi.com.tr\/index.php\/wp-json\/wp\/v2\/product\/714702","targetHints":{"allow":["GET"]}}],"collection":[{"href":"https:\/\/roveyayinevi.com.tr\/index.php\/wp-json\/wp\/v2\/product"}],"about":[{"href":"https:\/\/roveyayinevi.com.tr\/index.php\/wp-json\/wp\/v2\/types\/product"}],"wp:attachment":[{"href":"https:\/\/roveyayinevi.com.tr\/index.php\/wp-json\/wp\/v2\/media?parent=714702"}],"wp:term":[{"taxonomy":"product_brand","embeddable":true,"href":"https:\/\/roveyayinevi.com.tr\/index.php\/wp-json\/wp\/v2\/product_brand?post=714702"},{"taxonomy":"product_cat","embeddable":true,"href":"https:\/\/roveyayinevi.com.tr\/index.php\/wp-json\/wp\/v2\/product_cat?post=714702"},{"taxonomy":"product_tag","embeddable":true,"href":"https:\/\/roveyayinevi.com.tr\/index.php\/wp-json\/wp\/v2\/product_tag?post=714702"}],"curies":[{"name":"wp","href":"https:\/\/api.w.org\/{rel}","templated":true}]}}