{"id":714701,"date":"2025-08-27T17:21:52","date_gmt":"2025-08-27T14:21:52","guid":{"rendered":"https:\/\/roveyayinevi.com.tr\/index.php\/urun\/50-cizim-projesi-adim-adim-ilerleyen-yaratici-bir-calisma-kitabi\/"},"modified":"2026-04-16T02:22:56","modified_gmt":"2026-04-15T23:22:56","slug":"50-cizim-projesi-adim-adim-ilerleyen-yaratici-bir-calisma-kitabi","status":"publish","type":"product","link":"https:\/\/roveyayinevi.com.tr\/index.php\/urun\/50-cizim-projesi-adim-adim-ilerleyen-yaratici-bir-calisma-kitabi\/","title":{"rendered":"50 \u00c7izim Projesi: Ad\u0131m Ad\u0131m \u0130lerleyen Yarat\u0131c\u0131 Bir \u00c7al\u0131\u015fma Kitab\u0131"},"content":{"rendered":"<p>Bu yarat\u0131c\u0131 yeni kitapta Barrington Barber sizlere aralar\u0131nda insanlar\u0131n, evcil hayvanlar\u0131n ve evinizde, g\u00fcnl\u00fck ya\u015fant\u0131n\u0131zda kar\u015f\u0131la\u015fabilece\u011finiz e\u015fyalar\u0131n oldu\u011fu bir dizi ilgin\u00e7 \u00e7izim konusu sunuyor. Her bir proje, neticesinde ortaya bitmi\u015f bir \u00e7izimin \u00e7\u0131kt\u0131\u011f\u0131,  uygulamas\u0131 kolay ad\u0131mlara b\u00f6l\u00fcnm\u00fc\u015f. Okuyucu bu ad\u0131mlar\u0131 takip ederek \u00e7izimin kendine \u00f6zg\u00fc bir \u015feklini yaratmaya davet ediliyor.  Bir yandan acemi \u00e7izerlere yol g\u00f6steren, bir yandan da daha deneyimli \u00e7izerlere onlar\u0131 zorlayacak temalar sunan 50 \u00c7izim Projesi  hayat\u0131n en tatmin edici ve yarat\u0131c\u0131 sanatlar\u0131ndan birini ke\u015ffedip geli\u015ftirmenin rahatlat\u0131c\u0131 bir yolu. \u00c7\u0130Z\u0130M TEMALARI ARASINDA \u015eUNLAR VAR: \u2022 Nat\u00fcrmortlar \u2022 Hayvanlar \u2022 \u00c7i\u00e7ekler \u2022 \u0130nsanlar <\/p>\n","protected":false},"excerpt":{"rendered":"<p>Bu yarat\u0131c\u0131 yeni kitapta Barrington Barber sizlere aralar\u0131nda insanlar\u0131n, evcil hayvanlar\u0131n ve evinizde, g\u00fcnl\u00fck ya\u015fant\u0131n\u0131zda kar\u015f\u0131la\u015fabilece\u011finiz e\u015fyalar\u0131n oldu\u011fu bir dizi ilgin\u00e7 \u00e7izim konusu sunuyor. Her bir<span class=\"excerpt-hellip\"> [\u2026]<\/span><\/p>\n","protected":false},"featured_media":0,"template":"","meta":{"_monsterinsights_skip_tracking":false,"_monsterinsights_sitenote_active":false,"_monsterinsights_sitenote_note":"","_monsterinsights_sitenote_category":0},"product_brand":[],"product_cat":[15733,12408],"product_tag":[],"class_list":{"0":"post-714701","1":"product","2":"type-product","3":"status-publish","5":"product_cat-resim","6":"product_cat-sanat","7":"pa_cilt-ciltsiz","8":"pa_tur-kitap","9":"pa_yayinevi-profil-kitap","10":"pa_yazar-barrington-barber","12":"first","13":"instock","14":"sale","15":"shipping-taxable","16":"purchasable","17":"product-type-simple"},"_links":{"self":[{"href":"https:\/\/roveyayinevi.com.tr\/index.php\/wp-json\/wp\/v2\/product\/714701","targetHints":{"allow":["GET"]}}],"collection":[{"href":"https:\/\/roveyayinevi.com.tr\/index.php\/wp-json\/wp\/v2\/product"}],"about":[{"href":"https:\/\/roveyayinevi.com.tr\/index.php\/wp-json\/wp\/v2\/types\/product"}],"wp:attachment":[{"href":"https:\/\/roveyayinevi.com.tr\/index.php\/wp-json\/wp\/v2\/media?parent=714701"}],"wp:term":[{"taxonomy":"product_brand","embeddable":true,"href":"https:\/\/roveyayinevi.com.tr\/index.php\/wp-json\/wp\/v2\/product_brand?post=714701"},{"taxonomy":"product_cat","embeddable":true,"href":"https:\/\/roveyayinevi.com.tr\/index.php\/wp-json\/wp\/v2\/product_cat?post=714701"},{"taxonomy":"product_tag","embeddable":true,"href":"https:\/\/roveyayinevi.com.tr\/index.php\/wp-json\/wp\/v2\/product_tag?post=714701"}],"curies":[{"name":"wp","href":"https:\/\/api.w.org\/{rel}","templated":true}]}}