{"id":714690,"date":"2025-08-27T17:21:45","date_gmt":"2025-08-27T14:21:45","guid":{"rendered":"https:\/\/roveyayinevi.com.tr\/index.php\/urun\/seksin-dogasi\/"},"modified":"2025-12-30T10:15:59","modified_gmt":"2025-12-30T07:15:59","slug":"seksin-dogasi","status":"publish","type":"product","link":"https:\/\/roveyayinevi.com.tr\/index.php\/urun\/seksin-dogasi\/","title":{"rendered":"Seksin Do\u011fas\u0131"},"content":{"rendered":"<p>Biyolog ve ba\u015far\u0131l\u0131 bir do\u011fa belgeseli programc\u0131s\u0131 Dr. Carin Bondar, hayvanlar \u00e2leminde g\u00f6zlemlenen \u00e7e\u015fitli cinsel davran\u0131\u015flar\u0131 ele ald\u0131\u011f\u0131 bu \u00e7al\u0131\u015fmas\u0131nda primatlardan balinalara, \u00e7akallardan salyangozlara, \u00f6t\u00fcc\u00fc ku\u015flardan y\u0131rt\u0131c\u0131lara hayvanlar\u0131n \u00fcreme d\u00f6ng\u00fclerinde insanlar\u0131n cinsel ya\u015fam\u0131n\u0131 renksiz g\u00f6steren ve onunla \u015fa\u015f\u0131rt\u0131c\u0131 paralellikler ta\u015f\u0131yan pek \u00e7ok detay\u0131 bulabilece\u011fimiz ansiklopedik bir gezintiye \u00e7\u0131kar\u0131yor okuru. Seksin Do\u011fas\u0131 do\u011fada e\u015fle\u015febilecek partner bulmak, ba\u015far\u0131yla \u00e7iftle\u015febilmek ve sonucunda d\u00fcnyaya gelecek yavrular\u0131 b\u00fcy\u00fctebilmek i\u00e7in ne m\u00fccadeleler verildi\u011fini ve bize bug\u00fcn garip gelen pek \u00e7ok detay\u0131n asl\u0131nda ne kadar do\u011fal oldu\u011funu g\u00f6rme f\u0131rsat\u0131 veriyor. \u201cDostlar\u0131m, d\u0131\u015far\u0131da ac\u0131mas\u0131z bir d\u00fcnya var. Haz\u0131rsan\u0131z ac\u0131mas\u0131z oldu\u011fu kadar i\u00e7 g\u0131d\u0131klayan, heyecan veren, korku uyand\u0131ran, mide buland\u0131ran, ayn\u0131 zamanda \u00e7ekici ve ak\u0131l almaz bu d\u00fcnyaya, Seksin Do\u011fas\u0131\u2019na giri\u015f yap\u0131yoruz.\u201d <\/p>\n","protected":false},"excerpt":{"rendered":"<p>Biyolog ve ba\u015far\u0131l\u0131 bir do\u011fa belgeseli programc\u0131s\u0131 Dr. Carin Bondar, hayvanlar \u00e2leminde g\u00f6zlemlenen \u00e7e\u015fitli cinsel davran\u0131\u015flar\u0131 ele ald\u0131\u011f\u0131 bu \u00e7al\u0131\u015fmas\u0131nda primatlardan balinalara, \u00e7akallardan salyangozlara, \u00f6t\u00fcc\u00fc ku\u015flardan<span class=\"excerpt-hellip\"> [\u2026]<\/span><\/p>\n","protected":false},"featured_media":0,"template":"","meta":{"_monsterinsights_skip_tracking":false,"_monsterinsights_sitenote_active":false,"_monsterinsights_sitenote_note":"","_monsterinsights_sitenote_category":0},"product_brand":[],"product_cat":[13005,13006],"product_tag":[],"class_list":{"0":"post-714690","1":"product","2":"type-product","3":"status-publish","5":"product_cat-bilim-muhendislik","6":"product_cat-populer-bilim","7":"pa_cilt-ciltsiz","8":"pa_tur-kitap","9":"pa_yayinevi-kolektif-kitap","10":"pa_yazar-carin-bondar","12":"first","13":"instock","14":"sale","15":"shipping-taxable","16":"purchasable","17":"product-type-simple"},"_links":{"self":[{"href":"https:\/\/roveyayinevi.com.tr\/index.php\/wp-json\/wp\/v2\/product\/714690","targetHints":{"allow":["GET"]}}],"collection":[{"href":"https:\/\/roveyayinevi.com.tr\/index.php\/wp-json\/wp\/v2\/product"}],"about":[{"href":"https:\/\/roveyayinevi.com.tr\/index.php\/wp-json\/wp\/v2\/types\/product"}],"wp:attachment":[{"href":"https:\/\/roveyayinevi.com.tr\/index.php\/wp-json\/wp\/v2\/media?parent=714690"}],"wp:term":[{"taxonomy":"product_brand","embeddable":true,"href":"https:\/\/roveyayinevi.com.tr\/index.php\/wp-json\/wp\/v2\/product_brand?post=714690"},{"taxonomy":"product_cat","embeddable":true,"href":"https:\/\/roveyayinevi.com.tr\/index.php\/wp-json\/wp\/v2\/product_cat?post=714690"},{"taxonomy":"product_tag","embeddable":true,"href":"https:\/\/roveyayinevi.com.tr\/index.php\/wp-json\/wp\/v2\/product_tag?post=714690"}],"curies":[{"name":"wp","href":"https:\/\/api.w.org\/{rel}","templated":true}]}}