{"id":714673,"date":"2025-08-27T17:21:35","date_gmt":"2025-08-27T14:21:35","guid":{"rendered":"https:\/\/roveyayinevi.com.tr\/index.php\/urun\/denetim-imgesi-ve-gercekligi\/"},"modified":"2026-04-16T02:22:55","modified_gmt":"2026-04-15T23:22:55","slug":"denetim-imgesi-ve-gercekligi","status":"publish","type":"product","link":"https:\/\/roveyayinevi.com.tr\/index.php\/urun\/denetim-imgesi-ve-gercekligi\/","title":{"rendered":"Denetim \u0130mgesi ve Ger\u00e7ekli\u011fi"},"content":{"rendered":"<p>\u0130\u00e7indekiler1-Denetimin Muhasebesi2-Muhasebenin Denetimi3-Denetim D\u00fc\u015f\u00fcncesi4-Denetimde Ama\u00e7lar ve Beklenti \u00c7a\u011f\u01315-Denetimin Do\u011fas\u01316-Denetim Sistemi7-Denetim \u0130mgesi8-Denetimin \u0130\u015flevsizle\u015fmesi9-Denetimin D\u0131\u015f Dinamikleri<\/p>\n","protected":false},"excerpt":{"rendered":"<p>\u0130\u00e7indekiler1-Denetimin Muhasebesi2-Muhasebenin Denetimi3-Denetim D\u00fc\u015f\u00fcncesi4-Denetimde Ama\u00e7lar ve Beklenti \u00c7a\u011f\u01315-Denetimin Do\u011fas\u01316-Denetim Sistemi7-Denetim \u0130mgesi8-Denetimin \u0130\u015flevsizle\u015fmesi9-Denetimin D\u0131\u015f Dinamikleri<\/p>\n","protected":false},"featured_media":0,"template":"","meta":{"_monsterinsights_skip_tracking":false,"_monsterinsights_sitenote_active":false,"_monsterinsights_sitenote_note":"","_monsterinsights_sitenote_category":0},"product_brand":[],"product_cat":[12573,12566],"product_tag":[],"class_list":{"0":"post-714673","1":"product","2":"type-product","3":"status-publish","5":"product_cat-akademik-kitaplar","6":"product_cat-egitim","7":"pa_cilt-ciltsiz","8":"pa_tur-kitap","9":"pa_yayinevi-gazi-kitabevi","10":"pa_yazar-canol-kandemir-senol-kandemir","12":"first","13":"instock","14":"sale","15":"shipping-taxable","16":"purchasable","17":"product-type-simple"},"_links":{"self":[{"href":"https:\/\/roveyayinevi.com.tr\/index.php\/wp-json\/wp\/v2\/product\/714673","targetHints":{"allow":["GET"]}}],"collection":[{"href":"https:\/\/roveyayinevi.com.tr\/index.php\/wp-json\/wp\/v2\/product"}],"about":[{"href":"https:\/\/roveyayinevi.com.tr\/index.php\/wp-json\/wp\/v2\/types\/product"}],"wp:attachment":[{"href":"https:\/\/roveyayinevi.com.tr\/index.php\/wp-json\/wp\/v2\/media?parent=714673"}],"wp:term":[{"taxonomy":"product_brand","embeddable":true,"href":"https:\/\/roveyayinevi.com.tr\/index.php\/wp-json\/wp\/v2\/product_brand?post=714673"},{"taxonomy":"product_cat","embeddable":true,"href":"https:\/\/roveyayinevi.com.tr\/index.php\/wp-json\/wp\/v2\/product_cat?post=714673"},{"taxonomy":"product_tag","embeddable":true,"href":"https:\/\/roveyayinevi.com.tr\/index.php\/wp-json\/wp\/v2\/product_tag?post=714673"}],"curies":[{"name":"wp","href":"https:\/\/api.w.org\/{rel}","templated":true}]}}