{"id":714663,"date":"2025-08-27T17:21:28","date_gmt":"2025-08-27T14:21:28","guid":{"rendered":"https:\/\/roveyayinevi.com.tr\/index.php\/urun\/kader-yolu-merlin-4\/"},"modified":"2026-04-16T02:22:55","modified_gmt":"2026-04-15T23:22:55","slug":"kader-yolu-merlin-4","status":"publish","type":"product","link":"https:\/\/roveyayinevi.com.tr\/index.php\/urun\/kader-yolu-merlin-4\/","title":{"rendered":"Kader Yolu &#8211; Merlin 4"},"content":{"rendered":"<p>Fincayra, her yeri yak\u0131p k\u00fcl eden bir k\u00f6t\u00fcl\u00fc\u011f\u00fcn etkisi alt\u0131nda.Ve bu \u015feytani g\u00fcc\u00fcn tek iste\u011fi Merlin\u2019in yok olmas\u0131.Gen\u00e7 b\u00fcy\u00fcc\u00fcn\u00fcn yurdunu ve kaderini kurtarmak i\u00e7in yapmas\u0131 gereken yolculuk ise bu g\u00fcc\u00fcn kendisinden de tehlikeli.S\u0131rlarla dolu bir aynan\u0131n i\u00e7indeki sislerde yolculuk edip, g\u00f6rmeyi en son bekledi\u011fi ki\u015filerle kar\u015f\u0131la\u015facak olan Merlin\u2019in yazg\u0131s\u0131nda bir g\u00fcn muhte\u015fem bir b\u00fcy\u00fcc\u00fc olmak m\u0131 yatmakta yoksa gelecek \u00e7ok daha farkl\u0131 bir bi\u00e7imde mi ya\u015fanacak?Bu sorular\u0131 yan\u0131tlayabilecek tek ki\u015fi yine Merlin olacak.\u201cMerlin hakk\u0131nda kimse Barron ile boy \u00f6l\u00e7\u00fc\u015femez. Bu kitab\u0131yla yedi diyara renk, derinlik ve sevgi katm\u0131\u015f. Hayranlar\u0131 bu kitaba bay\u0131lacak.\u201d- School Library Journal\u201cBarron, Merlin destan\u0131 hayranlar\u0131n\u0131 hayal k\u0131r\u0131kl\u0131\u011f\u0131na u\u011fratmayacak bir ba\u015fyap\u0131tla kar\u015f\u0131m\u0131zda.\u201d- Booklist\u201cAk\u0131lda kalan parlak karakterleriyle destans\u0131, harika bir \u00f6yk\u00fc. Tam hediyelik.\u201d- Isabel Allend<\/p>\n","protected":false},"excerpt":{"rendered":"<p>Fincayra, her yeri yak\u0131p k\u00fcl eden bir k\u00f6t\u00fcl\u00fc\u011f\u00fcn etkisi alt\u0131nda.Ve bu \u015feytani g\u00fcc\u00fcn tek iste\u011fi Merlin\u2019in yok olmas\u0131.Gen\u00e7 b\u00fcy\u00fcc\u00fcn\u00fcn yurdunu ve kaderini kurtarmak i\u00e7in yapmas\u0131 gereken<span class=\"excerpt-hellip\"> [\u2026]<\/span><\/p>\n","protected":false},"featured_media":0,"template":"","meta":{"_monsterinsights_skip_tracking":false,"_monsterinsights_sitenote_active":false,"_monsterinsights_sitenote_note":"","_monsterinsights_sitenote_category":0},"product_brand":[],"product_cat":[12291,12711],"product_tag":[],"class_list":{"0":"post-714663","1":"product","2":"type-product","3":"status-publish","5":"product_cat-edebiyat","6":"product_cat-roman-oyku","7":"pa_cilt-ciltsiz","8":"pa_tur-kitap","9":"pa_yayinevi-parodi-yayinlari","10":"pa_yazar-t-a-barron","12":"first","13":"instock","14":"sale","15":"shipping-taxable","16":"purchasable","17":"product-type-simple"},"_links":{"self":[{"href":"https:\/\/roveyayinevi.com.tr\/index.php\/wp-json\/wp\/v2\/product\/714663","targetHints":{"allow":["GET"]}}],"collection":[{"href":"https:\/\/roveyayinevi.com.tr\/index.php\/wp-json\/wp\/v2\/product"}],"about":[{"href":"https:\/\/roveyayinevi.com.tr\/index.php\/wp-json\/wp\/v2\/types\/product"}],"wp:attachment":[{"href":"https:\/\/roveyayinevi.com.tr\/index.php\/wp-json\/wp\/v2\/media?parent=714663"}],"wp:term":[{"taxonomy":"product_brand","embeddable":true,"href":"https:\/\/roveyayinevi.com.tr\/index.php\/wp-json\/wp\/v2\/product_brand?post=714663"},{"taxonomy":"product_cat","embeddable":true,"href":"https:\/\/roveyayinevi.com.tr\/index.php\/wp-json\/wp\/v2\/product_cat?post=714663"},{"taxonomy":"product_tag","embeddable":true,"href":"https:\/\/roveyayinevi.com.tr\/index.php\/wp-json\/wp\/v2\/product_tag?post=714663"}],"curies":[{"name":"wp","href":"https:\/\/api.w.org\/{rel}","templated":true}]}}