{"id":714652,"date":"2025-08-27T17:21:21","date_gmt":"2025-08-27T14:21:21","guid":{"rendered":"https:\/\/roveyayinevi.com.tr\/index.php\/urun\/ankara-arastirmalari-dergisi-c6-s1\/"},"modified":"2026-04-16T02:22:55","modified_gmt":"2026-04-15T23:22:55","slug":"ankara-arastirmalari-dergisi-c6-s1","status":"publish","type":"product","link":"https:\/\/roveyayinevi.com.tr\/index.php\/urun\/ankara-arastirmalari-dergisi-c6-s1\/","title":{"rendered":"Ankara Ara\u015ft\u0131rmalar\u0131 Dergisi C6-S1"},"content":{"rendered":"<p>Kent sosyolojisi, konservasyon, uluslararas\u0131 ili\u015fkiler, mimarl\u0131k, antropoloji, jeoloji ve tarih gibi farkl\u0131 disiplinlerden hakemli makaleler ve g\u00f6r\u00fc\u015f yaz\u0131lar\u0131ndan olu\u015fan bu say\u0131n\u0131n ilk makalesi kitlesel taraftar\u0131yla Ankara\u2019daki en fazla ilgi \u00e7eken futbol kul\u00fcb\u00fc unvan\u0131na sahip Ankarag\u00fcc\u00fc\u2019n\u00fc konu almakta. \u0130malat-\u0131 Harbiye i\u015f\u00e7ileri, \u00f6\u011frencileri ve ustalar\u0131 taraf\u0131ndan ilk olarak \u0130stanbul\u2019da kurulan Ankarag\u00fcc\u00fc kul\u00fcb\u00fcn\u00fcn tarihsel s\u00fcre\u00e7te kentle ili\u015fkisinin yan\u0131 s\u0131ra taraftar\u0131n\u0131n kente ve kul\u00fcbe bak\u0131\u015f a\u00e7\u0131s\u0131n\u0131 da ortaya koyan bu makale, ba\u015fta spor tarihi ile ilgilenenler ve kul\u00fcp taraftarlar\u0131 olmak \u00fczere t\u00fcm kent ara\u015ft\u0131rmac\u0131lar\u0131n\u0131n ilgisini \u00e7ekecektir. Bir di\u011fer makalede Nazi Almanya\u2019s\u0131n\u0131n II. D\u00fcnya Sava\u015f\u0131\u2019nda ald\u0131\u011f\u0131 b\u00fcy\u00fck yenilgilere ra\u011fmen mimari eserleri birer propaganda arac\u0131na nas\u0131l d\u00f6n\u00fc\u015ft\u00fcrd\u00fc\u011f\u00fc, 31 Ocak-15 \u015eubat 1943 tarihleri aras\u0131nda Ankara Sergi Evi\u2019nde a\u00e7\u0131lan Yeni Alman Mimarisi Sergisi \u00e7er\u00e7evesinde anlat\u0131lmakta.  Makalede ayr\u0131ca T\u00fcrk bas\u0131n\u0131n\u0131n bu sergiyi  ve propaganday\u0131 nas\u0131l alg\u0131lad\u0131\u011f\u0131ndan, ne t\u00fcr tepkiler verdi\u011finden de bahsedilmektedir. Yazar\u0131n\u0131n tan\u0131m\u0131yla, T\u00fcrkiye\u2019de ulusalc\u0131 ve an\u0131tsal mimarl\u0131k anlay\u0131\u015f\u0131n\u0131n terk edildi\u011fi ve i\u015flevselci-rasyonalist bir mimarl\u0131k anlay\u0131\u015f\u0131n\u0131n benimsendi\u011fi bir d\u00f6nemin \u00f6nemli temsilcilerinden olan Reha Orta\u00e7l\u0131\u2019n\u0131n mimarl\u0131k ser\u00fcvenini anlatan ve Ankara\u2019da tasarlad\u0131\u011f\u0131 Orta\u00e7l\u0131 ve Nihat Erim Apartmanlar\u0131 ile Ankara Tenis Kul\u00fcb\u00fc\u2019n\u00fc inceleyen 3.  makaleyi mimarlar\u0131n ilgiyle okuyaca\u011f\u0131n\u0131 umuyoruz. Ankara\u2019da 1933 y\u0131l\u0131nda kurulan Y\u00fcksek Ziraat Enstit\u00fcs\u00fc\u2019ne ait olan ve g\u00fcn\u00fcm\u00fczde etnografik eser stat\u00fcs\u00fcne al\u0131nan eserlere y\u00f6nelik \u00f6nleyici koruma \u00e7al\u0131\u015fmalar\u0131 ile bu eserlerle haz\u0131rlanan K\u00f6y El \u0130\u015fleri Sergisi de bir di\u011fer makalenin konusu. Hakemli b\u00f6l\u00fcmde yer alan son makale ise; Alt\u0131npark, Gen\u00e7lik Park\u0131, G\u00f6ksu Park\u0131 ve Se\u011fmenler Park\u0131 \u00f6zelinde Ankara\u2019daki kent parklar\u0131n\u0131n nas\u0131l kullan\u0131ld\u0131\u011f\u0131n\u0131, bu parklar\u0131n kullan\u0131c\u0131lar\u0131yla ger\u00e7ekle\u015ftirilen anket sonucunda  belirlemektedir. G\u00f6r\u00fc\u015f yaz\u0131lar\u0131 b\u00f6l\u00fcm\u00fcnde ise ilk olarak, 2 Temmuz 1933 tarihinde yani Cumhuriyetimizin kurulu\u015funun 10. y\u0131l\u0131nda  \u0130svi\u00e7re\u2019de yay\u0131mlanan Neue Z\u00fcrcher Zeitung Gazetesi\u2019nde Almanca bas\u0131lan \u201cYeni T\u00fcrkiye Ba\u015fkentin Geli\u015fimi\u201d ba\u015fl\u0131kl\u0131 makaleye yer verilmektedir. Yazarlar\u0131n\u0131n Frans\u0131zcaya terc\u00fcme edilmi\u015f haline Ba\u015fbakanl\u0131k Cumhuriyet Ar\u015fivi\u2019nden ula\u015ft\u0131klar\u0131 ve T\u00fcrk\u00e7e \u00e7evirisini yapt\u0131klar\u0131 bu makale de, Mustafa Kemal Atat\u00fcrk\u2019\u00fcn kurdu\u011fu gen\u00e7 T\u00fcrkiye\u2019yi \u00e7a\u011fda\u015f uygarl\u0131klar seviyesinin \u00fcst\u00fcne \u00e7\u0131karma hedefini ve ger\u00e7ekle\u015ftirdi\u011fi T\u00fcrk Devrimi\u2019nin ya\u015fam alan\u0131 olarak vurgulanan Ankara\u2019n\u0131n ele al\u0131n\u0131\u015f bi\u00e7imini g\u00f6stermesi a\u00e7\u0131s\u0131ndan son derece \u00f6nemlidir. Bu say\u0131n\u0131n ikinci g\u00f6r\u00fc\u015f yaz\u0131s\u0131 ise; kent kimli\u011finin olu\u015fmas\u0131nda do\u011fal, \u00e7evresel ve yerbilimsel \u00f6zelliklerin de etkili oldu\u011funa vurgu yaparken bizlere, g\u00fcn\u00fcm\u00fczde art\u0131k varolmad\u0131\u011f\u0131 gibi ad\u0131n\u0131 da unuttu\u011fumuz Kanl\u0131g\u00f6l\u2019\u00fc hat\u0131rlatmaktad\u0131r. <\/p>\n","protected":false},"excerpt":{"rendered":"<p>Kent sosyolojisi, konservasyon, uluslararas\u0131 ili\u015fkiler, mimarl\u0131k, antropoloji, jeoloji ve tarih gibi farkl\u0131 disiplinlerden hakemli makaleler ve g\u00f6r\u00fc\u015f yaz\u0131lar\u0131ndan olu\u015fan bu say\u0131n\u0131n ilk makalesi kitlesel taraftar\u0131yla Ankara\u2019daki<span class=\"excerpt-hellip\"> [\u2026]<\/span><\/p>\n","protected":false},"featured_media":0,"template":"","meta":{"_monsterinsights_skip_tracking":false,"_monsterinsights_sitenote_active":false,"_monsterinsights_sitenote_note":"","_monsterinsights_sitenote_category":0},"product_brand":[],"product_cat":[12567,12566],"product_tag":[],"class_list":{"0":"post-714652","1":"product","2":"type-product","3":"status-publish","5":"product_cat-diger-egitim","6":"product_cat-egitim","7":"pa_cilt-ciltsiz","8":"pa_tur-dergi","9":"pa_yayinevi-vekam-koc-universitesi-vehbi-koc-ankara-arastirmalari-uygulama-ve-arastirma-merkezi","10":"pa_yazar-kolektif","12":"first","13":"instock","14":"sale","15":"shipping-taxable","16":"purchasable","17":"product-type-simple"},"_links":{"self":[{"href":"https:\/\/roveyayinevi.com.tr\/index.php\/wp-json\/wp\/v2\/product\/714652","targetHints":{"allow":["GET"]}}],"collection":[{"href":"https:\/\/roveyayinevi.com.tr\/index.php\/wp-json\/wp\/v2\/product"}],"about":[{"href":"https:\/\/roveyayinevi.com.tr\/index.php\/wp-json\/wp\/v2\/types\/product"}],"wp:attachment":[{"href":"https:\/\/roveyayinevi.com.tr\/index.php\/wp-json\/wp\/v2\/media?parent=714652"}],"wp:term":[{"taxonomy":"product_brand","embeddable":true,"href":"https:\/\/roveyayinevi.com.tr\/index.php\/wp-json\/wp\/v2\/product_brand?post=714652"},{"taxonomy":"product_cat","embeddable":true,"href":"https:\/\/roveyayinevi.com.tr\/index.php\/wp-json\/wp\/v2\/product_cat?post=714652"},{"taxonomy":"product_tag","embeddable":true,"href":"https:\/\/roveyayinevi.com.tr\/index.php\/wp-json\/wp\/v2\/product_tag?post=714652"}],"curies":[{"name":"wp","href":"https:\/\/api.w.org\/{rel}","templated":true}]}}

Ankara Araştırmaları Dergisi C6-S1

<p>Kent sosyolojisi, konservasyon, uluslararası ilişkiler, mimarlık, antropoloji, jeoloji ve tarih gibi farklı disiplinlerden hakemli makaleler ve görüş yazılarından oluşan bu sayının ilk makalesi kitlesel taraftarıyla Ankara’daki en fazla ilgi çeken futbol kulübü unvanına sahip Ankaragücü’nü konu almakta. İmalat-ı Harbiye işçileri, öğrencileri ve ustaları tarafından ilk olarak İstanbul’da kurulan Ankaragücü kulübünün tarihsel süreçte kentle ilişkisinin yanı sıra taraftarının kente ve kulübe bakış açısını da ortaya koyan bu makale, başta spor tarihi ile ilgilenenler ve kulüp taraftarları olmak üzere tüm kent araştırmacılarının ilgisini çekecektir. Bir diğer makalede Nazi Almanya’sının II. Dünya Savaşı’nda aldığı büyük yenilgilere rağmen mimari eserleri birer propaganda aracına nasıl dönüştürdüğü, 31 Ocak-15 Şubat 1943 tarihleri arasında Ankara Sergi Evi’nde açılan Yeni Alman Mimarisi Sergisi çerçevesinde anlatılmakta.  Makalede ayrıca Türk basınının bu sergiyi  ve propagandayı nasıl algıladığından, ne tür tepkiler verdiğinden de bahsedilmektedir. Yazarının tanımıyla, Türkiye’de ulusalcı ve anıtsal mimarlık anlayışının terk edildiği ve işlevselci-rasyonalist bir mimarlık anlayışının benimsendiği bir dönemin önemli temsilcilerinden olan Reha Ortaçlı’nın mimarlık serüvenini anlatan ve Ankara’da tasarladığı Ortaçlı ve Nihat Erim Apartmanları ile Ankara Tenis Kulübü’nü inceleyen 3.  makaleyi mimarların ilgiyle okuyacağını umuyoruz. Ankara’da 1933 yılında kurulan Yüksek Ziraat Enstitüsü’ne ait olan ve günümüzde etnografik eser statüsüne alınan eserlere yönelik önleyici koruma çalışmaları ile bu eserlerle hazırlanan Köy El İşleri Sergisi de bir diğer makalenin konusu. Hakemli bölümde yer alan son makale ise; Altınpark, Gençlik Parkı, Göksu Parkı ve Seğmenler Parkı özelinde Ankara’daki kent parklarının nasıl kullanıldığını, bu parkların kullanıcılarıyla gerçekleştirilen anket sonucunda  belirlemektedir. Görüş yazıları bölümünde ise ilk olarak, 2 Temmuz 1933 tarihinde yani Cumhuriyetimizin kuruluşunun 10. yılında  İsviçre’de yayımlanan Neue Zürcher Zeitung Gazetesi’nde Almanca basılan “Yeni Türkiye Başkentin Gelişimi” başlıklı makaleye yer verilmektedir. Yazarlarının Fransızcaya tercüme edilmiş haline Başbakanlık Cumhuriyet Arşivi’nden ulaştıkları ve Türkçe çevirisini yaptıkları bu makale de, Mustafa Kemal Atatürk’ün kurduğu genç Türkiye’yi çağdaş uygarlıklar seviyesinin üstüne çıkarma hedefini ve gerçekleştirdiği Türk Devrimi’nin yaşam alanı olarak vurgulanan Ankara’nın ele alınış biçimini göstermesi açısından son derece önemlidir. Bu sayının ikinci görüş yazısı ise; kent kimliğinin oluşmasında doğal, çevresel ve yerbilimsel özelliklerin de etkili olduğuna vurgu yaparken bizlere, günümüzde artık varolmadığı gibi adını da unuttuğumuz Kanlıgöl’ü hatırlatmaktadır. </p>

<p>Kent sosyolojisi, konservasyon, uluslararası ilişkiler, mimarlık, antropoloji, jeoloji ve tarih gibi farklı disiplinlerden hakemli makaleler ve görüş yazılarından oluşan bu sayının ilk makalesi kitlesel taraftarıyla Ankara’daki<span class="excerpt-hellip"> […]</span></p>
