{"id":714635,"date":"2025-08-27T17:20:35","date_gmt":"2025-08-27T14:20:35","guid":{"rendered":"https:\/\/roveyayinevi.com.tr\/index.php\/urun\/highlights-wowo-bul-ciz-ve-eglen-2li-set\/"},"modified":"2026-04-16T02:22:54","modified_gmt":"2026-04-15T23:22:54","slug":"highlights-wowo-bul-ciz-ve-eglen-2li-set","status":"publish","type":"product","link":"https:\/\/roveyayinevi.com.tr\/index.php\/urun\/highlights-wowo-bul-ciz-ve-eglen-2li-set\/","title":{"rendered":"Highlights Wowo Bul, \u00c7iz ve E\u011flen 2&#8217;li Set"},"content":{"rendered":"<p>Ailelere Bir NotHighlightsTM kitaplar\u0131 c\u0327ocug\u0306unuzla bag\u0306 kurman\u0131n ve onlarla eg\u0306lenceli vakit gec\u0327irmenin en kolay yolu. Su\u0308rekli olarak puzzle yapmak c\u0327ocug\u0306unuzun mant\u0131k, kritik du\u0308s\u0327u\u0308nme, c\u0327\u0131kar\u0131m yapma ve matematik yeteneg\u0306ini artt\u0131racakt\u0131r. Etkinlikleri yapmaya istekli c\u0327ocuklar bilgiyi edinmede, olaylar\u0131 analiz etmede ve problemleri h\u0131zl\u0131 c\u0327o\u0308zmede farkl\u0131l\u0131k go\u0308sterir.I\u0307s\u0327te size Highlights bulmacalar\u0131n\u0131 yaparken c\u0327ocug\u0306unuza yard\u0131mc\u0131 olabileceg\u0306iniz baz\u0131 ipuc\u0327lar\u0131. \u2022 Etkinlikleri yaparken tek bir yol yoktur. C\u0327ocug\u0306unuz etkinlikleri yaparken kendine go\u0308re bir yol belirleyecektir. Ona kitab\u0131 yaparken kendi yo\u0308ntemlerini gelis\u0327tirmesine izin verin. \u2022 Resimler hakk\u0131nda konus\u0327un. C\u0327ok sevdig\u0306i bir resim u\u0308zerine konus\u0327urken ya da tuhaf detaylar\u0131n oldug\u0306u sayfalar\u0131 anlat\u0131rken, c\u0327ocug\u0306unuzun go\u0308rdu\u0308kleri hakk\u0131nda konus\u0327mas\u0131 dil yeteneg\u0306ini gelis\u0327tirecektir.\u2022 Yarat\u0131c\u0131l\u0131g\u0306\u0131n\u0131 destekleyin. Her bir etkinlikte c\u0327ocug\u0306unuza sorular sorabilirsiniz. &#8220;Ana karakter kim?\u201d ve &#8220;Resimde ne yap\u0131yor?\u201d gibi sorular onun farkl\u0131 ac\u0327\u0131lardan bakmas\u0131n\u0131 sag\u0306layacakt\u0131r.\u2022 Etkinlikleri c\u0327es\u0327itlendirin. C\u0327ocug\u0306unuz bir etkinlig\u0306i tamamlad\u0131ktan sonra, sayfay\u0131 temizleyip ona yes\u0327il olan objeleri daire ic\u0327ine almas\u0131n\u0131 so\u0308yleyebilirsiniz. Ya da farkl\u0131 bu\u0308yu\u0308klu\u0308kte olanlar\u0131 is\u0327aretlemesini isteyebilirsiniz. Bu s\u0327ekilde etkinlik say\u0131s\u0131n\u0131 artt\u0131rabilirsiniz.\u2022 Daha zor hale getirin. Hidden Pictures\u00aesayfalar\u0131nda, objelerin u\u0308zerini kapat\u0131p c\u0327ocug\u0306unuzun bulmas\u0131n\u0131 sag\u0306lay\u0131n.Ya\u015f Aral\u0131\u011f\u0131: 3-6 Ya\u015fSayfa Say\u0131s\u0131: Her kitap 28 sayfa\u0130\u00e7erik: 2 kitap, 1 yaz\u0131 kalemi<\/p>\n","protected":false},"excerpt":{"rendered":"<p>Ailelere Bir NotHighlightsTM kitaplar\u0131 c\u0327ocug\u0306unuzla bag\u0306 kurman\u0131n ve onlarla eg\u0306lenceli vakit gec\u0327irmenin en kolay yolu. Su\u0308rekli olarak puzzle yapmak c\u0327ocug\u0306unuzun mant\u0131k, kritik du\u0308s\u0327u\u0308nme, c\u0327\u0131kar\u0131m yapma ve<span class=\"excerpt-hellip\"> [\u2026]<\/span><\/p>\n","protected":false},"featured_media":0,"template":"","meta":{"_monsterinsights_skip_tracking":false,"_monsterinsights_sitenote_active":false,"_monsterinsights_sitenote_note":"","_monsterinsights_sitenote_category":0},"product_brand":[],"product_cat":[12913,12274],"product_tag":[],"class_list":{"0":"post-714635","1":"product","2":"type-product","3":"status-publish","5":"product_cat-3-6-yas-kitaplari","6":"product_cat-cocuk-ve-genclik-kitaplari","7":"pa_cilt-set","8":"pa_tur-kitap","9":"pa_yayinevi-dikkat-atolyesi-yayinlari","10":"pa_yazar-kolektif","12":"first","13":"instock","14":"sale","15":"shipping-taxable","16":"purchasable","17":"product-type-simple"},"_links":{"self":[{"href":"https:\/\/roveyayinevi.com.tr\/index.php\/wp-json\/wp\/v2\/product\/714635","targetHints":{"allow":["GET"]}}],"collection":[{"href":"https:\/\/roveyayinevi.com.tr\/index.php\/wp-json\/wp\/v2\/product"}],"about":[{"href":"https:\/\/roveyayinevi.com.tr\/index.php\/wp-json\/wp\/v2\/types\/product"}],"wp:attachment":[{"href":"https:\/\/roveyayinevi.com.tr\/index.php\/wp-json\/wp\/v2\/media?parent=714635"}],"wp:term":[{"taxonomy":"product_brand","embeddable":true,"href":"https:\/\/roveyayinevi.com.tr\/index.php\/wp-json\/wp\/v2\/product_brand?post=714635"},{"taxonomy":"product_cat","embeddable":true,"href":"https:\/\/roveyayinevi.com.tr\/index.php\/wp-json\/wp\/v2\/product_cat?post=714635"},{"taxonomy":"product_tag","embeddable":true,"href":"https:\/\/roveyayinevi.com.tr\/index.php\/wp-json\/wp\/v2\/product_tag?post=714635"}],"curies":[{"name":"wp","href":"https:\/\/api.w.org\/{rel}","templated":true}]}}