{"id":714632,"date":"2025-08-27T17:20:33","date_gmt":"2025-08-27T14:20:33","guid":{"rendered":"https:\/\/roveyayinevi.com.tr\/index.php\/urun\/cocuklar-icin-duygularla-iletisim-becerileri\/"},"modified":"2025-09-09T11:46:14","modified_gmt":"2025-09-09T08:46:14","slug":"cocuklar-icin-duygularla-iletisim-becerileri","status":"publish","type":"product","link":"https:\/\/roveyayinevi.com.tr\/index.php\/urun\/cocuklar-icin-duygularla-iletisim-becerileri\/","title":{"rendered":"\u00c7ocuklar \u0130\u00e7in Duygularla \u0130leti\u015fim Becerileri"},"content":{"rendered":"<p>Fazla hareketli \u00e7ocuklar, \u00e7ok inat\u00e7\u0131 \u00e7ocuklar, \u00e7ok i\u00e7e kapan\u0131k \u00e7ocuklar, zor g\u00fcnler ge\u00e7iren \u00e7ocuklar ve nicesi i\u00e7in pratik, e\u011flenceli \u00f6neriler ve etkinliklerle dopdolu bir kaynak.Bu kitap zorlu duygularla ve stresle ba\u015f etmeye \u00e7al\u0131\u015fan \u00e7ocuklara yard\u0131mc\u0131 olmak i\u00e7in haz\u0131rlanm\u0131\u015ft\u0131r. \u0130\u00e7eri\u011finde e\u011flenceli aktiviteler, oyunlar ve hikayeler vard\u0131r. \u0130lgi \u00e7ekici sanat aktivitelerinden oyunlara, kar\u015f\u0131l\u0131kl\u0131 etkile\u015fimi olan hik\u00e2yelerden dinlendirici meditasyonlara kadar t\u00fcm \u00e7al\u0131\u015fmalar \u00f6zenle yap\u0131land\u0131r\u0131lm\u0131\u015ft\u0131r. Her bir b\u00f6l\u00fcm, belirli becerileri geli\u015ftirmek veya davran\u0131\u015f sorunlar\u0131n\u0131 \u00e7\u00f6zmek amac\u0131yla olu\u015fturulmu\u015ftur. \u00c7ocu\u011fun ebeveynler ya da profesyonellerle yapt\u0131\u011f\u0131 konu\u015fmalardan \u00f6\u011frendiklerinin d\u0131\u015f\u0131nda, yeni ya\u015fam becerileri kazanmas\u0131 ve bunlar\u0131 devam ettirmesi i\u00e7in belirli hedefler \u00f6nerilmi\u015f ve pozitif ifadelere yer verilmi\u015ftir.Bu kitaptaki aktiviteler, 3-12 ya\u015f aras\u0131ndaki \u00e7ocuklar\u0131n ebeveynleri, \u00f6\u011fretmenleri, dan\u0131\u015fmanlar\u0131, oyun terapistleri, sosyal hizmet g\u00f6revlileri ve \u00e7ocuklarla \u00e7al\u0131\u015fan t\u00fcm profesyoneller i\u00e7in e\u011flence dolu, kolay ve yap\u0131c\u0131 proje fikirlerini geli\u015ftiren \u00f6zellikler ta\u015f\u0131yor. \u00c7ocuklar\u0131n kendi i\u00e7 dengelerini sa\u011flayabilmeleri ve duygular\u0131n\u0131 daha g\u00fc\u00e7l\u00fc bir \u015fekilde kavrayabilmeleri i\u00e7in e\u015fsiz bir kaynak.<\/p>\n","protected":false},"excerpt":{"rendered":"<p>Fazla hareketli \u00e7ocuklar, \u00e7ok inat\u00e7\u0131 \u00e7ocuklar, \u00e7ok i\u00e7e kapan\u0131k \u00e7ocuklar, zor g\u00fcnler ge\u00e7iren \u00e7ocuklar ve nicesi i\u00e7in pratik, e\u011flenceli \u00f6neriler ve etkinliklerle dopdolu bir kaynak.Bu kitap<span class=\"excerpt-hellip\"> [\u2026]<\/span><\/p>\n","protected":false},"featured_media":0,"template":"","meta":{"_monsterinsights_skip_tracking":false,"_monsterinsights_sitenote_active":false,"_monsterinsights_sitenote_note":"","_monsterinsights_sitenote_category":0},"product_brand":[],"product_cat":[12831,12324],"product_tag":[],"class_list":{"0":"post-714632","1":"product","2":"type-product","3":"status-publish","5":"product_cat-aile-ve-cocuk","6":"product_cat-sosyoloji","7":"pa_cilt-ciltsiz","8":"pa_tur-kitap","9":"pa_yayinevi-sola-kidz","10":"pa_yazar-bonnie-thomas","12":"first","13":"instock","14":"sale","15":"shipping-taxable","16":"purchasable","17":"product-type-simple"},"_links":{"self":[{"href":"https:\/\/roveyayinevi.com.tr\/index.php\/wp-json\/wp\/v2\/product\/714632","targetHints":{"allow":["GET"]}}],"collection":[{"href":"https:\/\/roveyayinevi.com.tr\/index.php\/wp-json\/wp\/v2\/product"}],"about":[{"href":"https:\/\/roveyayinevi.com.tr\/index.php\/wp-json\/wp\/v2\/types\/product"}],"wp:attachment":[{"href":"https:\/\/roveyayinevi.com.tr\/index.php\/wp-json\/wp\/v2\/media?parent=714632"}],"wp:term":[{"taxonomy":"product_brand","embeddable":true,"href":"https:\/\/roveyayinevi.com.tr\/index.php\/wp-json\/wp\/v2\/product_brand?post=714632"},{"taxonomy":"product_cat","embeddable":true,"href":"https:\/\/roveyayinevi.com.tr\/index.php\/wp-json\/wp\/v2\/product_cat?post=714632"},{"taxonomy":"product_tag","embeddable":true,"href":"https:\/\/roveyayinevi.com.tr\/index.php\/wp-json\/wp\/v2\/product_tag?post=714632"}],"curies":[{"name":"wp","href":"https:\/\/api.w.org\/{rel}","templated":true}]}}