{"id":714628,"date":"2025-08-27T17:20:30","date_gmt":"2025-08-27T14:20:30","guid":{"rendered":"https:\/\/roveyayinevi.com.tr\/index.php\/urun\/mutluluk-beyinde-baslar\/"},"modified":"2026-04-13T02:28:36","modified_gmt":"2026-04-12T23:28:36","slug":"mutluluk-beyinde-baslar","status":"publish","type":"product","link":"https:\/\/roveyayinevi.com.tr\/index.php\/urun\/mutluluk-beyinde-baslar\/","title":{"rendered":"Mutluluk Beyinde Ba\u015flar"},"content":{"rendered":"<p>\u201cHerkes bu kitab\u0131 okumaktan keyif alacak. Baz\u0131lar\u0131m\u0131z ke\u015fke onu biz yazabilseydik diyecek. Bu kadar e\u011flenerek, b\u00f6yle \u00f6nemli bir konuda \u00e7ok \u015fey \u00f6\u011frenme f\u0131rsat\u0131 elinize nadiren ge\u00e7er.\u201d &#8211; Daniel Kahneman, 2002 Nobel Ekonomi \u00d6d\u00fcl\u00fc sahibi   \u201cE\u011fer insanl\u0131k alemine ili\u015fkin az\u0131c\u0131k bir merak\u0131n\u0131z varsa, bu kitab\u0131 okuman\u0131z gerek. Bana g\u00fcvenin.\u201d \u2013 Malcolm Gladwell, Blink\u2019in yazar\u0131   \u201cSizi neyin mutlu etti\u011fini bildi\u011finizi mi san\u0131yorsunuz? Kesinlikle harika olan bu kitap zihnin \u00e7al\u0131\u015fma tarz\u0131yla ilgili en derin inan\u00e7lar\u0131n\u0131z\u0131 tuzla buz edecek.\u201d \u2013 Steven D. Levitt, Freakonomics\u2019\u0131n Yazar\u0131   Anla\u015f\u0131lmas\u0131 kolay olan bu muhte\u015fem ve esprit\u00fcel kitapta Harvard\u2019l\u0131 \u00fcnl\u00fc psikolog Daniel Gilbert, hayal g\u00fcc\u00fcn\u00fcn zaaflar\u0131n\u0131 ve \u00f6ng\u00f6r\u00fcn\u00fcn yan\u0131lsamalar\u0131n\u0131 anlat\u0131yor. S\u00f6z\u00fc edilen zaaf ve yan\u0131lsamalar, yar\u0131nlar\u0131m\u0131z\u0131 yanl\u0131\u015f yorumlamam\u0131za, memnuniyetlerimizi yanl\u0131\u015f tahmin etmemize neden oluyor. Psikoloji, bili\u015fsel n\u00f6robilim, felsefe ve davran\u0131\u015fsal ekonomideki en yeni bilimsel ara\u015ft\u0131rmalar\u0131 canl\u0131 bir \u015fekilde g\u00f6zler \u00f6n\u00fcne seren Gilbert, insana \u00f6zg\u00fc olan gelece\u011fi hayal etme becerisi ve oraya ula\u015ft\u0131\u011f\u0131m\u0131zda ondan ne kadar ho\u015fnut olaca\u011f\u0131m\u0131z\u0131 tahmin etme kapasitemiz hakk\u0131nda bilim insanlar\u0131n\u0131n neler ke\u015ffetti\u011fini a\u00e7\u0131\u011fa \u00e7\u0131kar\u0131yor. Keskin i\u00e7g\u00f6r\u00fcs\u00fc ve \u0131\u015f\u0131lt\u0131l\u0131 anlat\u0131m\u0131yla, d\u00f6n\u00fc\u015fmekte oldu\u011fumuz ki\u015filerin y\u00fcreklerine ve zihinlerine ili\u015fkin neden bu kadar az \u015fey bildi\u011fimizi a\u00e7\u0131kl\u0131yor.<\/p>\n","protected":false},"excerpt":{"rendered":"<p>\u201cHerkes bu kitab\u0131 okumaktan keyif alacak. Baz\u0131lar\u0131m\u0131z ke\u015fke onu biz yazabilseydik diyecek. Bu kadar e\u011flenerek, b\u00f6yle \u00f6nemli bir konuda \u00e7ok \u015fey \u00f6\u011frenme f\u0131rsat\u0131 elinize nadiren ge\u00e7er.\u201d<span class=\"excerpt-hellip\"> [\u2026]<\/span><\/p>\n","protected":false},"featured_media":0,"template":"","meta":{"_monsterinsights_skip_tracking":false,"_monsterinsights_sitenote_active":false,"_monsterinsights_sitenote_note":"","_monsterinsights_sitenote_category":0},"product_brand":[],"product_cat":[12364,12376],"product_tag":[],"class_list":{"0":"post-714628","1":"product","2":"type-product","3":"status-publish","5":"product_cat-genel-konular","6":"product_cat-kisisel-gelisim","7":"pa_cilt-ciltsiz","8":"pa_tur-kitap","9":"pa_yayinevi-ketebe-yayinlari","10":"pa_yazar-daniel-gilbert","12":"first","13":"instock","14":"sale","15":"shipping-taxable","16":"purchasable","17":"product-type-simple"},"_links":{"self":[{"href":"https:\/\/roveyayinevi.com.tr\/index.php\/wp-json\/wp\/v2\/product\/714628","targetHints":{"allow":["GET"]}}],"collection":[{"href":"https:\/\/roveyayinevi.com.tr\/index.php\/wp-json\/wp\/v2\/product"}],"about":[{"href":"https:\/\/roveyayinevi.com.tr\/index.php\/wp-json\/wp\/v2\/types\/product"}],"wp:attachment":[{"href":"https:\/\/roveyayinevi.com.tr\/index.php\/wp-json\/wp\/v2\/media?parent=714628"}],"wp:term":[{"taxonomy":"product_brand","embeddable":true,"href":"https:\/\/roveyayinevi.com.tr\/index.php\/wp-json\/wp\/v2\/product_brand?post=714628"},{"taxonomy":"product_cat","embeddable":true,"href":"https:\/\/roveyayinevi.com.tr\/index.php\/wp-json\/wp\/v2\/product_cat?post=714628"},{"taxonomy":"product_tag","embeddable":true,"href":"https:\/\/roveyayinevi.com.tr\/index.php\/wp-json\/wp\/v2\/product_tag?post=714628"}],"curies":[{"name":"wp","href":"https:\/\/api.w.org\/{rel}","templated":true}]}}