{"id":714610,"date":"2025-08-27T17:20:18","date_gmt":"2025-08-27T14:20:18","guid":{"rendered":"https:\/\/roveyayinevi.com.tr\/index.php\/urun\/izmirin-incisi\/"},"modified":"2026-04-16T02:22:54","modified_gmt":"2026-04-15T23:22:54","slug":"izmirin-incisi","status":"publish","type":"product","link":"https:\/\/roveyayinevi.com.tr\/index.php\/urun\/izmirin-incisi\/","title":{"rendered":"\u0130zmir&#8217;in \u0130ncisi"},"content":{"rendered":"<p>15 May\u0131s 1919 g\u00fcn\u00fc \u0130zmir i\u015fgal edilmi\u015f, Gazeteci Hasan Tahsin\u2019in att\u0131\u011f\u0131 ilk kur\u015funla bir ulusun i\u015fgale kar\u015f\u0131 direni\u015fi ba\u015flam\u0131\u015f ve Eyl\u00fcl 1922\u2019de \u0130zmir\u2019in kurtulu\u015fuyla birlikte \u00fclke d\u00fc\u015fmanlardan temizlenmi\u015fti. Kurtulu\u015f Sava\u015f\u0131 \u00fc\u00e7 y\u0131l s\u00fcrm\u00fc\u015f, 9 Eyl\u00fcl g\u00fcn\u00fc, d\u00fc\u015fman \u0130zmir\u2019de denize d\u00f6k\u00fclm\u00fc\u015ft\u00fc. \u0130lk direni\u015f ve kurtulu\u015f ne tesad\u00fcft\u00fcr ki ayn\u0131 kentte ger\u00e7ekle\u015fmi\u015fti.Z\u00fchal ve Y\u00fccel \u0130zmirli, \u0130zmir\u2019in \u0130ncisi\u2019nde bizi Kurtulu\u015f Sava\u015f\u0131 y\u0131llar\u0131na g\u00f6t\u00fcr\u00fcyor. Kar\u015f\u0131yakal\u0131lar\u0131n birlik ve beraberlik i\u00e7inde verdi\u011fi e\u011fitim m\u00fccadelesi sizleri duyguland\u0131racak; okul binalar\u0131n\u0131 dolduran \u00e7ocuklar\u0131n an\u0131lar\u0131n\u0131 dinlerken o c\u0131v\u0131lt\u0131lar\u0131n i\u00e7ine dal\u0131p onlardan biri olacak; kendini, \u00fclkesinin \u00e7ocuklar\u0131na adam\u0131\u015f \u00fcnl\u00fc \u00f6\u011fretmenlerimizin \u00e7al\u0131\u015fma azmini ve yurdu cahillikten kurtarma \u00e7abalar\u0131n\u0131 okurken onlara daha da sayg\u0131 duyacaks\u0131n\u0131z.<\/p>\n","protected":false},"excerpt":{"rendered":"<p>15 May\u0131s 1919 g\u00fcn\u00fc \u0130zmir i\u015fgal edilmi\u015f, Gazeteci Hasan Tahsin\u2019in att\u0131\u011f\u0131 ilk kur\u015funla bir ulusun i\u015fgale kar\u015f\u0131 direni\u015fi ba\u015flam\u0131\u015f ve Eyl\u00fcl 1922\u2019de \u0130zmir\u2019in kurtulu\u015fuyla birlikte \u00fclke<span class=\"excerpt-hellip\"> [\u2026]<\/span><\/p>\n","protected":false},"featured_media":0,"template":"","meta":{"_monsterinsights_skip_tracking":false,"_monsterinsights_sitenote_active":false,"_monsterinsights_sitenote_note":"","_monsterinsights_sitenote_category":0},"product_brand":[],"product_cat":[12291,12711],"product_tag":[],"class_list":{"0":"post-714610","1":"product","2":"type-product","3":"status-publish","5":"product_cat-edebiyat","6":"product_cat-roman-oyku","7":"pa_cilt-ciltsiz","8":"pa_tur-kitap","9":"pa_yayinevi-cinar-yayinlari","10":"pa_yazar-zuhal-izmirli-yucel-izmirli","12":"first","13":"instock","14":"sale","15":"shipping-taxable","16":"purchasable","17":"product-type-simple"},"_links":{"self":[{"href":"https:\/\/roveyayinevi.com.tr\/index.php\/wp-json\/wp\/v2\/product\/714610","targetHints":{"allow":["GET"]}}],"collection":[{"href":"https:\/\/roveyayinevi.com.tr\/index.php\/wp-json\/wp\/v2\/product"}],"about":[{"href":"https:\/\/roveyayinevi.com.tr\/index.php\/wp-json\/wp\/v2\/types\/product"}],"wp:attachment":[{"href":"https:\/\/roveyayinevi.com.tr\/index.php\/wp-json\/wp\/v2\/media?parent=714610"}],"wp:term":[{"taxonomy":"product_brand","embeddable":true,"href":"https:\/\/roveyayinevi.com.tr\/index.php\/wp-json\/wp\/v2\/product_brand?post=714610"},{"taxonomy":"product_cat","embeddable":true,"href":"https:\/\/roveyayinevi.com.tr\/index.php\/wp-json\/wp\/v2\/product_cat?post=714610"},{"taxonomy":"product_tag","embeddable":true,"href":"https:\/\/roveyayinevi.com.tr\/index.php\/wp-json\/wp\/v2\/product_tag?post=714610"}],"curies":[{"name":"wp","href":"https:\/\/api.w.org\/{rel}","templated":true}]}}