{"id":714593,"date":"2025-08-27T17:20:06","date_gmt":"2025-08-27T14:20:06","guid":{"rendered":"https:\/\/roveyayinevi.com.tr\/index.php\/urun\/mo-mo-salah-mohamed-salah\/"},"modified":"2026-04-16T02:22:53","modified_gmt":"2026-04-15T23:22:53","slug":"mo-mo-salah-mohamed-salah","status":"publish","type":"product","link":"https:\/\/roveyayinevi.com.tr\/index.php\/urun\/mo-mo-salah-mohamed-salah\/","title":{"rendered":"Mo, Mo Salah, Mohamed Salah"},"content":{"rendered":"<p>Nas\u0131l oldu da, k\u0131v\u0131rc\u0131k sa\u00e7l\u0131 M\u0131s\u0131rl\u0131 bir gen\u00e7, bamba\u015fka bir k\u0131tadan gelip ad\u0131n\u0131 zirveye alt\u0131n harflerle yazd\u0131rd\u0131? \u0130\u015fte bu kitapta Mohamed Salah\u2019\u0131n ba\u015far\u0131 basamaklar\u0131n\u0131, ya\u015fad\u0131\u011f\u0131 b\u00fct\u00fcn zorluklara ra\u011fmen nas\u0131l bir bir t\u0131rmand\u0131\u011f\u0131n\u0131 okurken hayat\u0131yla ilgili \u201cNas\u0131l olur?\u201d dedirten ac\u0131 ger\u00e7ekleri de \u00f6\u011freneceksiniz.H\u0131z\u0131, tekni\u011fi ve alt\u0131n kalbiyle futbol severlerin g\u00f6nl\u00fcnde taht kuran Mohamed Salah, bir insan\u0131n istedikten sonra her \u015feyi ba\u015farabilece\u011finin en g\u00fczel kan\u0131t\u0131. Onun hayat\u0131n\u0131 anlatan bu kitap da hayallerini ger\u00e7ekle\u015ftirmek isteyenlere ilham kayna\u011f\u0131 olacak.<\/p>\n","protected":false},"excerpt":{"rendered":"<p>Nas\u0131l oldu da, k\u0131v\u0131rc\u0131k sa\u00e7l\u0131 M\u0131s\u0131rl\u0131 bir gen\u00e7, bamba\u015fka bir k\u0131tadan gelip ad\u0131n\u0131 zirveye alt\u0131n harflerle yazd\u0131rd\u0131? \u0130\u015fte bu kitapta Mohamed Salah\u2019\u0131n ba\u015far\u0131 basamaklar\u0131n\u0131, ya\u015fad\u0131\u011f\u0131 b\u00fct\u00fcn<span class=\"excerpt-hellip\"> [\u2026]<\/span><\/p>\n","protected":false},"featured_media":0,"template":"","meta":{"_monsterinsights_skip_tracking":false,"_monsterinsights_sitenote_active":false,"_monsterinsights_sitenote_note":"","_monsterinsights_sitenote_category":0},"product_brand":[],"product_cat":[15563,15564],"product_tag":[],"class_list":{"0":"post-714593","1":"product","2":"type-product","3":"status-publish","5":"product_cat-hobi","6":"product_cat-spor","7":"pa_cilt-ciltsiz","8":"pa_tur-kitap","9":"pa_yayinevi-kirmizi-kedi-yayinevi","10":"pa_yazar-ugur-onver","12":"first","13":"instock","14":"sale","15":"shipping-taxable","16":"purchasable","17":"product-type-simple"},"_links":{"self":[{"href":"https:\/\/roveyayinevi.com.tr\/index.php\/wp-json\/wp\/v2\/product\/714593","targetHints":{"allow":["GET"]}}],"collection":[{"href":"https:\/\/roveyayinevi.com.tr\/index.php\/wp-json\/wp\/v2\/product"}],"about":[{"href":"https:\/\/roveyayinevi.com.tr\/index.php\/wp-json\/wp\/v2\/types\/product"}],"wp:attachment":[{"href":"https:\/\/roveyayinevi.com.tr\/index.php\/wp-json\/wp\/v2\/media?parent=714593"}],"wp:term":[{"taxonomy":"product_brand","embeddable":true,"href":"https:\/\/roveyayinevi.com.tr\/index.php\/wp-json\/wp\/v2\/product_brand?post=714593"},{"taxonomy":"product_cat","embeddable":true,"href":"https:\/\/roveyayinevi.com.tr\/index.php\/wp-json\/wp\/v2\/product_cat?post=714593"},{"taxonomy":"product_tag","embeddable":true,"href":"https:\/\/roveyayinevi.com.tr\/index.php\/wp-json\/wp\/v2\/product_tag?post=714593"}],"curies":[{"name":"wp","href":"https:\/\/api.w.org\/{rel}","templated":true}]}}