{"id":714582,"date":"2025-08-27T17:19:59","date_gmt":"2025-08-27T14:19:59","guid":{"rendered":"https:\/\/roveyayinevi.com.tr\/index.php\/urun\/bir-yurek-satildi\/"},"modified":"2026-04-16T02:22:53","modified_gmt":"2026-04-15T23:22:53","slug":"bir-yurek-satildi","status":"publish","type":"product","link":"https:\/\/roveyayinevi.com.tr\/index.php\/urun\/bir-yurek-satildi\/","title":{"rendered":"Bir Y\u00fcrek Sat\u0131ld\u0131"},"content":{"rendered":"<p>\u201cTelevizyona da aktar\u0131lan bu eser, insan\u0131 kendi \u00e7\u0131kmaz\u0131 i\u00e7erisinde yakalam\u0131\u015f, onun zaaflar\u0131n\u0131, zay\u0131fl\u0131klar\u0131n\u0131 ve \u00e7eli\u015fkilerini ortaya koyma gayretini ta\u015f\u0131m\u0131\u015ft\u0131r. Eserde psikanalist irdeleme yap\u0131lmakta, Bat\u0131 tiyatrolar\u0131nda da s\u0131k\u00e7a g\u00f6rd\u00fc\u011f\u00fcm\u00fcz gibi, insan\u0131n i\u00e7 ve d\u0131\u015f d\u00fcnyas\u0131 aras\u0131ndaki \u00e7eli\u015fkilere farkl\u0131 bir pencereden bak\u0131lmaktad\u0131r. De\u011fer yarg\u0131lar\u0131n\u0131n nas\u0131l de\u011fi\u015fti\u011fini, de\u011fi\u015fen de\u011fer yarg\u0131lar\u0131 kar\u015f\u0131s\u0131nda insan\u0131n psikolojik saplant\u0131lar\u0131yla hayattan beklentilerinin hangi boyutlara ula\u015ft\u0131\u011f\u0131n\u0131 eserde g\u00f6rmek m\u00fcmk\u00fcnd\u00fcr. Eserde, madde ve mana kar\u015f\u0131s\u0131nda; cemiyetle kendi ruh d\u00fcnyas\u0131 aras\u0131nda \u00e7at\u0131\u015fma i\u00e7erisinde bulunan insan\u0131n buhranlar\u0131na dikkat \u00e7ekilir. Kendini sorgulama gere\u011fi duyan insan, i\u00e7inde hi\u00e7bir \u015feyin olmad\u0131\u011f\u0131 y\u00fcre\u011finden kurtulmak ister. Mezada d\u00fc\u015fen bir y\u00fcrek, al\u0131c\u0131s\u0131 i\u00e7in k\u0131ymetlidir. Sat\u0131c\u0131s\u0131 i\u00e7in ise, \u00e7ok fazla bir \u015fey ifade etmez. Zaten onu kendisi i\u00e7in bir fazlal\u0131k veya gereksiz bir varl\u0131k olarak g\u00f6rd\u00fc\u011f\u00fc i\u00e7in b\u00f6yle bir yola ba\u015fvurmu\u015ftur. [&#8230;] \u0130\u015f\u0131nsu\u2019nun tiyatro eserlerinde dili kullanma yeterlili\u011finin yan\u0131nda, tiyatro tekniklerini ba\u015far\u0131yla kullanmas\u0131 ve ele ald\u0131\u011f\u0131 konular ile, al\u0131\u015f\u0131lm\u0131\u015f\u0131n d\u0131\u015f\u0131na \u00e7\u0131karak, orijinaliteyi yakalad\u0131\u011f\u0131n\u0131 belirtmeliyiz.\u201d (Dr. G\u0131yasettin Ayta\u015f)<\/p>\n","protected":false},"excerpt":{"rendered":"<p>\u201cTelevizyona da aktar\u0131lan bu eser, insan\u0131 kendi \u00e7\u0131kmaz\u0131 i\u00e7erisinde yakalam\u0131\u015f, onun zaaflar\u0131n\u0131, zay\u0131fl\u0131klar\u0131n\u0131 ve \u00e7eli\u015fkilerini ortaya koyma gayretini ta\u015f\u0131m\u0131\u015ft\u0131r. Eserde psikanalist irdeleme yap\u0131lmakta, Bat\u0131 tiyatrolar\u0131nda da<span class=\"excerpt-hellip\"> [\u2026]<\/span><\/p>\n","protected":false},"featured_media":0,"template":"","meta":{"_monsterinsights_skip_tracking":false,"_monsterinsights_sitenote_active":false,"_monsterinsights_sitenote_note":"","_monsterinsights_sitenote_category":0},"product_brand":[],"product_cat":[12291,15566],"product_tag":[],"class_list":{"0":"post-714582","1":"product","2":"type-product","3":"status-publish","5":"product_cat-edebiyat","6":"product_cat-oyun","7":"pa_cilt-ciltsiz","8":"pa_tur-kitap","9":"pa_yayinevi-bilge-kultur-sanat","10":"pa_yazar-emine-isinsu","12":"first","13":"instock","14":"sale","15":"shipping-taxable","16":"purchasable","17":"product-type-simple"},"_links":{"self":[{"href":"https:\/\/roveyayinevi.com.tr\/index.php\/wp-json\/wp\/v2\/product\/714582","targetHints":{"allow":["GET"]}}],"collection":[{"href":"https:\/\/roveyayinevi.com.tr\/index.php\/wp-json\/wp\/v2\/product"}],"about":[{"href":"https:\/\/roveyayinevi.com.tr\/index.php\/wp-json\/wp\/v2\/types\/product"}],"wp:attachment":[{"href":"https:\/\/roveyayinevi.com.tr\/index.php\/wp-json\/wp\/v2\/media?parent=714582"}],"wp:term":[{"taxonomy":"product_brand","embeddable":true,"href":"https:\/\/roveyayinevi.com.tr\/index.php\/wp-json\/wp\/v2\/product_brand?post=714582"},{"taxonomy":"product_cat","embeddable":true,"href":"https:\/\/roveyayinevi.com.tr\/index.php\/wp-json\/wp\/v2\/product_cat?post=714582"},{"taxonomy":"product_tag","embeddable":true,"href":"https:\/\/roveyayinevi.com.tr\/index.php\/wp-json\/wp\/v2\/product_tag?post=714582"}],"curies":[{"name":"wp","href":"https:\/\/api.w.org\/{rel}","templated":true}]}}