{"id":714546,"date":"2025-08-27T17:19:35","date_gmt":"2025-08-27T14:19:35","guid":{"rendered":"https:\/\/roveyayinevi.com.tr\/index.php\/urun\/olum-fermani\/"},"modified":"2026-04-16T02:22:52","modified_gmt":"2026-04-15T23:22:52","slug":"olum-fermani","status":"publish","type":"product","link":"https:\/\/roveyayinevi.com.tr\/index.php\/urun\/olum-fermani\/","title":{"rendered":"\u00d6l\u00fcm Ferman\u0131"},"content":{"rendered":"<p>\u201cHer karanl\u0131k kendini sonland\u0131racak ayd\u0131nl\u0131\u011f\u0131n tohumlar\u0131n\u0131 i\u00e7inde ta\u015f\u0131r.\u201d Dante AlighieriViyana\u2019da bir ormanda gece vakti a\u011fa\u00e7lar\u0131n aras\u0131nda beliren bir sil\u00fcet hayal \u00fcr\u00fcn\u00fc gibi g\u00f6r\u00fcn\u00fcyor; bulan\u0131k ve silik. Ama olduk\u00e7a ger\u00e7ek. Zay\u0131f, peri\u015fan ve tek kelime edemeyecek kadar travmatize olmu\u015f k\u00fc\u00e7\u00fck bir k\u0131z\u2026 Ad\u0131 Clara. Ortadan kaybolmas\u0131n\u0131n \u00fczerinden koca bir y\u0131l ge\u00e7mi\u015fti ve art\u0131k \u00f6ld\u00fc\u011f\u00fc varsay\u0131l\u0131yordu. Aksine hayattayd\u0131 ama ya\u015fad\u0131klar\u0131 hakk\u0131nda tek kelime etmiyordu. \u0130lk bak\u0131\u015fta \u015fiddete maruz kald\u0131\u011f\u0131na dair herhangi bir iz de yoktu\u2026 Ta ki dedektifler insan\u0131n k\u00e2buslar\u0131nda dahi g\u00f6rmek istemeyece\u011fi o \u015feyi g\u00f6rene dek: Biri k\u0131z\u0131n s\u0131rt\u0131na Dante\u2019nin Cehennem\u2019inden al\u0131nan bir sahneyi en ince ayr\u0131nt\u0131s\u0131na kadar tasvir etmi\u015fti, hem de d\u00f6vme olarak. Bu arada Wiesbaden, Almanya\u2019da, gen\u00e7 ve h\u0131rsl\u0131 bir dedektif aday\u0131 olan Sabine Nemez, profil uzman\u0131 Maarten S. Sneijder\u2019le birlikte birbirleriyle tamamen alakas\u0131z g\u00f6r\u00fcnen \u00fc\u00e7 kanl\u0131 cinayet vakas\u0131n\u0131 incelemektedir. Zamanla bu vakalar\u0131n aras\u0131nda bir ba\u011flant\u0131 olabilece\u011fini ke\u015ffederler. Fakat ara\u015ft\u0131rmalar\u0131n\u0131n sonucunda, kaybolduktan bir y\u0131l sonra ormanda ortaya \u00e7\u0131kan ve konu\u015famayan gizemli k\u0131z\u0131n tan\u0131kl\u0131\u011f\u0131na ihtiya\u00e7lar\u0131 oldu\u011fu anla\u015f\u0131l\u0131r. \u00c7\u00fcnk\u00fc katili g\u00f6ren tek ki\u015fi bu k\u00fc\u00e7\u00fck k\u0131zd\u0131r\u2026\u201cAndreas Gruber\u2019in kitaplar\u0131n\u0131n atmosferi \u00f6yle hayranl\u0131k uyand\u0131r\u0131c\u0131 ki fark\u0131na bile varmadan kendimi \u00f6yk\u00fcn\u00fcn i\u00e7inde s\u00fcr\u00fcklenirken buluyorum.\u201d Sebastian Fitzek \u201cAndreas Gruber\u2019in yaratt\u0131\u011f\u0131 Maarten S. Sneijder ve Sabine Nemez karakterleri o kadar iyi bir ikili ki insan s\u00fcrekli onlar\u0131n hik\u00e2yelerine e\u015flik etmek istiyor.\u201d Krimi-couch.de \u201c\u0130nsan\u0131n karanl\u0131k y\u00f6n\u00fcn\u00fc g\u00f6steren muhte\u015fem bir gerilim.\u201d  ORF, \u201cKultur nach 6\u201d \u201cUluslararas\u0131 d\u00fczeyde bir gerilim yazar\u0131.\u201d Kronen Zeitung\u201cBenim eserim bu d\u00fcnyadan de\u011fil. Ben bu s\u0131n\u0131r\u0131 a\u015ft\u0131m, karanl\u0131\u011fa bir bak\u0131\u015f att\u0131m, ruhumu ilhama a\u00e7t\u0131m ve akla s\u0131\u011fmaz bir enkarnasyon meydana \u00e7\u0131kard\u0131m. Onun arac\u0131l\u0131\u011f\u0131yla \u00f6l\u00fcms\u00fcz oldum. Ben cehennemin kara tanr\u0131s\u0131y\u0131m. Kendimden nas\u0131l ku\u015fkulanabilirim ki?\u201d 48 Saat&#8217;le ba\u015flad\u0131\u011f\u0131n\u0131z heyecan dolu yolculuk \u00f6l\u00fcm ferman\u0131&#8217;yla devam ediyor.<\/p>\n","protected":false},"excerpt":{"rendered":"<p>\u201cHer karanl\u0131k kendini sonland\u0131racak ayd\u0131nl\u0131\u011f\u0131n tohumlar\u0131n\u0131 i\u00e7inde ta\u015f\u0131r.\u201d Dante AlighieriViyana\u2019da bir ormanda gece vakti a\u011fa\u00e7lar\u0131n aras\u0131nda beliren bir sil\u00fcet hayal \u00fcr\u00fcn\u00fc gibi g\u00f6r\u00fcn\u00fcyor; bulan\u0131k ve silik.<span class=\"excerpt-hellip\"> [\u2026]<\/span><\/p>\n","protected":false},"featured_media":0,"template":"","meta":{"_monsterinsights_skip_tracking":false,"_monsterinsights_sitenote_active":false,"_monsterinsights_sitenote_note":"","_monsterinsights_sitenote_category":0},"product_brand":[],"product_cat":[12291,17033],"product_tag":[],"class_list":{"0":"post-714546","1":"product","2":"type-product","3":"status-publish","5":"product_cat-edebiyat","6":"product_cat-korku-gerilim","7":"pa_cilt-ciltsiz","8":"pa_tur-kitap","9":"pa_yayinevi-pegasus-yayinlari","10":"pa_yazar-andreas-gruber","12":"first","13":"instock","14":"sale","15":"shipping-taxable","16":"purchasable","17":"product-type-simple"},"_links":{"self":[{"href":"https:\/\/roveyayinevi.com.tr\/index.php\/wp-json\/wp\/v2\/product\/714546","targetHints":{"allow":["GET"]}}],"collection":[{"href":"https:\/\/roveyayinevi.com.tr\/index.php\/wp-json\/wp\/v2\/product"}],"about":[{"href":"https:\/\/roveyayinevi.com.tr\/index.php\/wp-json\/wp\/v2\/types\/product"}],"wp:attachment":[{"href":"https:\/\/roveyayinevi.com.tr\/index.php\/wp-json\/wp\/v2\/media?parent=714546"}],"wp:term":[{"taxonomy":"product_brand","embeddable":true,"href":"https:\/\/roveyayinevi.com.tr\/index.php\/wp-json\/wp\/v2\/product_brand?post=714546"},{"taxonomy":"product_cat","embeddable":true,"href":"https:\/\/roveyayinevi.com.tr\/index.php\/wp-json\/wp\/v2\/product_cat?post=714546"},{"taxonomy":"product_tag","embeddable":true,"href":"https:\/\/roveyayinevi.com.tr\/index.php\/wp-json\/wp\/v2\/product_tag?post=714546"}],"curies":[{"name":"wp","href":"https:\/\/api.w.org\/{rel}","templated":true}]}}