{"id":714539,"date":"2025-08-27T17:19:31","date_gmt":"2025-08-27T14:19:31","guid":{"rendered":"https:\/\/roveyayinevi.com.tr\/index.php\/urun\/duzensiz-goc-yonetiminde-mulki-idare-amirleri\/"},"modified":"2026-04-16T02:22:52","modified_gmt":"2026-04-15T23:22:52","slug":"duzensiz-goc-yonetiminde-mulki-idare-amirleri","status":"publish","type":"product","link":"https:\/\/roveyayinevi.com.tr\/index.php\/urun\/duzensiz-goc-yonetiminde-mulki-idare-amirleri\/","title":{"rendered":"D\u00fczensiz G\u00f6\u00e7 Y\u00f6netiminde M\u00fclki idare Amirleri"},"content":{"rendered":"<p>Bu \u00e7al\u0131\u015fmada Devletin \u00fclke topraklar\u0131 \u00fczerinde te\u015fkilatlanmas\u0131n\u0131n omurgas\u0131n\u0131 olu\u015fturan m\u00fclki idare sistemi i\u00e7inde  \u00f6nemli i\u015flevler \u00fcstlenen m\u00fclki idare amirlerinin bilgi  birikim ve deneyimleriyle, \u00fclkemize y\u00f6nelik yo\u011fun g\u00f6\u00e7 dalgas\u0131  kar\u015f\u0131s\u0131n da, ge\u00e7ici koruma alt\u0131ndaki Suriyelilere y\u00f6nelik yap\u0131lan faaliyetler ba\u015fta olmak \u00fczere, d\u00fczensiz g\u00f6\u00e7 y\u00f6netiminde yapm\u0131\u015f olduklar\u0131 faaliyetler  ele al\u0131nmaktad\u0131r. <\/p>\n","protected":false},"excerpt":{"rendered":"<p>Bu \u00e7al\u0131\u015fmada Devletin \u00fclke topraklar\u0131 \u00fczerinde te\u015fkilatlanmas\u0131n\u0131n omurgas\u0131n\u0131 olu\u015fturan m\u00fclki idare sistemi i\u00e7inde \u00f6nemli i\u015flevler \u00fcstlenen m\u00fclki idare amirlerinin bilgi birikim ve deneyimleriyle, \u00fclkemize y\u00f6nelik yo\u011fun<span class=\"excerpt-hellip\"> [\u2026]<\/span><\/p>\n","protected":false},"featured_media":0,"template":"","meta":{"_monsterinsights_skip_tracking":false,"_monsterinsights_sitenote_active":false,"_monsterinsights_sitenote_note":"","_monsterinsights_sitenote_category":0},"product_brand":[],"product_cat":[13590,12337],"product_tag":[],"class_list":{"0":"post-714539","1":"product","2":"type-product","3":"status-publish","5":"product_cat-arastirma-inceleme-politika-siyaset","6":"product_cat-politika-siyaset","7":"pa_cilt-ciltsiz","8":"pa_tur-kitap","9":"pa_yayinevi-tiav","10":"pa_yazar-doc-dr-selim-capar-mehmet-koca","12":"first","13":"instock","14":"sale","15":"shipping-taxable","16":"purchasable","17":"product-type-simple"},"_links":{"self":[{"href":"https:\/\/roveyayinevi.com.tr\/index.php\/wp-json\/wp\/v2\/product\/714539","targetHints":{"allow":["GET"]}}],"collection":[{"href":"https:\/\/roveyayinevi.com.tr\/index.php\/wp-json\/wp\/v2\/product"}],"about":[{"href":"https:\/\/roveyayinevi.com.tr\/index.php\/wp-json\/wp\/v2\/types\/product"}],"wp:attachment":[{"href":"https:\/\/roveyayinevi.com.tr\/index.php\/wp-json\/wp\/v2\/media?parent=714539"}],"wp:term":[{"taxonomy":"product_brand","embeddable":true,"href":"https:\/\/roveyayinevi.com.tr\/index.php\/wp-json\/wp\/v2\/product_brand?post=714539"},{"taxonomy":"product_cat","embeddable":true,"href":"https:\/\/roveyayinevi.com.tr\/index.php\/wp-json\/wp\/v2\/product_cat?post=714539"},{"taxonomy":"product_tag","embeddable":true,"href":"https:\/\/roveyayinevi.com.tr\/index.php\/wp-json\/wp\/v2\/product_tag?post=714539"}],"curies":[{"name":"wp","href":"https:\/\/api.w.org\/{rel}","templated":true}]}}