{"id":714537,"date":"2025-08-27T17:19:30","date_gmt":"2025-08-27T14:19:30","guid":{"rendered":"https:\/\/roveyayinevi.com.tr\/index.php\/urun\/kriz-ve-acil-durum-yonetimi\/"},"modified":"2026-04-16T02:22:52","modified_gmt":"2026-04-15T23:22:52","slug":"kriz-ve-acil-durum-yonetimi","status":"publish","type":"product","link":"https:\/\/roveyayinevi.com.tr\/index.php\/urun\/kriz-ve-acil-durum-yonetimi\/","title":{"rendered":"Kriz ve Acil Durum Y\u00f6netimi"},"content":{"rendered":"<p>Acil durum y\u00f6netiminin, acil durum \u00f6ncesi, s\u0131ras\u0131 ve sonras\u0131 bi\u00e7iminde temel a\u015famalar\u0131 bulunmaktad\u0131r. Bu a\u015famalarla ba\u011flant\u0131l\u0131 olarak b\u00fct\u00fcnle\u015fik y\u00f6netim anlay\u0131\u015f\u0131, risk y\u00f6netimi, planlama, m\u00fcdahale, iyile\u015ftirme ve rehabilitasyon gibi faaliyetler \u00f6ne \u00e7\u0131kmaktad\u0131r. Bu konular\u0131n ele al\u0131nmas\u0131 amac\u0131yla \u0130\u00e7i\u015fleri Bakanl\u0131\u011f\u0131 GAMER ile E\u011fitim Dairesi Ba\u015fkanl\u0131\u011f\u0131 i\u015fbirli\u011fi i\u00e7inde Antalya\u2019da 22-27 Aral\u0131k 2017 tarihleri aras\u0131nda \u201cKriz\/Acil Durum Y\u00f6netimi Hizmet \u0130\u00e7i E\u011fitim Semineri\u201d ger\u00e7ekle\u015ftirilmi\u015ftir. Her ilden vali yard\u0131mc\u0131s\u0131 ile il GAMER m\u00fcd\u00fcr\u00fcn\u00fcn davet edildi\u011fi bu seminere, konferans\u00e7\u0131 olarak akademisyenler ve konuyla ilgili kamu kurum ve kurulu\u015flar\u0131ndan temsilciler kat\u0131lm\u0131\u015ft\u0131r. Asl\u0131nda teori ile prati\u011fin bulu\u015fmas\u0131n\u0131n ger\u00e7ekle\u015fti\u011fi bir toplant\u0131 yap\u0131lm\u0131\u015ft\u0131r. Soru ve cevaplarla \u201cetkile\u015fim\u201d ortam\u0131n\u0131n h\u00e2kim oldu\u011fu bu seminerde yap\u0131lan sunumlar\u0131n derlenmesi ile bu kitap ortaya \u00e7\u0131km\u0131\u015ft\u0131r. \u00c7apar, S. (Ed.) (2018) Kriz ve Acil Durum Y\u00f6netimi, Ankara: T\u0130AV. <\/p>\n","protected":false},"excerpt":{"rendered":"<p>Acil durum y\u00f6netiminin, acil durum \u00f6ncesi, s\u0131ras\u0131 ve sonras\u0131 bi\u00e7iminde temel a\u015famalar\u0131 bulunmaktad\u0131r. Bu a\u015famalarla ba\u011flant\u0131l\u0131 olarak b\u00fct\u00fcnle\u015fik y\u00f6netim anlay\u0131\u015f\u0131, risk y\u00f6netimi, planlama, m\u00fcdahale, iyile\u015ftirme ve<span class=\"excerpt-hellip\"> [\u2026]<\/span><\/p>\n","protected":false},"featured_media":0,"template":"","meta":{"_monsterinsights_skip_tracking":false,"_monsterinsights_sitenote_active":false,"_monsterinsights_sitenote_note":"","_monsterinsights_sitenote_category":0},"product_brand":[],"product_cat":[12337,14706],"product_tag":[],"class_list":{"0":"post-714537","1":"product","2":"type-product","3":"status-publish","5":"product_cat-politika-siyaset","6":"product_cat-siyaset-bilimi","7":"pa_cilt-ciltsiz","8":"pa_tur-kitap","9":"pa_yayinevi-tiav","10":"pa_yazar-kollektif","12":"first","13":"instock","14":"sale","15":"shipping-taxable","16":"purchasable","17":"product-type-simple"},"_links":{"self":[{"href":"https:\/\/roveyayinevi.com.tr\/index.php\/wp-json\/wp\/v2\/product\/714537","targetHints":{"allow":["GET"]}}],"collection":[{"href":"https:\/\/roveyayinevi.com.tr\/index.php\/wp-json\/wp\/v2\/product"}],"about":[{"href":"https:\/\/roveyayinevi.com.tr\/index.php\/wp-json\/wp\/v2\/types\/product"}],"wp:attachment":[{"href":"https:\/\/roveyayinevi.com.tr\/index.php\/wp-json\/wp\/v2\/media?parent=714537"}],"wp:term":[{"taxonomy":"product_brand","embeddable":true,"href":"https:\/\/roveyayinevi.com.tr\/index.php\/wp-json\/wp\/v2\/product_brand?post=714537"},{"taxonomy":"product_cat","embeddable":true,"href":"https:\/\/roveyayinevi.com.tr\/index.php\/wp-json\/wp\/v2\/product_cat?post=714537"},{"taxonomy":"product_tag","embeddable":true,"href":"https:\/\/roveyayinevi.com.tr\/index.php\/wp-json\/wp\/v2\/product_tag?post=714537"}],"curies":[{"name":"wp","href":"https:\/\/api.w.org\/{rel}","templated":true}]}}