{"id":714533,"date":"2025-08-27T17:19:28","date_gmt":"2025-08-27T14:19:28","guid":{"rendered":"https:\/\/roveyayinevi.com.tr\/index.php\/urun\/okul-oncesi-adim-adim-kodlamaya-giris-seti\/"},"modified":"2026-04-16T02:22:52","modified_gmt":"2026-04-15T23:22:52","slug":"okul-oncesi-adim-adim-kodlamaya-giris-seti","status":"publish","type":"product","link":"https:\/\/roveyayinevi.com.tr\/index.php\/urun\/okul-oncesi-adim-adim-kodlamaya-giris-seti\/","title":{"rendered":"Okul \u00d6ncesi Ad\u0131m Ad\u0131m Kodlamaya Giri\u015f Seti"},"content":{"rendered":"<p>Dikkat  At\u00f6lyesi Yay\u0131nlar\u0131 kitaplar\u0131, \u00e7ocu\u011funuzla ba\u011f kurman\u0131n, onlarla e\u011flenceli vakit ge\u00e7irmenin en kolay yolu. S\u00fcrekli bu tarz etkinlikler yapmak dikkat ve odaklanma, mant\u0131k, kritik d\u00fc\u015f\u00fcnme, \u00e7\u0131kar\u0131m yapma ve matematik becerisine katk\u0131 sa\u011flar. D\u00fcnya \u00e7ap\u0131nda bir\u00e7ok pedagog,  psikolog, \u00e7ocuk doktoru, \u00f6\u011fretmen ve e\u011fitimciler okul \u00f6ncesinde yap\u0131lan bu tarz etkinliklerin \u00f6nemini \u00f6zellikle vurgulamaktad\u0131r.Algoritma \u00e7al\u0131\u015fmalar\u0131 \u00e7ocuklarda ince motor geli\u015fimi, dikkat ve odaklanma, hayal g\u00fcc\u00fc, yer ve y\u00f6n kavram\u0131, matematiksel beceri gibi konularda etkilidir.H\u00fccreler \u00fczerindeki \u00e7izimleri yaparken oklar\u0131n y\u00f6n\u00fc ve h\u00fccrelerin say\u0131s\u0131, say\u0131 sayma becerisini geli\u015ftirir.H\u00fccrelerdeki algoritmay\u0131 yaparak boyamak hem resim yapma becerisini hem de mekansal hayal g\u00fcc\u00fcn\u00fc geli\u015ftirirAd\u0131m ad\u0131m kodlamaya girerken olu\u015fturulan algoritmalar \u00e7ocuklarda kodlaman\u0131n mant\u0131\u011f\u0131n\u0131 anlamay\u0131 sa\u011flar.\u0130\u015fitsel alg\u0131n\u0131n geli\u015fmesi i\u00e7in algoritmay\u0131 \u00e7ocu\u011fa sesli bir \u015fekilde s\u00f6yleyip onun yapmas\u0131n\u0131 sa\u011flayabilirsiniz. Bu \u00e7al\u0131\u015fma onun hem dikkatini hem de y\u00f6nergeleri  kavramas\u0131n\u0131 artt\u0131racakt\u0131r.Dikkat ve odaklanma becerisinin geli\u015fmesi i\u00e7in y\u00f6nerge takibi olduk\u00e7a \u00f6nemli bir egzersizdir. Bu tarzda ne kadar \u00e7ok etkinlik yap\u0131l\u0131rsa, \u00e7ocu\u011fun dikkat ve odaklanmas\u0131 o \u00f6l\u00e7\u00fcde artar.Grafik dikte \u00e7al\u0131\u015fmalar\u0131 \u00e7ocuklarda ince motor geli\u015fimine katk\u0131 sa\u011flar. Ellerinin hareketlerini koordine etme becerisine yard\u0131mc\u0131 olur. Bu da okul d\u00f6neminde daha iyi yaz\u0131 yazma becerisini geli\u015ftirir. Grafik dikte \u00e7al\u0131\u015fmalar\u0131 her yerde kullan\u0131labilir. \u00d6rne\u011fin; evde \u00e7ocu\u011funuzla vakit ge\u00e7irirken, seyahat s\u0131ras\u0131nda ya da e\u011fitim kurumlar\u0131nda heyecanl\u0131 bir \u015fekilde uygulanabilir. Bu bir ders aktivitesi de\u011fil, \u00e7ocu\u011fun geli\u015fimine b\u00fcy\u00fck katk\u0131 sa\u011flayacak bir oyun niteli\u011findedir. Grafik dikte \u00e7al\u0131\u015fmalar\u0131, 4 ve 5 ya\u015f\u0131ndaki \u00e7ocuklar i\u00e7in maksimum 15 dakika, 6 ya\u015f i\u00e7in maksimum 20 dakika, birinci s\u0131n\u0131f \u00f6\u011frencileri i\u00e7in ise en fazla 30 dakika en az 20 dakika uyguland\u0131\u011f\u0131 taktirde daha verimli sonu\u00e7lar al\u0131nabilir.<\/p>\n","protected":false},"excerpt":{"rendered":"<p>Dikkat At\u00f6lyesi Yay\u0131nlar\u0131 kitaplar\u0131, \u00e7ocu\u011funuzla ba\u011f kurman\u0131n, onlarla e\u011flenceli vakit ge\u00e7irmenin en kolay yolu. S\u00fcrekli bu tarz etkinlikler yapmak dikkat ve odaklanma, mant\u0131k, kritik d\u00fc\u015f\u00fcnme, \u00e7\u0131kar\u0131m<span class=\"excerpt-hellip\"> [\u2026]<\/span><\/p>\n","protected":false},"featured_media":0,"template":"","meta":{"_monsterinsights_skip_tracking":false,"_monsterinsights_sitenote_active":false,"_monsterinsights_sitenote_note":"","_monsterinsights_sitenote_category":0},"product_brand":[],"product_cat":[12274,15842],"product_tag":[],"class_list":{"0":"post-714533","1":"product","2":"type-product","3":"status-publish","5":"product_cat-cocuk-ve-genclik-kitaplari","6":"product_cat-egitici-kitaplar","7":"pa_cilt-set","8":"pa_tur-kitap","9":"pa_yayinevi-dikkat-atolyesi-yayinlari","10":"pa_yazar-canan-demir","12":"first","13":"instock","14":"sale","15":"shipping-taxable","16":"purchasable","17":"product-type-simple"},"_links":{"self":[{"href":"https:\/\/roveyayinevi.com.tr\/index.php\/wp-json\/wp\/v2\/product\/714533","targetHints":{"allow":["GET"]}}],"collection":[{"href":"https:\/\/roveyayinevi.com.tr\/index.php\/wp-json\/wp\/v2\/product"}],"about":[{"href":"https:\/\/roveyayinevi.com.tr\/index.php\/wp-json\/wp\/v2\/types\/product"}],"wp:attachment":[{"href":"https:\/\/roveyayinevi.com.tr\/index.php\/wp-json\/wp\/v2\/media?parent=714533"}],"wp:term":[{"taxonomy":"product_brand","embeddable":true,"href":"https:\/\/roveyayinevi.com.tr\/index.php\/wp-json\/wp\/v2\/product_brand?post=714533"},{"taxonomy":"product_cat","embeddable":true,"href":"https:\/\/roveyayinevi.com.tr\/index.php\/wp-json\/wp\/v2\/product_cat?post=714533"},{"taxonomy":"product_tag","embeddable":true,"href":"https:\/\/roveyayinevi.com.tr\/index.php\/wp-json\/wp\/v2\/product_tag?post=714533"}],"curies":[{"name":"wp","href":"https:\/\/api.w.org\/{rel}","templated":true}]}}