{"id":714526,"date":"2025-08-27T17:19:24","date_gmt":"2025-08-27T14:19:24","guid":{"rendered":"https:\/\/roveyayinevi.com.tr\/index.php\/urun\/secme-oyunlar-uc-kiz-kardes-visne-bahcesi\/"},"modified":"2026-04-16T02:22:52","modified_gmt":"2026-04-15T23:22:52","slug":"secme-oyunlar-uc-kiz-kardes-visne-bahcesi","status":"publish","type":"product","link":"https:\/\/roveyayinevi.com.tr\/index.php\/urun\/secme-oyunlar-uc-kiz-kardes-visne-bahcesi\/","title":{"rendered":"Se\u00e7me Oyunlar &#8211; \u00dc\u00e7 K\u0131z Karde\u015f &#8211; Vi\u015fne Bah\u00e7esi"},"content":{"rendered":"<p>Kendisinden \u00f6nceki tiyatro anlay\u0131\u015f\u0131n\u0131 temelden de\u011fi\u015ftiren, art\u0131k ad\u0131yla an\u0131lacak yepyeni anlat\u0131m \u00f6zellikleri geli\u015ftiren \u00c7ehov, tiyatro ile ilgilenen herkesin, ilgisi hangi boyutta olursa olsun, okumas\u0131 gereken yazarlar\u0131n ba\u015f\u0131nda gelir. \u00c7ocukken s\u0131n\u0131f\u0131nda, lisede okul temsillerinde sergilenmek \u00fczere ske\u00e7 ve piyesler yazan \u00c7ehov\u2019un oyun yazarl\u0131\u011f\u0131, \u00f6yk\u00fcc\u00fcl\u00fc\u011f\u00fcnden \u00f6nce geli\u015fmi\u015f ve y\u0131llar sonra \u201cyapmac\u0131kl\u0131, \u015famatac\u0131, k\u00fcstah ve y\u0131prat\u0131c\u0131 bir sevgili\u201dye benzetece\u011fi tiyatroya duydu\u011fu a\u015fk, hi\u00e7 bitmemi\u015ftir. B\u0131rakaca\u011f\u0131na defalarca ant i\u00e7ti\u011fi oyun yazarl\u0131\u011f\u0131, nihayetinde \u00c7ehov\u2019un en b\u00fcy\u00fck ba\u015far\u0131lar\u0131ndan biri olmu\u015ftur. \u0130lk kez Moskova Sanat Tiyatrosu taraf\u0131ndan sahneye koyulan ve b\u00fcy\u00fck ba\u015far\u0131 elde eden iki oyunu, \u00dc\u00e7 K\u0131zkarde\u015f ve Vi\u015fne Bah\u00e7esi, on y\u0131llard\u0131r d\u00fcnyan\u0131n \u00e7e\u015fitli tiyatrolar\u0131nda en \u00e7ok sahnelenen oyunlardan oldular. Bu g\u00fczel oyunlar\u0131 hayal g\u00fcc\u00fcn\u00fcn dekoru, kost\u00fcm\u00fc ve \u0131\u015f\u0131\u011f\u0131yla okumak, \u00c7ehov\u2019un kelimelerini Hasan \u00c2li Ediz ve Mete Ergin\u2019in T\u00fcrk\u00e7esiyle duymak, san\u0131yoruz ki ba\u015fka t\u00fcrl\u00fc bir tiyatro deneyimi ya\u015fatacak\u2026 <\/p>\n","protected":false},"excerpt":{"rendered":"<p>Kendisinden \u00f6nceki tiyatro anlay\u0131\u015f\u0131n\u0131 temelden de\u011fi\u015ftiren, art\u0131k ad\u0131yla an\u0131lacak yepyeni anlat\u0131m \u00f6zellikleri geli\u015ftiren \u00c7ehov, tiyatro ile ilgilenen herkesin, ilgisi hangi boyutta olursa olsun, okumas\u0131 gereken yazarlar\u0131n<span class=\"excerpt-hellip\"> [\u2026]<\/span><\/p>\n","protected":false},"featured_media":0,"template":"","meta":{"_monsterinsights_skip_tracking":false,"_monsterinsights_sitenote_active":false,"_monsterinsights_sitenote_note":"","_monsterinsights_sitenote_category":0},"product_brand":[],"product_cat":[12291,13570],"product_tag":[],"class_list":{"0":"post-714526","1":"product","2":"type-product","3":"status-publish","5":"product_cat-edebiyat","6":"product_cat-rus-edebiyati","7":"pa_cilt-ciltsiz","8":"pa_tur-kitap","9":"pa_yayinevi-yordam-kitap","10":"pa_yazar-anton-cehov","12":"first","13":"instock","14":"sale","15":"shipping-taxable","16":"purchasable","17":"product-type-simple"},"_links":{"self":[{"href":"https:\/\/roveyayinevi.com.tr\/index.php\/wp-json\/wp\/v2\/product\/714526","targetHints":{"allow":["GET"]}}],"collection":[{"href":"https:\/\/roveyayinevi.com.tr\/index.php\/wp-json\/wp\/v2\/product"}],"about":[{"href":"https:\/\/roveyayinevi.com.tr\/index.php\/wp-json\/wp\/v2\/types\/product"}],"wp:attachment":[{"href":"https:\/\/roveyayinevi.com.tr\/index.php\/wp-json\/wp\/v2\/media?parent=714526"}],"wp:term":[{"taxonomy":"product_brand","embeddable":true,"href":"https:\/\/roveyayinevi.com.tr\/index.php\/wp-json\/wp\/v2\/product_brand?post=714526"},{"taxonomy":"product_cat","embeddable":true,"href":"https:\/\/roveyayinevi.com.tr\/index.php\/wp-json\/wp\/v2\/product_cat?post=714526"},{"taxonomy":"product_tag","embeddable":true,"href":"https:\/\/roveyayinevi.com.tr\/index.php\/wp-json\/wp\/v2\/product_tag?post=714526"}],"curies":[{"name":"wp","href":"https:\/\/api.w.org\/{rel}","templated":true}]}}