{"id":714525,"date":"2025-08-27T17:19:23","date_gmt":"2025-08-27T14:19:23","guid":{"rendered":"https:\/\/roveyayinevi.com.tr\/index.php\/urun\/marksizm-ve-hukuk\/"},"modified":"2026-04-16T02:22:52","modified_gmt":"2026-04-15T23:22:52","slug":"marksizm-ve-hukuk","status":"publish","type":"product","link":"https:\/\/roveyayinevi.com.tr\/index.php\/urun\/marksizm-ve-hukuk\/","title":{"rendered":"Marksizm ve Hukuk"},"content":{"rendered":"<p>Marksist hukuk teorisi var m\u0131d\u0131r ya da Marksizmin hukuka bak\u0131\u015f\u0131 nas\u0131ld\u0131r? Onur Karahano\u011fullar\u0131, Marksizm ve Hukuk kitab\u0131nda bu temel soruyu tart\u0131\u015f\u0131yor. Bir yandan, Marksizmin hukuka bak\u0131\u015f\u0131n\u0131 en genel ve temel \u00f6nermeleriyle aktar\u0131p bu alandaki farkl\u0131 yakla\u015f\u0131m ve tezleri \u00f6zetlerken; bir yandan da gen\u00e7 hukuk\u00e7ular\u0131 hukuk \u00e7al\u0131\u015fmaya, hukuk teorileri geli\u015ftirmeye \u00e7a\u011f\u0131r\u0131yor. Marx, kendisi de hukuk\u00e7u olmas\u0131na ra\u011fmen hukuku bir toplumsal ili\u015fki bi\u00e7imi olarak b\u00fct\u00fcnsel bir \u00e7al\u0131\u015fman\u0131n konusu yapmam\u0131\u015f, hukuku bir bilin\u00e7 bi\u00e7imi olarak, a\u015f\u0131lmas\u0131 gereken bir yabanc\u0131la\u015fma alan\u0131 olarak de\u011ferlendirmi\u015fti. Karahano\u011fullar\u0131, Marksizmin hukukla temel \u201cderdi\u201dnin hukuksal bak\u0131\u015f\u0131n yanl\u0131\u015fl\u0131\u011f\u0131n\u0131 g\u00f6stermek, ele\u015ftirmek oldu\u011funun alt\u0131n\u0131 \u00e7iziyor. \u00d6te yandan, hukuk kural\u0131, hukuksal bi\u00e7im, hukuksal ili\u015fki, hukuk \u00f6znesi, hak, hukuksal i\u015flem vb. gibi hukukun temel kavramlar\u0131n\u0131 Marksist y\u00f6ntemle inceleyen Karahano\u011fullar\u0131, konuyla ilgili yeterli say\u0131da \u00e7al\u0131\u015fma bulunmad\u0131\u011f\u0131 saptamas\u0131ndan yola \u00e7\u0131karak, Marksist hukuk yakla\u015f\u0131m\u0131n\u0131n olu\u015fturulmas\u0131n\u0131n g\u00fcn\u00fcm\u00fczde ger\u00e7ek bir ihtiya\u00e7 h\u00e2line geldi\u011fini belirtiyor. Kitap, Marksizm ve hukuk konusuyla ilgili olarak bug\u00fcne dek yaz\u0131lm\u0131\u015f en \u00f6nemli \u00e7al\u0131\u015fmalar\u0131 tan\u0131t\u0131p farkl\u0131 g\u00f6r\u00fc\u015fleri aktararak, ayn\u0131 zamanda ele\u015ftiri ve \u00f6neriler de geli\u015ftirerek bu alandaki bir bo\u015flu\u011fu dolduruyor.<\/p>\n","protected":false},"excerpt":{"rendered":"<p>Marksist hukuk teorisi var m\u0131d\u0131r ya da Marksizmin hukuka bak\u0131\u015f\u0131 nas\u0131ld\u0131r? Onur Karahano\u011fullar\u0131, Marksizm ve Hukuk kitab\u0131nda bu temel soruyu tart\u0131\u015f\u0131yor. Bir yandan, Marksizmin hukuka bak\u0131\u015f\u0131n\u0131<span class=\"excerpt-hellip\"> [\u2026]<\/span><\/p>\n","protected":false},"featured_media":0,"template":"","meta":{"_monsterinsights_skip_tracking":false,"_monsterinsights_sitenote_active":false,"_monsterinsights_sitenote_note":"","_monsterinsights_sitenote_category":0},"product_brand":[],"product_cat":[13590,12337],"product_tag":[],"class_list":{"0":"post-714525","1":"product","2":"type-product","3":"status-publish","5":"product_cat-arastirma-inceleme-politika-siyaset","6":"product_cat-politika-siyaset","7":"pa_cilt-ciltsiz","8":"pa_tur-kitap","9":"pa_yayinevi-yordam-kitap","10":"pa_yazar-onur-karahanogullari","12":"first","13":"instock","14":"sale","15":"shipping-taxable","16":"purchasable","17":"product-type-simple"},"_links":{"self":[{"href":"https:\/\/roveyayinevi.com.tr\/index.php\/wp-json\/wp\/v2\/product\/714525","targetHints":{"allow":["GET"]}}],"collection":[{"href":"https:\/\/roveyayinevi.com.tr\/index.php\/wp-json\/wp\/v2\/product"}],"about":[{"href":"https:\/\/roveyayinevi.com.tr\/index.php\/wp-json\/wp\/v2\/types\/product"}],"wp:attachment":[{"href":"https:\/\/roveyayinevi.com.tr\/index.php\/wp-json\/wp\/v2\/media?parent=714525"}],"wp:term":[{"taxonomy":"product_brand","embeddable":true,"href":"https:\/\/roveyayinevi.com.tr\/index.php\/wp-json\/wp\/v2\/product_brand?post=714525"},{"taxonomy":"product_cat","embeddable":true,"href":"https:\/\/roveyayinevi.com.tr\/index.php\/wp-json\/wp\/v2\/product_cat?post=714525"},{"taxonomy":"product_tag","embeddable":true,"href":"https:\/\/roveyayinevi.com.tr\/index.php\/wp-json\/wp\/v2\/product_tag?post=714525"}],"curies":[{"name":"wp","href":"https:\/\/api.w.org\/{rel}","templated":true}]}}