{"id":714522,"date":"2025-08-27T17:19:22","date_gmt":"2025-08-27T14:19:22","guid":{"rendered":"https:\/\/roveyayinevi.com.tr\/index.php\/urun\/insanlar-icinde-bir-insan-sait-faik-hikaye-armagan-antolojisi-1955-2018\/"},"modified":"2026-04-16T02:22:52","modified_gmt":"2026-04-15T23:22:52","slug":"insanlar-icinde-bir-insan-sait-faik-hikaye-armagan-antolojisi-1955-2018","status":"publish","type":"product","link":"https:\/\/roveyayinevi.com.tr\/index.php\/urun\/insanlar-icinde-bir-insan-sait-faik-hikaye-armagan-antolojisi-1955-2018\/","title":{"rendered":"\u0130nsanlar \u0130\u00e7inde Bir \u0130nsan &#8211; Sait Faik Hikaye Arma\u011fan Antolojisi (1955-2018)"},"content":{"rendered":"<p>Modern \u00f6yk\u00fcc\u00fcl\u00fc\u011f\u00fcm\u00fcz\u00fcn \u00f6nc\u00fclerinden Sait Faik Abas\u0131yan\u0131k ad\u0131na konan Sait Faik Hik\u00e2ye Arma\u011fan\u0131, yar\u0131m y\u00fczy\u0131l\u0131 a\u015fk\u0131n tarihi, Arma\u011fan\u0131 alan \u00f6yk\u00fc kitaplar\u0131n\u0131n edebi de\u011feri, se\u00e7ici kurallar\u0131n olu\u015fumunda g\u00f6sterilen \u00f6zen ve s\u00fcreklilik a\u00e7\u0131s\u0131ndan Sait Faik&#8217;e ve \u00f6yk\u00fcc\u00fcl\u00fc\u011f\u00fcm\u00fcze yara\u015f\u0131r bir \u00f6d\u00fcl. Bu \u00f6d\u00fcl\u00fc kazanm\u0131\u015f 54 kitaptan birer \u00f6yk\u00fcn\u00fcn yer ald\u0131\u011f\u0131 \u0130nsanlar \u0130\u00e7inde Bir \u0130nsan, \u00fclkemizde bir edebiyat \u00f6d\u00fcl\u00fc ba\u011flam\u0131nda haz\u0131rlanan ilk antoloji. 1955 Haldun Taner, Sabahattin Kudret Aksal 1956 Tahsin Y\u00fccel 1957 Necati Cumal\u0131 1958 Orhan Kemal 1959 Oktay Akbal 1960-63 \u00d6d\u00fcl verilemedi 1964 Adnan \u00d6zyal\u00e7\u0131ner, Mehmet Seyda 1965 K\u00e2muran \u015eipal, Mahmut \u00d6zay 1966 Cengiz Y\u00f6r\u00fck 1967 Tar\u0131k Dursun K. 1968 Muzaffer Buyruk\u00e7u 1969 Orhan Kemal, Faik Baysal 1970 Zeyyah Selimo\u011flu 1971 Bilge Karasu, Bekir Y\u0131ld\u0131z 1972 F\u00fcruzan 1973 Demira\u015f Ceyhun 1974 Fakir Baykurt 1975 Adalet A\u011fao\u011flu 1976 Selim \u0130leri 1977 Necati Cumal\u0131 1978 Adnan \u00d6zyal\u00e7\u0131ner, Sel\u00e7uk Baran 1979 Ferit Edg\u00fc 1980 Tomris Uyar 1981-82 [\u00d6d\u00fcl verilmedi] 1983 Nursel Duruel 1984 P\u0131nar K\u00fcr 1985 Tar\u0131k Dursun K.1986 Feyza Hep\u00e7ilingirler 1987 Tomris Uyar 1988 G\u00fclderen Bilgili, Mahir \u00d6zta\u015f 1989 Demir \u00d6zl\u00fc 1990 Nezihe Meri\u00e7 1991 Ayla Kutlu 1992 Oya Baydar 1995 Mehmet Zaman Sa\u00e7l\u0131o\u011flu 1996 Cemil Kavuk\u00e7u 1997 Ay\u015fe Kulin 1998 Erdal \u00d6z, Orhan Duru 1999 Necati Tosuner 2000 Faruk Duman 2001Murat G\u00fclsoy 2002 Yekta Kopan 2003 Mehmet G\u00fcns\u00fcr 2004 Ba\u015far Ba\u015far\u0131r 2005 Ay\u015fe Sar\u0131say\u0131n 2006 Refik Algan 2007 Selma F\u0131nd\u0131ko\u011flu 2008 Beh\u00e7et \u00c7elik 2009 Feryal Tilma\u00e7 2010 Asl\u0131 Erdo\u011fan 2011 Ahmet B\u00fcke 2012 Yal\u00e7\u0131n Tosun<\/p>\n","protected":false},"excerpt":{"rendered":"<p>Modern \u00f6yk\u00fcc\u00fcl\u00fc\u011f\u00fcm\u00fcz\u00fcn \u00f6nc\u00fclerinden Sait Faik Abas\u0131yan\u0131k ad\u0131na konan Sait Faik Hik\u00e2ye Arma\u011fan\u0131, yar\u0131m y\u00fczy\u0131l\u0131 a\u015fk\u0131n tarihi, Arma\u011fan\u0131 alan \u00f6yk\u00fc kitaplar\u0131n\u0131n edebi de\u011feri, se\u00e7ici kurallar\u0131n olu\u015fumunda g\u00f6sterilen<span class=\"excerpt-hellip\"> [\u2026]<\/span><\/p>\n","protected":false},"featured_media":0,"template":"","meta":{"_monsterinsights_skip_tracking":false,"_monsterinsights_sitenote_active":false,"_monsterinsights_sitenote_note":"","_monsterinsights_sitenote_category":0},"product_brand":[],"product_cat":[14060,12291],"product_tag":[],"class_list":{"0":"post-714522","1":"product","2":"type-product","3":"status-publish","5":"product_cat-antoloji","6":"product_cat-edebiyat","7":"pa_cilt-ciltsiz","8":"pa_tur-kitap","9":"pa_yayinevi-yapi-kredi-yayinlari","10":"pa_yazar-kollektif","12":"first","13":"instock","14":"sale","15":"shipping-taxable","16":"purchasable","17":"product-type-simple"},"_links":{"self":[{"href":"https:\/\/roveyayinevi.com.tr\/index.php\/wp-json\/wp\/v2\/product\/714522","targetHints":{"allow":["GET"]}}],"collection":[{"href":"https:\/\/roveyayinevi.com.tr\/index.php\/wp-json\/wp\/v2\/product"}],"about":[{"href":"https:\/\/roveyayinevi.com.tr\/index.php\/wp-json\/wp\/v2\/types\/product"}],"wp:attachment":[{"href":"https:\/\/roveyayinevi.com.tr\/index.php\/wp-json\/wp\/v2\/media?parent=714522"}],"wp:term":[{"taxonomy":"product_brand","embeddable":true,"href":"https:\/\/roveyayinevi.com.tr\/index.php\/wp-json\/wp\/v2\/product_brand?post=714522"},{"taxonomy":"product_cat","embeddable":true,"href":"https:\/\/roveyayinevi.com.tr\/index.php\/wp-json\/wp\/v2\/product_cat?post=714522"},{"taxonomy":"product_tag","embeddable":true,"href":"https:\/\/roveyayinevi.com.tr\/index.php\/wp-json\/wp\/v2\/product_tag?post=714522"}],"curies":[{"name":"wp","href":"https:\/\/api.w.org\/{rel}","templated":true}]}}