{"id":714517,"date":"2025-08-27T17:19:19","date_gmt":"2025-08-27T14:19:19","guid":{"rendered":"https:\/\/roveyayinevi.com.tr\/index.php\/urun\/fanon-kitabi-secme-yazilar\/"},"modified":"2026-04-16T02:22:52","modified_gmt":"2026-04-15T23:22:52","slug":"fanon-kitabi-secme-yazilar","status":"publish","type":"product","link":"https:\/\/roveyayinevi.com.tr\/index.php\/urun\/fanon-kitabi-secme-yazilar\/","title":{"rendered":"Fanon Kitab\u0131: Se\u00e7me Yaz\u0131lar"},"content":{"rendered":"<p>&#8220;S\u00f6m\u00fcrgecili\u011fin yeni boyutlar ald\u0131\u011f\u0131 ve \u015fiddetin k\u00fcreselle\u015fti\u011fi bu yeni y\u00fczy\u0131lda Fanon\u2019un g\u00fcncelli\u011fini yitirmedi\u011fine i\u015faret eden, etkileyici bir derleme.&#8221;\u00dc\u00e7\u00fcnc\u00fc D\u00fcnyan\u0131n entelekt\u00fcel uyan\u0131\u015f\u0131n\u0131n en \u00f6nemli kaynaklar\u0131ndan Frantz Fanon, yay\u0131mlanm\u0131\u015f az say\u0131da eseri olmas\u0131na kar\u015f\u0131n postkolonyalizmden ele\u015ftirel kurama, psikolojiden Marksizme pek \u00e7ok alan\u0131 derinlemesine etkiledi. S\u00f6m\u00fcrgecili\u011fin yaratt\u0131\u011f\u0131 sorunlar\u0131 hem bireysel hem de k\u00fclt\u00fcrel d\u00fczeyde ele alan Fanon, ezilenlerin psikolojisindeki tahribatlar\u0131 ortaya koyarken bunlar\u0131n nas\u0131l sa\u011falt\u0131labilece\u011fi \u00fczerine de kafa yordu.Fanon\u2019un direni\u015f, \u015fiddet, ulusal \u00f6zg\u00fcrle\u015fme, \u0131rk ve toplumsal cinsiyet gibi konulardaki yaz\u0131lar\u0131n\u0131 bir araya getiren bu derleme, klasikle\u015fmi\u015f olanlar\u0131n yan\u0131 s\u0131ra T\u00fcrk\u00e7eye ilk kez \u00e7evrilen metinlerini de i\u00e7eriyor.Azzedine Haddour\u2019un, Fanon\u2019un d\u00fc\u015f\u00fcnsel miras\u0131 \u00fczerindeki entelekt\u00fcel tart\u0131\u015fmay\u0131 Jean-Paul Sartre\u2019dan Homi Bhabha\u2019ya dek a\u00e7\u0131mlayan \u00f6zl\u00fc \u00f6ns\u00f6z\u00fc ise bu g\u00fc\u00e7l\u00fc birikime yepyeni bir \u0131\u015f\u0131k tutuyor.<\/p>\n","protected":false},"excerpt":{"rendered":"<p>&#8220;S\u00f6m\u00fcrgecili\u011fin yeni boyutlar ald\u0131\u011f\u0131 ve \u015fiddetin k\u00fcreselle\u015fti\u011fi bu yeni y\u00fczy\u0131lda Fanon\u2019un g\u00fcncelli\u011fini yitirmedi\u011fine i\u015faret eden, etkileyici bir derleme.&#8221;\u00dc\u00e7\u00fcnc\u00fc D\u00fcnyan\u0131n entelekt\u00fcel uyan\u0131\u015f\u0131n\u0131n en \u00f6nemli kaynaklar\u0131ndan Frantz Fanon,<span class=\"excerpt-hellip\"> [\u2026]<\/span><\/p>\n","protected":false},"featured_media":0,"template":"","meta":{"_monsterinsights_skip_tracking":false,"_monsterinsights_sitenote_active":false,"_monsterinsights_sitenote_note":"","_monsterinsights_sitenote_category":0},"product_brand":[],"product_cat":[12351,12324],"product_tag":[],"class_list":{"0":"post-714517","1":"product","2":"type-product","3":"status-publish","5":"product_cat-siyaset-sosyolojisi","6":"product_cat-sosyoloji","7":"pa_cilt-ciltsiz","8":"pa_tur-kitap","9":"pa_yayinevi-dipnot-yayinlari","10":"pa_yazar-frantz-fanon","12":"first","13":"instock","14":"sale","15":"shipping-taxable","16":"purchasable","17":"product-type-simple"},"_links":{"self":[{"href":"https:\/\/roveyayinevi.com.tr\/index.php\/wp-json\/wp\/v2\/product\/714517","targetHints":{"allow":["GET"]}}],"collection":[{"href":"https:\/\/roveyayinevi.com.tr\/index.php\/wp-json\/wp\/v2\/product"}],"about":[{"href":"https:\/\/roveyayinevi.com.tr\/index.php\/wp-json\/wp\/v2\/types\/product"}],"wp:attachment":[{"href":"https:\/\/roveyayinevi.com.tr\/index.php\/wp-json\/wp\/v2\/media?parent=714517"}],"wp:term":[{"taxonomy":"product_brand","embeddable":true,"href":"https:\/\/roveyayinevi.com.tr\/index.php\/wp-json\/wp\/v2\/product_brand?post=714517"},{"taxonomy":"product_cat","embeddable":true,"href":"https:\/\/roveyayinevi.com.tr\/index.php\/wp-json\/wp\/v2\/product_cat?post=714517"},{"taxonomy":"product_tag","embeddable":true,"href":"https:\/\/roveyayinevi.com.tr\/index.php\/wp-json\/wp\/v2\/product_tag?post=714517"}],"curies":[{"name":"wp","href":"https:\/\/api.w.org\/{rel}","templated":true}]}}