{"id":714509,"date":"2025-08-27T17:19:14","date_gmt":"2025-08-27T14:19:14","guid":{"rendered":"https:\/\/roveyayinevi.com.tr\/index.php\/urun\/50-yillik-hayal-bitcoin\/"},"modified":"2026-04-16T02:22:51","modified_gmt":"2026-04-15T23:22:51","slug":"50-yillik-hayal-bitcoin","status":"publish","type":"product","link":"https:\/\/roveyayinevi.com.tr\/index.php\/urun\/50-yillik-hayal-bitcoin\/","title":{"rendered":"50 Y\u0131ll\u0131k Hayal Bitcoin"},"content":{"rendered":"<p>1789 Frans\u0131z \u0130htilali ger\u00e7ekle\u015fti\u011finde; medya, devrim oldu diye man\u015fet atmad\u0131. \u0130nsanlar, \u201culus-devlet kavram\u0131 do\u011fdu ve yepyeni bir devir ba\u015flad\u0131\u201d diye de d\u00fc\u015f\u00fcnmedi. Bu hareketin, bir devir a\u00e7\u0131p bir devir kapayan bir devrim oldu\u011fu 100-150 y\u0131l sonra anla\u015f\u0131ld\u0131. Bitcoin de \u015fu an hi\u00e7 anla\u015f\u0131labilmi\u015f de\u011fil. Sadece bizim \u00fclkemizde de\u011fil, d\u00fcnyada da hen\u00fcz anla\u015f\u0131lmad\u0131. Bitcoin\u2019i bulanlar ve bulunmas\u0131na \u00f6nayak olanlar hari\u00e7. anlayan da pek yok. 100 y\u0131l sonra tarih, Frans\u0131z \u0130htilali\u2019yle ba\u015flayan ulus-devlet \u00e7a\u011f\u0131n\u0131n Bitcoin devrimiyle son buldu\u011funu yazacak. AynRand yan\u0131ld\u0131. Atlas hi\u00e7 vazge\u00e7medi! John Galt kim? AynRand Ger\u00e7eklerden ka\u00e7abilirsiniz, ama ger\u00e7eklerin do\u011furaca\u011f\u0131 sonu\u00e7lardan asla! AynRand G\u00fcvenilir 3. partiler, g\u00fcvenlik a\u00e7\u0131klar\u0131n\u0131n ta kendileridir.NickSzabo Yak\u0131n bir gelecekte blokzincir teknolojisi sayesinde, Indiana\u2019daki bir \u00e7ocuk, Hindistan\u2019daki b\u00fcy\u00fckannesine New York\u2019tan izin almadan para g\u00f6nderebilecek. NickSzabo Paran\u0131n 3 d\u00f6nemi oldu. Emtiaya dayal\u0131, politikaya-g\u00fcvene dayal\u0131 ve \u015fimdi de matemati\u011fe dayal\u0131. ChrisDixon E-mail\u2019in posta end\u00fcstrisine yapt\u0131\u011f\u0131n\u0131, Bitcoin bankalara yapacak. NickFalkvinge Kriptoparalarla ilgilenmeyi 1998\u2019de b\u0131rakt\u0131m. WeiDai <\/p>\n","protected":false},"excerpt":{"rendered":"<p>1789 Frans\u0131z \u0130htilali ger\u00e7ekle\u015fti\u011finde; medya, devrim oldu diye man\u015fet atmad\u0131. \u0130nsanlar, \u201culus-devlet kavram\u0131 do\u011fdu ve yepyeni bir devir ba\u015flad\u0131\u201d diye de d\u00fc\u015f\u00fcnmedi. Bu hareketin, bir devir<span class=\"excerpt-hellip\"> [\u2026]<\/span><\/p>\n","protected":false},"featured_media":0,"template":"","meta":{"_monsterinsights_skip_tracking":false,"_monsterinsights_sitenote_active":false,"_monsterinsights_sitenote_note":"","_monsterinsights_sitenote_category":0},"product_brand":[],"product_cat":[14841,13043],"product_tag":[],"class_list":{"0":"post-714509","1":"product","2":"type-product","3":"status-publish","5":"product_cat-arastirma-inceleme-kuram","6":"product_cat-ekonomi","7":"pa_cilt-ciltsiz","8":"pa_tur-kitap","9":"pa_yayinevi-mediacat-kitaplari","10":"pa_yazar-sadettin-konukseven-tuna-ozen","12":"first","13":"instock","14":"sale","15":"shipping-taxable","16":"purchasable","17":"product-type-simple"},"_links":{"self":[{"href":"https:\/\/roveyayinevi.com.tr\/index.php\/wp-json\/wp\/v2\/product\/714509","targetHints":{"allow":["GET"]}}],"collection":[{"href":"https:\/\/roveyayinevi.com.tr\/index.php\/wp-json\/wp\/v2\/product"}],"about":[{"href":"https:\/\/roveyayinevi.com.tr\/index.php\/wp-json\/wp\/v2\/types\/product"}],"wp:attachment":[{"href":"https:\/\/roveyayinevi.com.tr\/index.php\/wp-json\/wp\/v2\/media?parent=714509"}],"wp:term":[{"taxonomy":"product_brand","embeddable":true,"href":"https:\/\/roveyayinevi.com.tr\/index.php\/wp-json\/wp\/v2\/product_brand?post=714509"},{"taxonomy":"product_cat","embeddable":true,"href":"https:\/\/roveyayinevi.com.tr\/index.php\/wp-json\/wp\/v2\/product_cat?post=714509"},{"taxonomy":"product_tag","embeddable":true,"href":"https:\/\/roveyayinevi.com.tr\/index.php\/wp-json\/wp\/v2\/product_tag?post=714509"}],"curies":[{"name":"wp","href":"https:\/\/api.w.org\/{rel}","templated":true}]}}