{"id":714495,"date":"2025-08-27T17:19:07","date_gmt":"2025-08-27T14:19:07","guid":{"rendered":"https:\/\/roveyayinevi.com.tr\/index.php\/urun\/koca-karpuz\/"},"modified":"2025-09-29T00:34:03","modified_gmt":"2025-09-28T21:34:03","slug":"koca-karpuz","status":"publish","type":"product","link":"https:\/\/roveyayinevi.com.tr\/index.php\/urun\/koca-karpuz\/","title":{"rendered":"Koca Karpuz"},"content":{"rendered":"<p>Ya\u015fas\u0131n! Koca karpuz bana kald\u0131! Nora karpuzu \u00e7ok seven, ba\u015fka da bir \u015fey yemeyen k\u00fc\u00e7\u00fck tatl\u0131 bir k\u0131z\u2026 Bir g\u00fcn mutfak masas\u0131nda kocaman bir karpuz buldu\u011funda bakal\u0131m neler olacak&#8230; <\/p>\n","protected":false},"excerpt":{"rendered":"<p>Ya\u015fas\u0131n! Koca karpuz bana kald\u0131! Nora karpuzu \u00e7ok seven, ba\u015fka da bir \u015fey yemeyen k\u00fc\u00e7\u00fck tatl\u0131 bir k\u0131z\u2026 Bir g\u00fcn mutfak masas\u0131nda kocaman bir karpuz buldu\u011funda<span class=\"excerpt-hellip\"> [\u2026]<\/span><\/p>\n","protected":false},"featured_media":0,"template":"","meta":{"_monsterinsights_skip_tracking":false,"_monsterinsights_sitenote_active":false,"_monsterinsights_sitenote_note":"","_monsterinsights_sitenote_category":0},"product_brand":[],"product_cat":[12913,12274],"product_tag":[],"class_list":{"0":"post-714495","1":"product","2":"type-product","3":"status-publish","5":"product_cat-3-6-yas-kitaplari","6":"product_cat-cocuk-ve-genclik-kitaplari","7":"pa_cilt-ciltsiz","8":"pa_tur-kitap","9":"pa_yayinevi-yapi-kredi-yayinlari","10":"pa_yazar-tagrid-en-neccar","12":"first","13":"instock","14":"sale","15":"shipping-taxable","16":"purchasable","17":"product-type-simple"},"_links":{"self":[{"href":"https:\/\/roveyayinevi.com.tr\/index.php\/wp-json\/wp\/v2\/product\/714495","targetHints":{"allow":["GET"]}}],"collection":[{"href":"https:\/\/roveyayinevi.com.tr\/index.php\/wp-json\/wp\/v2\/product"}],"about":[{"href":"https:\/\/roveyayinevi.com.tr\/index.php\/wp-json\/wp\/v2\/types\/product"}],"wp:attachment":[{"href":"https:\/\/roveyayinevi.com.tr\/index.php\/wp-json\/wp\/v2\/media?parent=714495"}],"wp:term":[{"taxonomy":"product_brand","embeddable":true,"href":"https:\/\/roveyayinevi.com.tr\/index.php\/wp-json\/wp\/v2\/product_brand?post=714495"},{"taxonomy":"product_cat","embeddable":true,"href":"https:\/\/roveyayinevi.com.tr\/index.php\/wp-json\/wp\/v2\/product_cat?post=714495"},{"taxonomy":"product_tag","embeddable":true,"href":"https:\/\/roveyayinevi.com.tr\/index.php\/wp-json\/wp\/v2\/product_tag?post=714495"}],"curies":[{"name":"wp","href":"https:\/\/api.w.org\/{rel}","templated":true}]}}