{"id":714491,"date":"2025-08-27T17:19:04","date_gmt":"2025-08-27T14:19:04","guid":{"rendered":"https:\/\/roveyayinevi.com.tr\/index.php\/urun\/hic-umudum-yokken\/"},"modified":"2026-04-16T02:22:51","modified_gmt":"2026-04-15T23:22:51","slug":"hic-umudum-yokken","status":"publish","type":"product","link":"https:\/\/roveyayinevi.com.tr\/index.php\/urun\/hic-umudum-yokken\/","title":{"rendered":"Hi\u00e7 Umudum Yokken"},"content":{"rendered":"<p>New York Times\u2019\u0131n \u00e7ok satanlar listesine giren, kalp at\u0131\u015flar\u0131n\u0131z\u0131 h\u0131zland\u0131racak bu romanda, Julie Garwood \u00f6zg\u00fcrl\u00fc\u011f\u00fc i\u00e7in m\u00fccadele etmeye kararl\u0131, a\u015fk\u0131n nadir ve beklenmedik hediyesiyle hayat\u0131 de\u011fi\u015fen gen\u00e7 bir kad\u0131n\u0131n g\u00f6rkemli hik\u00e2yesini zekice kaleme al\u0131yor. Leydi Johanna dul kald\u0131\u011f\u0131 haberini al\u0131nca bir daha asla evlenmeyece\u011fine yemin etmi\u015fti. Hen\u00fcz on alt\u0131 ya\u015f\u0131ndayd\u0131 ama \u015fimdiden ona bakanlar\u0131 etkileyen g\u00fczellikte alt\u0131n sa\u00e7lara ve g\u00fc\u00e7l\u00fc bir iradeye sahipti. Fakat Kral John tekrar evlenmesini emredince her \u015fey de\u011fi\u015fti. Sad\u0131k \u00fcvey karde\u015finin buldu\u011fu damat aday\u0131 ise yak\u0131\u015f\u0131kl\u0131 \u0130sko\u00e7 sava\u015f\u00e7\u0131 Gabriel MacBain\u2019di. Johanna ilk ba\u015fta \u00fcrkekti ama Gabriel payla\u015facaklar\u0131 muhte\u015fem zevkleri ona nazik\u00e7e g\u00f6sterirken, birbirlerine \u00e2\u015f\u0131k olmaya ba\u015flayacaklard\u0131. \u00c7ok ge\u00e7meden b\u00fct\u00fcn Kuzey \u0130sko\u00e7ya klan\u0131 da ha\u015fin ve cesur lordlar\u0131n\u0131n kalbini ona tamamen teslim etti\u011fini anlayacakt\u0131. Ancak hi\u00e7bir mutluluk bedelsiz kazan\u0131lmazd\u0131 elbette. Korkun\u00e7 bir kraliyet entrikas\u0131 Gabriel\u2019i kar\u0131s\u0131ndan ay\u0131rmakla tehdit etti\u011finde ikisi de birbirleri i\u00e7in sava\u015facaklard\u0131.<\/p>\n","protected":false},"excerpt":{"rendered":"<p>New York Times\u2019\u0131n \u00e7ok satanlar listesine giren, kalp at\u0131\u015flar\u0131n\u0131z\u0131 h\u0131zland\u0131racak bu romanda, Julie Garwood \u00f6zg\u00fcrl\u00fc\u011f\u00fc i\u00e7in m\u00fccadele etmeye kararl\u0131, a\u015fk\u0131n nadir ve beklenmedik hediyesiyle hayat\u0131 de\u011fi\u015fen<span class=\"excerpt-hellip\"> [\u2026]<\/span><\/p>\n","protected":false},"featured_media":0,"template":"","meta":{"_monsterinsights_skip_tracking":false,"_monsterinsights_sitenote_active":false,"_monsterinsights_sitenote_note":"","_monsterinsights_sitenote_category":0},"product_brand":[],"product_cat":[14643,12291],"product_tag":[],"class_list":{"0":"post-714491","1":"product","2":"type-product","3":"status-publish","5":"product_cat-ask","6":"product_cat-edebiyat","7":"pa_cilt-ciltsiz","8":"pa_tur-kitap","9":"pa_yayinevi-epsilon-yayinlari","10":"pa_yazar-julie-garwood","12":"first","13":"instock","14":"sale","15":"shipping-taxable","16":"purchasable","17":"product-type-simple"},"_links":{"self":[{"href":"https:\/\/roveyayinevi.com.tr\/index.php\/wp-json\/wp\/v2\/product\/714491","targetHints":{"allow":["GET"]}}],"collection":[{"href":"https:\/\/roveyayinevi.com.tr\/index.php\/wp-json\/wp\/v2\/product"}],"about":[{"href":"https:\/\/roveyayinevi.com.tr\/index.php\/wp-json\/wp\/v2\/types\/product"}],"wp:attachment":[{"href":"https:\/\/roveyayinevi.com.tr\/index.php\/wp-json\/wp\/v2\/media?parent=714491"}],"wp:term":[{"taxonomy":"product_brand","embeddable":true,"href":"https:\/\/roveyayinevi.com.tr\/index.php\/wp-json\/wp\/v2\/product_brand?post=714491"},{"taxonomy":"product_cat","embeddable":true,"href":"https:\/\/roveyayinevi.com.tr\/index.php\/wp-json\/wp\/v2\/product_cat?post=714491"},{"taxonomy":"product_tag","embeddable":true,"href":"https:\/\/roveyayinevi.com.tr\/index.php\/wp-json\/wp\/v2\/product_tag?post=714491"}],"curies":[{"name":"wp","href":"https:\/\/api.w.org\/{rel}","templated":true}]}}