{"id":714486,"date":"2025-08-27T17:19:01","date_gmt":"2025-08-27T14:19:01","guid":{"rendered":"https:\/\/roveyayinevi.com.tr\/index.php\/urun\/maksat-samimiyet\/"},"modified":"2026-04-16T02:22:51","modified_gmt":"2026-04-15T23:22:51","slug":"maksat-samimiyet","status":"publish","type":"product","link":"https:\/\/roveyayinevi.com.tr\/index.php\/urun\/maksat-samimiyet\/","title":{"rendered":"Maksat Samimiyet"},"content":{"rendered":"<p>Oscar Wilde (1854-1900): \u0130rlandal\u0131 d\u00e2hi yazar, Victoria d\u00f6neminde edebi zek\u00e2s\u0131, ince alayc\u0131l\u0131\u011f\u0131 ve s\u0131ra d\u0131\u015f\u0131 ya\u015fant\u0131s\u0131yla 19. y\u00fczy\u0131l estetizm hareketinin Britanya\u2019daki en tan\u0131nm\u0131\u015f temsilcisi haline geldi. \u015eiir, \u00f6yk\u00fc ve oyunlar\u0131n\u0131n yan\u0131 s\u0131ra Dorian Gray\u2019in Portresi adl\u0131 roman\u0131yla \u00fcn kazand\u0131. D\u00f6nemin kat\u0131 ahlak anlay\u0131\u015f\u0131n\u0131n sonucu olarak cinsel y\u00f6nelimi nedeniyle yarg\u0131lan\u0131p iki y\u0131l hapse mahk\u00fbm edildi. Reading Zindan\u0131 Balad\u0131 adl\u0131 \u015fiir kitab\u0131n\u0131 ve \u00f6l\u00fcm\u00fcnden sonra De Profundis ad\u0131yla yay\u0131mlanan uzun mektubu bu s\u0131rada yazm\u0131\u015ft\u0131r. \u0130lk kez 14 \u015eubat 1895\u2019te Londra\u2019daki St James Tiyatrosu\u2019nda sahneye konan Maksat Samimiyet, 19. y\u00fczy\u0131l \u0130ngiliz tiyatrosunda n\u00fckte ve zek\u00e2ya dayal\u0131 yeni komedi t\u00fcr\u00fcn\u00fcn en ba\u015far\u0131l\u0131 \u00f6rne\u011fi kabul edildi. Oyun g\u00f6r\u00fcn\u00fc\u015fte \u00f6nemsiz ayr\u0131nt\u0131lar \u00fczerinde durmakla birlikte Victoria d\u00f6neminin ikiy\u00fczl\u00fcl\u00fc\u011f\u00fcn\u00fc ac\u0131mas\u0131zca sergiler. Oscar Wilde \u00f6zg\u00fcrl\u00fc\u011fe kavu\u015ftuktan \u00fc\u00e7 y\u0131l sonra Paris\u2019te yoksulluk i\u00e7inde \u00f6ld\u00fc. De\u011ferli edebiyat\u00e7\u0131m\u0131z Cevat \u00c7apan\u2019a ve Can Y\u00fccel ailesine daha \u00f6nce yay\u0131mlanmam\u0131\u015f bu Oscar Wilde \u00e7evirisini okura sunmam\u0131z\u0131 m\u00fcmk\u00fcn k\u0131ld\u0131klar\u0131 i\u00e7in te\u015fekk\u00fcr\u00fc bor\u00e7 biliriz.<\/p>\n","protected":false},"excerpt":{"rendered":"<p>Oscar Wilde (1854-1900): \u0130rlandal\u0131 d\u00e2hi yazar, Victoria d\u00f6neminde edebi zek\u00e2s\u0131, ince alayc\u0131l\u0131\u011f\u0131 ve s\u0131ra d\u0131\u015f\u0131 ya\u015fant\u0131s\u0131yla 19. y\u00fczy\u0131l estetizm hareketinin Britanya\u2019daki en tan\u0131nm\u0131\u015f temsilcisi haline geldi.<span class=\"excerpt-hellip\"> [\u2026]<\/span><\/p>\n","protected":false},"featured_media":0,"template":"","meta":{"_monsterinsights_skip_tracking":false,"_monsterinsights_sitenote_active":false,"_monsterinsights_sitenote_note":"","_monsterinsights_sitenote_category":0},"product_brand":[],"product_cat":[12291,15566],"product_tag":[],"class_list":{"0":"post-714486","1":"product","2":"type-product","3":"status-publish","5":"product_cat-edebiyat","6":"product_cat-oyun","7":"pa_cilt-ciltsiz","8":"pa_tur-kitap","9":"pa_yayinevi-is-bankasi-kultur-yayinlari","10":"pa_yazar-oscar-wilde","12":"first","13":"instock","14":"sale","15":"shipping-taxable","16":"purchasable","17":"product-type-simple"},"_links":{"self":[{"href":"https:\/\/roveyayinevi.com.tr\/index.php\/wp-json\/wp\/v2\/product\/714486","targetHints":{"allow":["GET"]}}],"collection":[{"href":"https:\/\/roveyayinevi.com.tr\/index.php\/wp-json\/wp\/v2\/product"}],"about":[{"href":"https:\/\/roveyayinevi.com.tr\/index.php\/wp-json\/wp\/v2\/types\/product"}],"wp:attachment":[{"href":"https:\/\/roveyayinevi.com.tr\/index.php\/wp-json\/wp\/v2\/media?parent=714486"}],"wp:term":[{"taxonomy":"product_brand","embeddable":true,"href":"https:\/\/roveyayinevi.com.tr\/index.php\/wp-json\/wp\/v2\/product_brand?post=714486"},{"taxonomy":"product_cat","embeddable":true,"href":"https:\/\/roveyayinevi.com.tr\/index.php\/wp-json\/wp\/v2\/product_cat?post=714486"},{"taxonomy":"product_tag","embeddable":true,"href":"https:\/\/roveyayinevi.com.tr\/index.php\/wp-json\/wp\/v2\/product_tag?post=714486"}],"curies":[{"name":"wp","href":"https:\/\/api.w.org\/{rel}","templated":true}]}}