{"id":714484,"date":"2025-08-27T17:19:00","date_gmt":"2025-08-27T14:19:00","guid":{"rendered":"https:\/\/roveyayinevi.com.tr\/index.php\/urun\/bir-kadinin-yasamindan-yirmi-dort-saat-3\/"},"modified":"2026-04-16T02:22:51","modified_gmt":"2026-04-15T23:22:51","slug":"bir-kadinin-yasamindan-yirmi-dort-saat-3","status":"publish","type":"product","link":"https:\/\/roveyayinevi.com.tr\/index.php\/urun\/bir-kadinin-yasamindan-yirmi-dort-saat-3\/","title":{"rendered":"Bir Kad\u0131n\u0131n Ya\u015fam\u0131ndan Yirmi D\u00f6rt Saat"},"content":{"rendered":"<p>Misafirlerden birinin ani yok olu\u015fu, Riviera\u2019daki k\u00fc\u00e7\u00fck pansiyonda konaklayan di\u011fer konuklar\u0131n tela\u015flanmas\u0131na neden olur. K\u0131sa s\u00fcre i\u00e7erisinde, Madam Henriette\u2019nin bir g\u00fcn \u00f6nce tan\u0131\u015ft\u0131\u011f\u0131 gen\u00e7 ve karizmatik bir Frans\u0131zla ka\u00e7t\u0131\u011f\u0131 ortaya \u00e7\u0131kar. \u0130nan\u0131l\u0131r gibi de\u011fildir! Otel konuklar\u0131n\u0131n yarg\u0131lay\u0131c\u0131 konu\u015fmalar\u0131, kitab\u0131n ba\u015fkahraman\u0131n\u0131 Bayan Henriette\u2019yi savunmaya zorlar. Mrs. C.\u2019nin toplulu\u011fa kat\u0131lmas\u0131yla konuklar aras\u0131nda ya\u015fanan ate\u015fli tart\u0131\u015fma biraz olsun hafifler. Fakat bu kad\u0131n hakk\u0131nda bilmedikleri bir \u015fey vard\u0131r: Vaktiyle onun da hayat\u0131na gen\u00e7 bir adam girmi\u015ftir. Mrs. C. anlatmaya ba\u015flar: Hayat\u0131, vaktiyle ge\u00e7irdi\u011fi yirmi d\u00f6rt saatten sonra bir daha asla eskisi gibi olmam\u0131\u015ft\u0131r.<\/p>\n","protected":false},"excerpt":{"rendered":"<p>Misafirlerden birinin ani yok olu\u015fu, Riviera\u2019daki k\u00fc\u00e7\u00fck pansiyonda konaklayan di\u011fer konuklar\u0131n tela\u015flanmas\u0131na neden olur. K\u0131sa s\u00fcre i\u00e7erisinde, Madam Henriette\u2019nin bir g\u00fcn \u00f6nce tan\u0131\u015ft\u0131\u011f\u0131 gen\u00e7 ve karizmatik<span class=\"excerpt-hellip\"> [\u2026]<\/span><\/p>\n","protected":false},"featured_media":0,"template":"","meta":{"_monsterinsights_skip_tracking":false,"_monsterinsights_sitenote_active":false,"_monsterinsights_sitenote_note":"","_monsterinsights_sitenote_category":0},"product_brand":[],"product_cat":[12291,26797],"product_tag":[],"class_list":{"0":"post-714484","1":"product","2":"type-product","3":"status-publish","5":"product_cat-edebiyat","6":"product_cat-modern-klasikler","7":"pa_cilt-ciltsiz","8":"pa_tur-kitap","9":"pa_yayinevi-bilgi-yayinevi","10":"pa_yazar-stefan-zweig","12":"first","13":"instock","14":"sale","15":"shipping-taxable","16":"purchasable","17":"product-type-simple"},"_links":{"self":[{"href":"https:\/\/roveyayinevi.com.tr\/index.php\/wp-json\/wp\/v2\/product\/714484","targetHints":{"allow":["GET"]}}],"collection":[{"href":"https:\/\/roveyayinevi.com.tr\/index.php\/wp-json\/wp\/v2\/product"}],"about":[{"href":"https:\/\/roveyayinevi.com.tr\/index.php\/wp-json\/wp\/v2\/types\/product"}],"wp:attachment":[{"href":"https:\/\/roveyayinevi.com.tr\/index.php\/wp-json\/wp\/v2\/media?parent=714484"}],"wp:term":[{"taxonomy":"product_brand","embeddable":true,"href":"https:\/\/roveyayinevi.com.tr\/index.php\/wp-json\/wp\/v2\/product_brand?post=714484"},{"taxonomy":"product_cat","embeddable":true,"href":"https:\/\/roveyayinevi.com.tr\/index.php\/wp-json\/wp\/v2\/product_cat?post=714484"},{"taxonomy":"product_tag","embeddable":true,"href":"https:\/\/roveyayinevi.com.tr\/index.php\/wp-json\/wp\/v2\/product_tag?post=714484"}],"curies":[{"name":"wp","href":"https:\/\/api.w.org\/{rel}","templated":true}]}}