{"id":714476,"date":"2025-08-27T17:18:54","date_gmt":"2025-08-27T14:18:54","guid":{"rendered":"https:\/\/roveyayinevi.com.tr\/index.php\/urun\/serafina-ve-parcalanmis-yurek\/"},"modified":"2026-04-16T02:22:51","modified_gmt":"2026-04-15T23:22:51","slug":"serafina-ve-parcalanmis-yurek","status":"publish","type":"product","link":"https:\/\/roveyayinevi.com.tr\/index.php\/urun\/serafina-ve-parcalanmis-yurek\/","title":{"rendered":"Serafina ve Par\u00e7alanm\u0131\u015f Y\u00fcrek"},"content":{"rendered":"<p>F\u0131rt\u0131na yakla\u015f\u0131yor&#8230; Serafina\u2019ya bir \u015fey olmu\u015ftu. Anlamad\u0131\u011f\u0131 bir karanl\u0131\u011fa uyanm\u0131\u015ft\u0131 ve korkun\u00e7 bir d\u00f6v\u00fc\u015ften \u00e7\u0131km\u0131\u015f gibi yara bere i\u00e7indeydi. Biltmore\u2019daki hayat \u00e7ok de\u011fi\u015fmi\u015fti ve eski arkada\u015flar\u0131, akla hayale s\u0131\u011fmayan \u015feyler yap\u0131yordu. D\u00fc\u015fman ise her yerdeydi. Gizemli, isimsiz bir g\u00fc\u00e7 Biltmore\u2019a do\u011fru geliyor ve beraberinde \u00f6n\u00fcne \u00e7\u0131kan her \u015feyi yerle bir edecek f\u0131rt\u0131nalar ve seller getiriyordu. Serafina kendisine neler oldu\u011funu anlamal\u0131 ve \u00e7ok ge\u00e7 olmadan yeni ve tuhaf g\u00fc\u00e7lerini kullanmay\u0131 \u00f6\u011frenmeliydi. \u0130mk\u00e2ns\u0131z\u0131 ger\u00e7ekle\u015ftirmesi i\u00e7in sadece g\u00fcnler varken Serafina, Biltmore Evi\u2019nin koruyucusu, Braeden\u2019\u0131n arkada\u015f\u0131, babas\u0131n\u0131n k\u0131z\u0131 ve Mavi Bay\u0131r Da\u011flar\u0131\u2019n\u0131n ve t\u00fcm sakinlerinin kahraman\u0131 olarak yerini tekrar kazanmak i\u00e7in sava\u015fmak zorunda kalacakt\u0131. Robert Beatty\u2019nin \u00e7oksatan serisinin \u00fc\u00e7\u00fcnc\u00fc kitab\u0131nda Serafina, sevdiklerini koruyup olmas\u0131 gereken insana d\u00f6n\u00fc\u015fmek i\u00e7in \u00e7abalarken, edebiyat\u0131n \u00f6nc\u00fcleri aras\u0131nda hak etti\u011fi yere ula\u015f\u0131yor. <\/p>\n","protected":false},"excerpt":{"rendered":"<p>F\u0131rt\u0131na yakla\u015f\u0131yor&#8230; Serafina\u2019ya bir \u015fey olmu\u015ftu. Anlamad\u0131\u011f\u0131 bir karanl\u0131\u011fa uyanm\u0131\u015ft\u0131 ve korkun\u00e7 bir d\u00f6v\u00fc\u015ften \u00e7\u0131km\u0131\u015f gibi yara bere i\u00e7indeydi. Biltmore\u2019daki hayat \u00e7ok de\u011fi\u015fmi\u015fti ve eski arkada\u015flar\u0131,<span class=\"excerpt-hellip\"> [\u2026]<\/span><\/p>\n","protected":false},"featured_media":0,"template":"","meta":{"_monsterinsights_skip_tracking":false,"_monsterinsights_sitenote_active":false,"_monsterinsights_sitenote_note":"","_monsterinsights_sitenote_category":0},"product_brand":[],"product_cat":[12291,14777],"product_tag":[],"class_list":{"0":"post-714476","1":"product","2":"type-product","3":"status-publish","5":"product_cat-edebiyat","6":"product_cat-fantastik","7":"pa_cilt-ciltli","8":"pa_tur-kitap","9":"pa_yayinevi-yabanci-yayinevi","10":"pa_yazar-robert-beatty","12":"first","13":"instock","14":"sale","15":"shipping-taxable","16":"purchasable","17":"product-type-simple"},"_links":{"self":[{"href":"https:\/\/roveyayinevi.com.tr\/index.php\/wp-json\/wp\/v2\/product\/714476","targetHints":{"allow":["GET"]}}],"collection":[{"href":"https:\/\/roveyayinevi.com.tr\/index.php\/wp-json\/wp\/v2\/product"}],"about":[{"href":"https:\/\/roveyayinevi.com.tr\/index.php\/wp-json\/wp\/v2\/types\/product"}],"wp:attachment":[{"href":"https:\/\/roveyayinevi.com.tr\/index.php\/wp-json\/wp\/v2\/media?parent=714476"}],"wp:term":[{"taxonomy":"product_brand","embeddable":true,"href":"https:\/\/roveyayinevi.com.tr\/index.php\/wp-json\/wp\/v2\/product_brand?post=714476"},{"taxonomy":"product_cat","embeddable":true,"href":"https:\/\/roveyayinevi.com.tr\/index.php\/wp-json\/wp\/v2\/product_cat?post=714476"},{"taxonomy":"product_tag","embeddable":true,"href":"https:\/\/roveyayinevi.com.tr\/index.php\/wp-json\/wp\/v2\/product_tag?post=714476"}],"curies":[{"name":"wp","href":"https:\/\/api.w.org\/{rel}","templated":true}]}}