{"id":714458,"date":"2025-08-27T17:18:45","date_gmt":"2025-08-27T14:18:45","guid":{"rendered":"https:\/\/roveyayinevi.com.tr\/index.php\/urun\/sudoku-uzman-seviye-7\/"},"modified":"2025-10-10T04:47:43","modified_gmt":"2025-10-10T01:47:43","slug":"sudoku-uzman-seviye-7","status":"publish","type":"product","link":"https:\/\/roveyayinevi.com.tr\/index.php\/urun\/sudoku-uzman-seviye-7\/","title":{"rendered":"Sudoku Uzman Seviye 7"},"content":{"rendered":"<p>Sizlere yepyeni ve farkl\u0131 bir kitap haz\u0131rlad\u0131k.Elinizdeki kitapta yer alan bulmacalar\u0131 222 zor sudoku \u00e7e\u015fidi alt\u0131nda toplad\u0131k.Elinizdeki kitap; sudoku \u00e7\u00f6z\u00fcm\u00fcnde deneyimli, \u015fimdiye kadar vakit ge\u00e7irmek i\u00e7in bir\u00e7ok kez sudoku \u00e7\u00f6zm\u00fc\u015f ve \u201cBen \u00e7ok zor bulmaca istiyorum\u201d diyenlerin ilgisini \u00e7ekecektir.K\u0131saca, zor seviyede sudoku ad\u0131na herkes bu kitapta arad\u0131\u011f\u0131n\u0131 bulacakt\u0131r.Uzman Sudoku uzun s\u00fcre elinizden d\u00fc\u015f\u00fcremeyece\u011finiz bir bulmaca olacak. Piyasadaki sudoku kitaplar\u0131ndan \u00e7ok farkl\u0131 tam 222 bulmaca i\u00e7ermektedir. Bu kitaptaki sudoku bulmacalar\u0131n\u0131 \u00e7\u00f6zmeye ba\u015flad\u0131\u011f\u0131n\u0131zda fark\u0131 g\u00f6recek, yetene\u011finizi geli\u015ftirecek, e\u011flenecek ve giderek daha da uzmanla\u015facaks\u0131n\u0131z.\u0130yi e\u011flenceler dilerken son bir hat\u0131rlatma yapal\u0131m:Yard\u0131ma ihtiya\u00e7 duydu\u011funuz an \u00e7\u00f6z\u00fcm sayfalar\u0131m\u0131za bak\u0131n&#8230;<\/p>\n","protected":false},"excerpt":{"rendered":"<p>Sizlere yepyeni ve farkl\u0131 bir kitap haz\u0131rlad\u0131k.Elinizdeki kitapta yer alan bulmacalar\u0131 222 zor sudoku \u00e7e\u015fidi alt\u0131nda toplad\u0131k.Elinizdeki kitap; sudoku \u00e7\u00f6z\u00fcm\u00fcnde deneyimli, \u015fimdiye kadar vakit ge\u00e7irmek i\u00e7in<span class=\"excerpt-hellip\"> [\u2026]<\/span><\/p>\n","protected":false},"featured_media":0,"template":"","meta":{"_monsterinsights_skip_tracking":false,"_monsterinsights_sitenote_active":false,"_monsterinsights_sitenote_note":"","_monsterinsights_sitenote_category":0},"product_brand":[],"product_cat":[16943,15563],"product_tag":[],"class_list":{"0":"post-714458","1":"product","2":"type-product","3":"status-publish","5":"product_cat-bilmeceler-bulmacalar","6":"product_cat-hobi","7":"pa_cilt-ciltsiz","8":"pa_tur-kitap10","9":"pa_yayinevi-olimpos-yayinlari","10":"pa_yazar-celal-kodamanoglu","12":"first","13":"instock","14":"sale","15":"shipping-taxable","16":"purchasable","17":"product-type-simple"},"_links":{"self":[{"href":"https:\/\/roveyayinevi.com.tr\/index.php\/wp-json\/wp\/v2\/product\/714458","targetHints":{"allow":["GET"]}}],"collection":[{"href":"https:\/\/roveyayinevi.com.tr\/index.php\/wp-json\/wp\/v2\/product"}],"about":[{"href":"https:\/\/roveyayinevi.com.tr\/index.php\/wp-json\/wp\/v2\/types\/product"}],"wp:attachment":[{"href":"https:\/\/roveyayinevi.com.tr\/index.php\/wp-json\/wp\/v2\/media?parent=714458"}],"wp:term":[{"taxonomy":"product_brand","embeddable":true,"href":"https:\/\/roveyayinevi.com.tr\/index.php\/wp-json\/wp\/v2\/product_brand?post=714458"},{"taxonomy":"product_cat","embeddable":true,"href":"https:\/\/roveyayinevi.com.tr\/index.php\/wp-json\/wp\/v2\/product_cat?post=714458"},{"taxonomy":"product_tag","embeddable":true,"href":"https:\/\/roveyayinevi.com.tr\/index.php\/wp-json\/wp\/v2\/product_tag?post=714458"}],"curies":[{"name":"wp","href":"https:\/\/api.w.org\/{rel}","templated":true}]}}