{"id":714426,"date":"2025-08-27T17:18:25","date_gmt":"2025-08-27T14:18:25","guid":{"rendered":"https:\/\/roveyayinevi.com.tr\/index.php\/urun\/tekerlekli-yalan\/"},"modified":"2026-04-16T02:22:49","modified_gmt":"2026-04-15T23:22:49","slug":"tekerlekli-yalan","status":"publish","type":"product","link":"https:\/\/roveyayinevi.com.tr\/index.php\/urun\/tekerlekli-yalan\/","title":{"rendered":"Tekerlekli Yalan"},"content":{"rendered":"<p>JulietMacur korkun\u00e7 detaylar veriyor. Kan torbalar\u0131. \u015e\u0131r\u0131ngalar. Davalar. Bu nas\u0131l bir \u00e7\u0131lg\u0131nl\u0131k! \u2013EveningStandard.   \u0130mparatorlu\u011fu \u00e7\u00f6km\u00fc\u015f ve evini satmak zorunda olan bir adam\u2026 Onu muhte\u015fem evinde ziyarete gitti\u011finde b\u00f6yle bir Lance Armstrong kar\u015f\u0131l\u0131yor gazeteci JulietMacur&#8217;u. Defalarca kar\u015f\u0131 kar\u015f\u0131ya geldiler. Ama ilk kez yenik bir adam var kar\u015f\u0131s\u0131nda.  Armstrong\u2019un skandal sonras\u0131nda g\u00f6r\u00fc\u015fmeyi kabul etti\u011fi nadir ki\u015filerden biri Macur. Lakin \u00f6yk\u00fcy\u00fc sadece onun a\u011fz\u0131ndan dinlememekte kararl\u0131. Ailesinden yak\u0131n arkada\u015flar\u0131na, yetkililerden sponsorlara, rakiplerinden tak\u0131m arkada\u015flar\u0131na, bilerek ya da bilmeyerek bu b\u00fcy\u00fck yalan\u0131n par\u00e7as\u0131 olmu\u015f y\u00fcz\u00fc a\u015fk\u0131n isimle g\u00f6r\u00fc\u015f\u00fcyor. Ve kar\u015f\u0131m\u0131za doymak bilmez bir h\u0131rsa sahip bir adam\u0131n kimi yerde ac\u0131kl\u0131 kimi yerde g\u00fcl\u00fcn\u00e7 kimi yerdeyse nefret uyand\u0131r\u0131c\u0131, yalanlarla \u00f6r\u00fcl\u00fc hik\u00e2yesi \u00e7\u0131k\u0131yor. \u00dcn\u00fc bisiklet sporunun \u00f6tesine ge\u00e7mi\u015f bir bisiklet\u00e7inin, yetkilileri, gazetecileri ve hayranlar\u0131n\u0131 y\u0131llarca nas\u0131l kand\u0131rd\u0131\u011f\u0131n\u0131, imaj\u0131n\u0131 korumak i\u00e7in nas\u0131l insanlar\u0131 kullanarak \u2013bazen onlar\u0131n hayat\u0131 pahas\u0131na\u2013 etraf\u0131na bir duvar \u00f6rd\u00fc\u011f\u00fcn\u00fc ve \u201cArmstrong Sistemi\u201d ad\u0131yla an\u0131lan, gelmi\u015f ge\u00e7mi\u015f en karma\u015f\u0131k, en ayr\u0131nt\u0131l\u0131 doping program\u0131n\u0131 nas\u0131l \u015feytani bir ustal\u0131kla yaratt\u0131\u011f\u0131n\u0131 ve uygulatt\u0131\u011f\u0131n\u0131 bir bir ortaya koyuyor Macur. TEKERLEKL\u0130 YALAN: Lance Armstrong&#8217;un D\u00fc\u015f\u00fc\u015f\u00fc, kaybetmemek i\u00e7in spor tarihinin en b\u00fcy\u00fck organize su\u00e7 organizasyonunu kurmay\u0131 g\u00f6ze alm\u0131\u015f bir sporcunun, en zengin hayal g\u00fcc\u00fcn\u00fcn bile s\u0131n\u0131rlar\u0131n\u0131 zorlayacak, ak\u0131lalmaz ama ger\u00e7ek hik\u00e2yesi.    Cevaplanmas\u0131 gereken ilk soru: \u201cNeden yapt\u0131 bunu?\u201d Ve \u201cNas\u0131l bu kadar uzun s\u00fcre pa\u00e7ay\u0131 s\u0131y\u0131rabildi?\u201d Macur sis perdesini kald\u0131r\u0131nca ortaya Antik Yunan destanlar\u0131n\u0131 hat\u0131rlatan bir karakter \u00e7\u0131k\u0131yor: \u00f6l\u00fcmc\u00fcl kusurlar\u0131 olan bir yar\u0131 tanr\u0131. \u2013Toronto Star<\/p>\n","protected":false},"excerpt":{"rendered":"<p>JulietMacur korkun\u00e7 detaylar veriyor. Kan torbalar\u0131. \u015e\u0131r\u0131ngalar. Davalar. Bu nas\u0131l bir \u00e7\u0131lg\u0131nl\u0131k! \u2013EveningStandard. \u0130mparatorlu\u011fu \u00e7\u00f6km\u00fc\u015f ve evini satmak zorunda olan bir adam\u2026 Onu muhte\u015fem evinde ziyarete<span class=\"excerpt-hellip\"> [\u2026]<\/span><\/p>\n","protected":false},"featured_media":0,"template":"","meta":{"_monsterinsights_skip_tracking":false,"_monsterinsights_sitenote_active":false,"_monsterinsights_sitenote_note":"","_monsterinsights_sitenote_category":0},"product_brand":[],"product_cat":[14009,12291],"product_tag":[],"class_list":{"0":"post-714426","1":"product","2":"type-product","3":"status-publish","5":"product_cat-biyografi-otobiyografi-edebiyat","6":"product_cat-edebiyat","7":"pa_cilt-ciltsiz","8":"pa_tur-kitap","9":"pa_yayinevi-domingo-yayinevi","10":"pa_yazar-juliet-macur","12":"first","13":"instock","14":"sale","15":"shipping-taxable","16":"purchasable","17":"product-type-simple"},"_links":{"self":[{"href":"https:\/\/roveyayinevi.com.tr\/index.php\/wp-json\/wp\/v2\/product\/714426","targetHints":{"allow":["GET"]}}],"collection":[{"href":"https:\/\/roveyayinevi.com.tr\/index.php\/wp-json\/wp\/v2\/product"}],"about":[{"href":"https:\/\/roveyayinevi.com.tr\/index.php\/wp-json\/wp\/v2\/types\/product"}],"wp:attachment":[{"href":"https:\/\/roveyayinevi.com.tr\/index.php\/wp-json\/wp\/v2\/media?parent=714426"}],"wp:term":[{"taxonomy":"product_brand","embeddable":true,"href":"https:\/\/roveyayinevi.com.tr\/index.php\/wp-json\/wp\/v2\/product_brand?post=714426"},{"taxonomy":"product_cat","embeddable":true,"href":"https:\/\/roveyayinevi.com.tr\/index.php\/wp-json\/wp\/v2\/product_cat?post=714426"},{"taxonomy":"product_tag","embeddable":true,"href":"https:\/\/roveyayinevi.com.tr\/index.php\/wp-json\/wp\/v2\/product_tag?post=714426"}],"curies":[{"name":"wp","href":"https:\/\/api.w.org\/{rel}","templated":true}]}}