{"id":714409,"date":"2025-08-27T17:18:14","date_gmt":"2025-08-27T14:18:14","guid":{"rendered":"https:\/\/roveyayinevi.com.tr\/index.php\/urun\/gol-6-paris-yolcusu-kalmasin\/"},"modified":"2026-04-16T02:22:49","modified_gmt":"2026-04-15T23:22:49","slug":"gol-6-paris-yolcusu-kalmasin","status":"publish","type":"product","link":"https:\/\/roveyayinevi.com.tr\/index.php\/urun\/gol-6-paris-yolcusu-kalmasin\/","title":{"rendered":"Gol! 6 &#8211; Paris Yolcusu Kalmas\u0131n"},"content":{"rendered":"<p>Sekiz c\u0327ocu\u011fun maceralar\u0131, hayalleri ve en b\u00fcy\u00fck tutkular\u0131: Futbol!Tommi ve tak\u0131m arkada\u015flar\u0131 \u015fampiyonay\u0131 kazanamad\u0131lar ama moralleri gayet y\u00fcksek, c\u0327\u00fcnk\u00fc antren\u00f6rleri onlar\u0131 Paris seyahatine \u00e7\u0131kar\u0131yor! \u00c7ocuklar hem bu g\u00fczel \u015fehri geziyorlar hem de d\u00fcnyan\u0131n \u00e7e\u015fitli yerlerinden gelen ya\u015f\u0131tlar\u0131yla kar\u015f\u0131la\u015f\u0131yorlar. So\u011fanc\u0131klar son penalt\u0131ya kadar m\u00fccadeleyi b\u0131rakm\u0131yorlar!<\/p>\n","protected":false},"excerpt":{"rendered":"<p>Sekiz c\u0327ocu\u011fun maceralar\u0131, hayalleri ve en b\u00fcy\u00fck tutkular\u0131: Futbol!Tommi ve tak\u0131m arkada\u015flar\u0131 \u015fampiyonay\u0131 kazanamad\u0131lar ama moralleri gayet y\u00fcksek, c\u0327\u00fcnk\u00fc antren\u00f6rleri onlar\u0131 Paris seyahatine \u00e7\u0131kar\u0131yor! \u00c7ocuklar hem<span class=\"excerpt-hellip\"> [\u2026]<\/span><\/p>\n","protected":false},"featured_media":0,"template":"","meta":{"_monsterinsights_skip_tracking":false,"_monsterinsights_sitenote_active":false,"_monsterinsights_sitenote_note":"","_monsterinsights_sitenote_category":0},"product_brand":[],"product_cat":[12274,12284],"product_tag":[],"class_list":{"0":"post-714409","1":"product","2":"type-product","3":"status-publish","5":"product_cat-cocuk-ve-genclik-kitaplari","6":"product_cat-hikayeler","7":"pa_cilt-ciltsiz","8":"pa_tur-kitap","9":"pa_yayinevi-epsilon-yayinlari","10":"pa_yazar-luigi-garlando","12":"first","13":"instock","14":"sale","15":"shipping-taxable","16":"purchasable","17":"product-type-simple"},"_links":{"self":[{"href":"https:\/\/roveyayinevi.com.tr\/index.php\/wp-json\/wp\/v2\/product\/714409","targetHints":{"allow":["GET"]}}],"collection":[{"href":"https:\/\/roveyayinevi.com.tr\/index.php\/wp-json\/wp\/v2\/product"}],"about":[{"href":"https:\/\/roveyayinevi.com.tr\/index.php\/wp-json\/wp\/v2\/types\/product"}],"wp:attachment":[{"href":"https:\/\/roveyayinevi.com.tr\/index.php\/wp-json\/wp\/v2\/media?parent=714409"}],"wp:term":[{"taxonomy":"product_brand","embeddable":true,"href":"https:\/\/roveyayinevi.com.tr\/index.php\/wp-json\/wp\/v2\/product_brand?post=714409"},{"taxonomy":"product_cat","embeddable":true,"href":"https:\/\/roveyayinevi.com.tr\/index.php\/wp-json\/wp\/v2\/product_cat?post=714409"},{"taxonomy":"product_tag","embeddable":true,"href":"https:\/\/roveyayinevi.com.tr\/index.php\/wp-json\/wp\/v2\/product_tag?post=714409"}],"curies":[{"name":"wp","href":"https:\/\/api.w.org\/{rel}","templated":true}]}}