{"id":714408,"date":"2025-08-27T17:18:13","date_gmt":"2025-08-27T14:18:13","guid":{"rendered":"https:\/\/roveyayinevi.com.tr\/index.php\/urun\/evlilik-bahsi\/"},"modified":"2026-04-16T02:22:49","modified_gmt":"2026-04-15T23:22:49","slug":"evlilik-bahsi","status":"publish","type":"product","link":"https:\/\/roveyayinevi.com.tr\/index.php\/urun\/evlilik-bahsi\/","title":{"rendered":"Evlilik Bahsi"},"content":{"rendered":"<p>New York Times \u00e7ok satan yazar\u0131 Jane Feather, yine George d\u00f6neminde ge\u00e7en tutku ve macera dolu bu a\u015fk hik\u00e2yesiyle, Kendine Yalan S\u00f6yleme adl\u0131 kitab\u0131yla ba\u015flad\u0131\u011f\u0131 Blackater Gelinleri serisine t\u00fcm h\u0131z\u0131yla devam ediyor.New York Times \u00e7ok satan yazar\u0131 Jane Feather, ailenin ipotekli arazilerini kurtarmalar\u0131 i\u00e7in kendilerine inan\u0131lmaz bir f\u0131rsat sunulan \u00fc\u00e7 soylu karde\u015fin hik\u00e2yesini anlatt\u0131\u011f\u0131 b\u00fcy\u00fcleyici \u00fc\u00e7lemesinin yeni kitab\u0131yla bir kez daha okurlar\u0131na keyifli anlar ya\u015fat\u0131yor.Amcalar\u0131, ye\u011fenlerinin evlenmeleri kar\u015f\u0131l\u0131\u011f\u0131nda onlara c\u00f6mert bir miras b\u0131rakaca\u011f\u0131na s\u00f6z verir, ancak tek bir \u015fart\u0131 vard\u0131r: Bu \u00fc\u00e7 gen\u00e7, g\u00f6zden d\u00fc\u015fen kad\u0131nlarla evlenmek zorundad\u0131rlar. Karde\u015flerden biri bile ya\u015fl\u0131 adam\u0131n bu \u015fart\u0131n\u0131 yerine getirmezse, hi\u00e7biri bu beklenmedik serveti almaya hak kazanamayacakt\u0131r.Leydi Serena Grantley soylu olarak do\u011fmu\u015ftur, ama kaderin cilvesi gen\u00e7 kad\u0131n\u0131n g\u00fczelli\u011fini gen\u00e7 erkekleri kumar masalar\u0131na \u00e7ekmek i\u00e7in kullanan kumarbaz \u00fcvey babas\u0131n\u0131n himayesine girmek zorunda b\u0131rak\u0131r onu. Hatta Serena, \u00fcvey babas\u0131n\u0131n emri \u00fczerine ilk a\u015fk\u0131 sayg\u0131de\u011fer Sebastian Sullivan\u2019\u0131 kendinden uzakla\u015ft\u0131r\u0131r. Ama \u00fcvey babas\u0131 onu ahlaks\u0131z bir Kont\u2019la birlikte olmaya zorlay\u0131nca, Serena onun isteklerini yerine getirmemeye karar verir. Kalbinin tek sahibi Sebastian\u2019d\u0131r ve ona s\u0131\u011f\u0131n\u0131r.Ailesine olan sadakati ile sevdi\u011fi kad\u0131n aras\u0131nda kalan Sebastian, ac\u0131mas\u0131z bir \u00e7\u0131kmazla kar\u015f\u0131 kar\u015f\u0131yad\u0131r. Amcas\u0131 hastad\u0131r ve vakti giderek azalmaktad\u0131r. \u00c7aresizce \u00e7\u00f6z\u00fcm yolu arayan Sebastian tehlikeli bir plan yapar. Sebastian\u2019a ve Serena\u2019ya en sonunda bekledikleri saadeti getirecek ya da onlar\u0131 sonsuza kadar ay\u0131racak olan bir kumar oyunudur bu\u2026<\/p>\n","protected":false},"excerpt":{"rendered":"<p>New York Times \u00e7ok satan yazar\u0131 Jane Feather, yine George d\u00f6neminde ge\u00e7en tutku ve macera dolu bu a\u015fk hik\u00e2yesiyle, Kendine Yalan S\u00f6yleme adl\u0131 kitab\u0131yla ba\u015flad\u0131\u011f\u0131 Blackater<span class=\"excerpt-hellip\"> [\u2026]<\/span><\/p>\n","protected":false},"featured_media":0,"template":"","meta":{"_monsterinsights_skip_tracking":false,"_monsterinsights_sitenote_active":false,"_monsterinsights_sitenote_note":"","_monsterinsights_sitenote_category":0},"product_brand":[],"product_cat":[12291,12711],"product_tag":[],"class_list":{"0":"post-714408","1":"product","2":"type-product","3":"status-publish","5":"product_cat-edebiyat","6":"product_cat-roman-oyku","7":"pa_cilt-ciltsiz","8":"pa_tur-kitap","9":"pa_yayinevi-epsilon-yayinlari","10":"pa_yazar-jane-feather","12":"first","13":"instock","14":"sale","15":"shipping-taxable","16":"purchasable","17":"product-type-simple"},"_links":{"self":[{"href":"https:\/\/roveyayinevi.com.tr\/index.php\/wp-json\/wp\/v2\/product\/714408","targetHints":{"allow":["GET"]}}],"collection":[{"href":"https:\/\/roveyayinevi.com.tr\/index.php\/wp-json\/wp\/v2\/product"}],"about":[{"href":"https:\/\/roveyayinevi.com.tr\/index.php\/wp-json\/wp\/v2\/types\/product"}],"wp:attachment":[{"href":"https:\/\/roveyayinevi.com.tr\/index.php\/wp-json\/wp\/v2\/media?parent=714408"}],"wp:term":[{"taxonomy":"product_brand","embeddable":true,"href":"https:\/\/roveyayinevi.com.tr\/index.php\/wp-json\/wp\/v2\/product_brand?post=714408"},{"taxonomy":"product_cat","embeddable":true,"href":"https:\/\/roveyayinevi.com.tr\/index.php\/wp-json\/wp\/v2\/product_cat?post=714408"},{"taxonomy":"product_tag","embeddable":true,"href":"https:\/\/roveyayinevi.com.tr\/index.php\/wp-json\/wp\/v2\/product_tag?post=714408"}],"curies":[{"name":"wp","href":"https:\/\/api.w.org\/{rel}","templated":true}]}}