{"id":714407,"date":"2025-08-27T17:18:13","date_gmt":"2025-08-27T14:18:13","guid":{"rendered":"https:\/\/roveyayinevi.com.tr\/index.php\/urun\/osmanli-imparatorlugunda-kolelik-ve-kadinlar\/"},"modified":"2026-04-16T02:22:49","modified_gmt":"2026-04-15T23:22:49","slug":"osmanli-imparatorlugunda-kolelik-ve-kadinlar","status":"publish","type":"product","link":"https:\/\/roveyayinevi.com.tr\/index.php\/urun\/osmanli-imparatorlugunda-kolelik-ve-kadinlar\/","title":{"rendered":"Osmanl\u0131 \u0130mparatorlu\u011fu&#8217;nda K\u00f6lelik ve Kad\u0131nlar"},"content":{"rendered":"<p>Osmanl\u0131 \u0130mparatorlu\u011fu\u2019nun 1453\u2019ten beri ba\u015fkenti olan \u0130stanbul, 17. ve 18. y\u00fczy\u0131llarda d\u00f6rt y\u00fcz bin civar\u0131nda bir n\u00fcfusa sahipti. Bu megakent sadece Osmanl\u0131 vilayetlerinden de\u011fil, imparatorluk s\u0131n\u0131rlar\u0131n\u0131n \u00f6tesinden erkekleri ve kad\u0131nlar\u0131 da kendine \u00e7ekiyordu. Zaman i\u00e7inde, yeni g\u00f6\u00e7 dalgalar\u0131, \u00f6zg\u00fcr erkekler ve kad\u0131nlar\u0131n yan\u0131 s\u0131ra \u00e7o\u011funu yabanc\u0131 esirlerin olu\u015fturdu\u011fu zorla isk\u00e2n edilen insanlar kente akt\u0131. Osmanl\u0131 \u0130mparatorlu\u011fu\u2019nda K\u00f6lelik ve Kad\u0131nlar, i\u015fte bu \u0130stanbul\u2018umerkezine koyan kar\u015f\u0131la\u015ft\u0131rmal\u0131 bir bak\u0131\u015fla, k\u00f6lelik ve sosyal d\u00fczenlemeler\u00fczerinden Osmanl\u0131 \u0130mparatorlu\u011fu\u2019ndaki toplumsal cinsiyet politikalar\u0131n\u0131inceliyor. Madeline C. Zilfi, 18. ve 19. y\u00fczy\u0131llarda, \u00f6zellikle II. Mahmudd\u00f6neminin sonuna kadar kad\u0131n k\u00f6leli\u011finin Osmanl\u0131 uygulamas\u0131nda ne denlimerkezi bir yer tuttu\u011funu vurgularken, emperyal y\u00f6netimin ve se\u00e7kinlerintoplumsal \u00fcreme mekanizmalar\u0131n\u0131n nas\u0131l vazge\u00e7ilmez bir par\u00e7as\u0131 haline geldi\u011fini de g\u00f6steriyor<\/p>\n","protected":false},"excerpt":{"rendered":"<p>Osmanl\u0131 \u0130mparatorlu\u011fu\u2019nun 1453\u2019ten beri ba\u015fkenti olan \u0130stanbul, 17. ve 18. y\u00fczy\u0131llarda d\u00f6rt y\u00fcz bin civar\u0131nda bir n\u00fcfusa sahipti. Bu megakent sadece Osmanl\u0131 vilayetlerinden de\u011fil, imparatorluk s\u0131n\u0131rlar\u0131n\u0131n<span class=\"excerpt-hellip\"> [\u2026]<\/span><\/p>\n","protected":false},"featured_media":0,"template":"","meta":{"_monsterinsights_skip_tracking":false,"_monsterinsights_sitenote_active":false,"_monsterinsights_sitenote_note":"","_monsterinsights_sitenote_category":0},"product_brand":[],"product_cat":[13517,12304],"product_tag":[],"class_list":{"0":"post-714407","1":"product","2":"type-product","3":"status-publish","5":"product_cat-osmanli-tarihi","6":"product_cat-tarih","7":"pa_cilt-ciltsiz","8":"pa_tur-kitap","9":"pa_yayinevi-is-bankasi-kultur-yayinlari","10":"pa_yazar-madeline-c-zilfi","12":"first","13":"instock","14":"sale","15":"shipping-taxable","16":"purchasable","17":"product-type-simple"},"_links":{"self":[{"href":"https:\/\/roveyayinevi.com.tr\/index.php\/wp-json\/wp\/v2\/product\/714407","targetHints":{"allow":["GET"]}}],"collection":[{"href":"https:\/\/roveyayinevi.com.tr\/index.php\/wp-json\/wp\/v2\/product"}],"about":[{"href":"https:\/\/roveyayinevi.com.tr\/index.php\/wp-json\/wp\/v2\/types\/product"}],"wp:attachment":[{"href":"https:\/\/roveyayinevi.com.tr\/index.php\/wp-json\/wp\/v2\/media?parent=714407"}],"wp:term":[{"taxonomy":"product_brand","embeddable":true,"href":"https:\/\/roveyayinevi.com.tr\/index.php\/wp-json\/wp\/v2\/product_brand?post=714407"},{"taxonomy":"product_cat","embeddable":true,"href":"https:\/\/roveyayinevi.com.tr\/index.php\/wp-json\/wp\/v2\/product_cat?post=714407"},{"taxonomy":"product_tag","embeddable":true,"href":"https:\/\/roveyayinevi.com.tr\/index.php\/wp-json\/wp\/v2\/product_tag?post=714407"}],"curies":[{"name":"wp","href":"https:\/\/api.w.org\/{rel}","templated":true}]}}