{"id":714402,"date":"2025-08-27T17:18:10","date_gmt":"2025-08-27T14:18:10","guid":{"rendered":"https:\/\/roveyayinevi.com.tr\/index.php\/urun\/ayin-cevresinde\/"},"modified":"2026-04-16T02:22:49","modified_gmt":"2026-04-15T23:22:49","slug":"ayin-cevresinde","status":"publish","type":"product","link":"https:\/\/roveyayinevi.com.tr\/index.php\/urun\/ayin-cevresinde\/","title":{"rendered":"Ay\u2019\u0131n \u00c7evresinde"},"content":{"rendered":"<p>Ay\u2019a Yolculuk ile ba\u015flayan \u00e7\u0131lg\u0131n macera, Ay\u2019\u0131n \u00c7evresinde ile devam ediyor.   Amerikan \u0130\u00e7 Sava\u015f\u0131 sonras\u0131nda emekli askerlerin topland\u0131\u011f\u0131 \u201cSilah Kul\u00fcb\u00fc\u201d \u00fcyelerinin, ya\u015fama ge\u00e7irilmesi g\u00fc\u00e7 bir  \u201cd\u00fc\u015f\u201d olarak nitelenen \u201cAy\u2019a mermi g\u00f6nderme\u201d projesi kapsam\u0131nda, Silah Kul\u00fcb\u00fc Ba\u015fkan\u0131 Barbicane, Y\u00fczba\u015f\u0131 Nicholl ve macera d\u00fc\u015fk\u00fcn\u00fc bir sanat\u00e7\u0131 olan Michel Ardan dev bir mermiyle Ay\u2019a f\u0131rlat\u0131lacaklard\u0131r. Bu kitap, bu \u00fc\u00e7 \u00e7\u0131lg\u0131n macerac\u0131n\u0131n uzay arac\u0131yla D\u00fcnya\u2019dan ayr\u0131ld\u0131ktan sonra, Ay\u2019a olan yolculuklar\u0131nda ba\u015flar\u0131ndan ge\u00e7enleri anlat\u0131r. Bakal\u0131m maceraperest kahramanlar\u0131m\u0131z, bu d\u00fc\u015f\u00fc ger\u00e7ekle\u015ftirebilecekler mi?   \u0130nsano\u011flunun Ay\u2019\u0131n y\u00fczeyine ayak basmas\u0131ndan yakla\u015f\u0131k 150 y\u0131l \u00f6nce yaz\u0131lan bu roman, edebiyatta bilimkurgu t\u00fcr\u00fcn\u00fcn \u00f6nc\u00fcs\u00fc olan Jules Verne\u2019in bilimsel dehas\u0131n\u0131n en g\u00fczel \u00f6rneklerindendir. <\/p>\n","protected":false},"excerpt":{"rendered":"<p>Ay\u2019a Yolculuk ile ba\u015flayan \u00e7\u0131lg\u0131n macera, Ay\u2019\u0131n \u00c7evresinde ile devam ediyor. Amerikan \u0130\u00e7 Sava\u015f\u0131 sonras\u0131nda emekli askerlerin topland\u0131\u011f\u0131 \u201cSilah Kul\u00fcb\u00fc\u201d \u00fcyelerinin, ya\u015fama ge\u00e7irilmesi g\u00fc\u00e7 bir \u201cd\u00fc\u015f\u201d<span class=\"excerpt-hellip\"> [\u2026]<\/span><\/p>\n","protected":false},"featured_media":0,"template":"","meta":{"_monsterinsights_skip_tracking":false,"_monsterinsights_sitenote_active":false,"_monsterinsights_sitenote_note":"","_monsterinsights_sitenote_category":0},"product_brand":[],"product_cat":[12274,12467],"product_tag":[],"class_list":{"0":"post-714402","1":"product","2":"type-product","3":"status-publish","5":"product_cat-cocuk-ve-genclik-kitaplari","6":"product_cat-dunya-klasikleri","7":"pa_cilt-ciltsiz","8":"pa_tur-kitap","9":"pa_yayinevi-arkadas-yayinlari","10":"pa_yazar-jules-verne","12":"first","13":"instock","14":"sale","15":"shipping-taxable","16":"purchasable","17":"product-type-simple"},"_links":{"self":[{"href":"https:\/\/roveyayinevi.com.tr\/index.php\/wp-json\/wp\/v2\/product\/714402","targetHints":{"allow":["GET"]}}],"collection":[{"href":"https:\/\/roveyayinevi.com.tr\/index.php\/wp-json\/wp\/v2\/product"}],"about":[{"href":"https:\/\/roveyayinevi.com.tr\/index.php\/wp-json\/wp\/v2\/types\/product"}],"wp:attachment":[{"href":"https:\/\/roveyayinevi.com.tr\/index.php\/wp-json\/wp\/v2\/media?parent=714402"}],"wp:term":[{"taxonomy":"product_brand","embeddable":true,"href":"https:\/\/roveyayinevi.com.tr\/index.php\/wp-json\/wp\/v2\/product_brand?post=714402"},{"taxonomy":"product_cat","embeddable":true,"href":"https:\/\/roveyayinevi.com.tr\/index.php\/wp-json\/wp\/v2\/product_cat?post=714402"},{"taxonomy":"product_tag","embeddable":true,"href":"https:\/\/roveyayinevi.com.tr\/index.php\/wp-json\/wp\/v2\/product_tag?post=714402"}],"curies":[{"name":"wp","href":"https:\/\/api.w.org\/{rel}","templated":true}]}}