{"id":714400,"date":"2025-08-27T17:18:08","date_gmt":"2025-08-27T14:18:08","guid":{"rendered":"https:\/\/roveyayinevi.com.tr\/index.php\/urun\/minik-adimlar-paylasmayi-sevmeyen-ilma\/"},"modified":"2025-11-06T04:50:10","modified_gmt":"2025-11-06T01:50:10","slug":"minik-adimlar-paylasmayi-sevmeyen-ilma","status":"publish","type":"product","link":"https:\/\/roveyayinevi.com.tr\/index.php\/urun\/minik-adimlar-paylasmayi-sevmeyen-ilma\/","title":{"rendered":"Minik Ad\u0131mlar &#8211; Payla\u015fmay\u0131 Sevmeyen \u0130lma"},"content":{"rendered":"<p>\u0130lma payla\u015fmay\u0131 hi\u00e7 mi hi\u00e7 sevmiyor\u2026 Kendi istedi\u011fi ya da sevdi\u011fi \u015feylerin sadece ona ait olmas\u0131 konusunda \u0131srarc\u0131\u2026 Ama bu tavr\u0131 sorun yarat\u0131yor ve onu de\u011fi\u015fmeye zorluyor\u2026   Minik Ad\u0131mlar dizisinde yer alan kitaplar, \u00e7ocuklar\u0131m\u0131z\u0131n \u00e7e\u015fitli konularda kendilerini geli\u015ftirmeleri i\u00e7in yol g\u00f6steriyor.<\/p>\n","protected":false},"excerpt":{"rendered":"<p>\u0130lma payla\u015fmay\u0131 hi\u00e7 mi hi\u00e7 sevmiyor\u2026 Kendi istedi\u011fi ya da sevdi\u011fi \u015feylerin sadece ona ait olmas\u0131 konusunda \u0131srarc\u0131\u2026 Ama bu tavr\u0131 sorun yarat\u0131yor ve onu de\u011fi\u015fmeye<span class=\"excerpt-hellip\"> [\u2026]<\/span><\/p>\n","protected":false},"featured_media":0,"template":"","meta":{"_monsterinsights_skip_tracking":false,"_monsterinsights_sitenote_active":false,"_monsterinsights_sitenote_note":"","_monsterinsights_sitenote_category":0},"product_brand":[],"product_cat":[12274,12518],"product_tag":[],"class_list":{"0":"post-714400","1":"product","2":"type-product","3":"status-publish","5":"product_cat-cocuk-ve-genclik-kitaplari","6":"product_cat-okul-oncesi-kitaplar","7":"pa_cilt-ciltsiz","8":"pa_tur-kitap","9":"pa_yayinevi-1001-cicek-kitaplar","10":"pa_yazar-julie-gassman","12":"first","13":"instock","14":"sale","15":"shipping-taxable","16":"purchasable","17":"product-type-simple"},"_links":{"self":[{"href":"https:\/\/roveyayinevi.com.tr\/index.php\/wp-json\/wp\/v2\/product\/714400","targetHints":{"allow":["GET"]}}],"collection":[{"href":"https:\/\/roveyayinevi.com.tr\/index.php\/wp-json\/wp\/v2\/product"}],"about":[{"href":"https:\/\/roveyayinevi.com.tr\/index.php\/wp-json\/wp\/v2\/types\/product"}],"wp:attachment":[{"href":"https:\/\/roveyayinevi.com.tr\/index.php\/wp-json\/wp\/v2\/media?parent=714400"}],"wp:term":[{"taxonomy":"product_brand","embeddable":true,"href":"https:\/\/roveyayinevi.com.tr\/index.php\/wp-json\/wp\/v2\/product_brand?post=714400"},{"taxonomy":"product_cat","embeddable":true,"href":"https:\/\/roveyayinevi.com.tr\/index.php\/wp-json\/wp\/v2\/product_cat?post=714400"},{"taxonomy":"product_tag","embeddable":true,"href":"https:\/\/roveyayinevi.com.tr\/index.php\/wp-json\/wp\/v2\/product_tag?post=714400"}],"curies":[{"name":"wp","href":"https:\/\/api.w.org\/{rel}","templated":true}]}}