{"id":714384,"date":"2025-08-27T17:17:57","date_gmt":"2025-08-27T14:17:57","guid":{"rendered":"https:\/\/roveyayinevi.com.tr\/index.php\/urun\/turk-destanlarindan-kalevala-destanina\/"},"modified":"2025-10-14T04:44:41","modified_gmt":"2025-10-14T01:44:41","slug":"turk-destanlarindan-kalevala-destanina","status":"publish","type":"product","link":"https:\/\/roveyayinevi.com.tr\/index.php\/urun\/turk-destanlarindan-kalevala-destanina\/","title":{"rendered":"T\u00fcrk Destanlar\u0131ndan Kalevala Destan\u0131na"},"content":{"rendered":"<p>Destanlar, mitolojik anlat\u0131lar ve arkaik d\u00f6nemlerin mistik g\u00fc\u00e7leri insano\u011flunun ilgisini her zaman \u00e7ekmi\u015ftir. Eski topluluklar, tabiat\u0131n temel unsurlar\u0131na ba\u011fl\u0131 olarak olu\u015fturduklar\u0131 mitler ve k\u00fcltler do\u011frultusunda ya\u015famlar\u0131n\u0131 anlamland\u0131rmaya \u00e7al\u0131\u015fm\u0131\u015flard\u0131r. T\u00fcm bu hayata anlam verme \u00e7abas\u0131 ortaya mitik anlat\u0131lar\u0131 \u00e7\u0131karm\u0131\u015ft\u0131r. Ge\u00e7mi\u015ften g\u00fcn\u00fcm\u00fcze kadar anlat\u0131lagelen ve i\u00e7erisinde ola\u011fan\u00fcst\u00fcvarl\u0131klar\u0131n, t\u0131ls\u0131ml\u0131 nesnelerin ve gizemli olaylar\u0131n yer ald\u0131\u011f\u0131 destanlar sadece ait oldu\u011fu milletlerin de\u011fil topyek\u00fbn insanl\u0131\u011f\u0131n boy aynas\u0131 niteli\u011findedir. O aynaya bakarken kimi zaman kendimize dair birtak\u0131m \u015feyler de g\u00f6r\u00fcr\u00fcz.Ursula K. Le Guin Yerdeniz B\u00fcy\u00fcc\u00fcs\u00fc\u2019nde, Patrick Rothfuss Kral Katili G\u00fcncesi serisini olu\u015ftururken, Tolkien Kullervo\u2019nun Hikayesi\u2019ni yazarken Kalevala destan\u0131ndan esinlenmi\u015fler, destandan yer yer al\u0131nt\u0131lar da yapm\u0131\u015flard\u0131r. D\u00fcnya edebiyat\u0131na ilham kayna\u011f\u0131 olan Kalevala destan\u0131 ile di\u011fer d\u00fcnya destanlar\u0131 aras\u0131nda da s\u0131k\u0131 bir ili\u015fki bulunmaktad\u0131r.\u0130\u015fte elinizdeki bu kitapta da b\u00fcy\u00fck Fin destan\u0131 Kalevala ile T\u00fcrklerin mitolojik destanlar\u0131n\u0131n benzer ve farkl\u0131 y\u00f6nleriyle kar\u015f\u0131la\u015ft\u0131r\u0131l\u0131yor. Kitab\u0131 okurken sihirli de\u011firmen Sampo\u2019yu seyre dal\u0131p kantelenin mistik ezgilerini dinlerken Dede Korkut\u2019un kopuzunun da sesini duyar gibi olacaks\u0131n\u0131z. Bu kitap; Manas, Ergenekon, Dede Korkut ve di\u011fer T\u00fcrk destanlar\u0131 ile Kalevala aras\u0131ndaki benzerliklere \u015fahit olmak; ge\u00e7mi\u015fin b\u00fcy\u00fcl\u00fc d\u00fcnyas\u0131na yolculu\u011fa \u00e7\u0131kmak i\u00e7in rehber niteli\u011finde.<\/p>\n","protected":false},"excerpt":{"rendered":"<p>Destanlar, mitolojik anlat\u0131lar ve arkaik d\u00f6nemlerin mistik g\u00fc\u00e7leri insano\u011flunun ilgisini her zaman \u00e7ekmi\u015ftir. Eski topluluklar, tabiat\u0131n temel unsurlar\u0131na ba\u011fl\u0131 olarak olu\u015fturduklar\u0131 mitler ve k\u00fcltler do\u011frultusunda ya\u015famlar\u0131n\u0131<span class=\"excerpt-hellip\"> [\u2026]<\/span><\/p>\n","protected":false},"featured_media":0,"template":"","meta":{"_monsterinsights_skip_tracking":false,"_monsterinsights_sitenote_active":false,"_monsterinsights_sitenote_note":"","_monsterinsights_sitenote_category":0},"product_brand":[],"product_cat":[12304,13650],"product_tag":[],"class_list":{"0":"post-714384","1":"product","2":"type-product","3":"status-publish","5":"product_cat-tarih","6":"product_cat-turk-tarihi-arastirmalari","7":"pa_cilt-ciltsiz","8":"pa_tur-kitap","9":"pa_yayinevi-karakum-yayinevi","10":"pa_yazar-ali-osman-abdurrezzak","12":"first","13":"instock","14":"sale","15":"shipping-taxable","16":"purchasable","17":"product-type-simple"},"_links":{"self":[{"href":"https:\/\/roveyayinevi.com.tr\/index.php\/wp-json\/wp\/v2\/product\/714384","targetHints":{"allow":["GET"]}}],"collection":[{"href":"https:\/\/roveyayinevi.com.tr\/index.php\/wp-json\/wp\/v2\/product"}],"about":[{"href":"https:\/\/roveyayinevi.com.tr\/index.php\/wp-json\/wp\/v2\/types\/product"}],"wp:attachment":[{"href":"https:\/\/roveyayinevi.com.tr\/index.php\/wp-json\/wp\/v2\/media?parent=714384"}],"wp:term":[{"taxonomy":"product_brand","embeddable":true,"href":"https:\/\/roveyayinevi.com.tr\/index.php\/wp-json\/wp\/v2\/product_brand?post=714384"},{"taxonomy":"product_cat","embeddable":true,"href":"https:\/\/roveyayinevi.com.tr\/index.php\/wp-json\/wp\/v2\/product_cat?post=714384"},{"taxonomy":"product_tag","embeddable":true,"href":"https:\/\/roveyayinevi.com.tr\/index.php\/wp-json\/wp\/v2\/product_tag?post=714384"}],"curies":[{"name":"wp","href":"https:\/\/api.w.org\/{rel}","templated":true}]}}