{"id":714383,"date":"2025-08-27T17:17:57","date_gmt":"2025-08-27T14:17:57","guid":{"rendered":"https:\/\/roveyayinevi.com.tr\/index.php\/urun\/venedik-elcilerinin-raporlarina-gore-osmanlinin-ihtisamli-yillari\/"},"modified":"2026-04-16T02:22:48","modified_gmt":"2026-04-15T23:22:48","slug":"venedik-elcilerinin-raporlarina-gore-osmanlinin-ihtisamli-yillari","status":"publish","type":"product","link":"https:\/\/roveyayinevi.com.tr\/index.php\/urun\/venedik-elcilerinin-raporlarina-gore-osmanlinin-ihtisamli-yillari\/","title":{"rendered":"Venedik El\u00e7ilerinin Raporlar\u0131na G\u00f6re Osmanl\u0131&#8217;n\u0131n \u0130hti\u015faml\u0131 Y\u0131llar\u0131"},"content":{"rendered":"<p>Osmanl\u0131 \u0130mparatorlu\u011fu\u2019nun 16. asr\u0131n sonlar\u0131ndan itibaren b\u00fct\u00fcn kurumlar\u0131nda topyek\u00fbn bir \u201cbozulma\u201d ya\u015fand\u0131\u011f\u0131 ve Osmanl\u0131 ihti\u015fam\u0131n\u0131n evvela \u201cduraklay\u0131p\u201d, sonra \u201cgerilemeye\u201d ba\u015flad\u0131\u011f\u0131 yayg\u0131n bir kanaattir. Ancak asl\u0131nda bu sanc\u0131l\u0131 y\u0131llar, b\u00fcy\u00fck bir buhranla y\u00fczle\u015fen devletin kendisini de\u011fi\u015fen ve d\u00f6n\u00fc\u015fen d\u00fcnyan\u0131n \u015fartlar\u0131na intibak ettirmesi s\u00fcreci olarak anla\u015f\u0131lmal\u0131d\u0131r.Yay\u0131nevimizin Venedik balyos raporlar\u0131 serisinin bu kitab\u0131nda, s\u00f6z konusu de\u011fi\u015fim-d\u00f6n\u00fc\u015f\u00fcm\u00fcn daha iyi anla\u015f\u0131lmas\u0131n\u0131 sa\u011flayacak d\u00f6rt raporu sizlere takdim ediyoruz. Raporlar, Giovanni Moro (1590), Lorenzo Bernardo (1592), Mateo Zane (1594) ve Leonardo Don\u00e0\u2019ya (1596) ait. Balyoslar, mevcut Osmanl\u0131 siyasi, askeri, idari, iktisadi yap\u0131s\u0131na dair etrafl\u0131ca malumat veriyorlar.Ba\u015fta padi\u015fahlar ve vezirler olmak \u00fczere d\u00f6nemi siyasi akt\u00f6rlerinin fizik\u00ee g\u00f6r\u00fcn\u00fcmlerinden karakter \u00f6zelliklerine, birbirleriyle rekabetlerinden idarecilik vas\u0131flar\u0131na kadar \u015fa\u015f\u0131rt\u0131c\u0131 istihbarat\u0131n pe\u015finden ko\u015fuyorlar. Hala cihan payitaht\u0131 olan \u0130stanbul\u2019u, ikliminden g\u00fcndelik ya\u015fant\u0131s\u0131na, ihti\u015faml\u0131 mimari eserlerinden tabii g\u00fczelliklerine kadar resmetmekten geri kalm\u0131yorlar.<\/p>\n","protected":false},"excerpt":{"rendered":"<p>Osmanl\u0131 \u0130mparatorlu\u011fu\u2019nun 16. asr\u0131n sonlar\u0131ndan itibaren b\u00fct\u00fcn kurumlar\u0131nda topyek\u00fbn bir \u201cbozulma\u201d ya\u015fand\u0131\u011f\u0131 ve Osmanl\u0131 ihti\u015fam\u0131n\u0131n evvela \u201cduraklay\u0131p\u201d, sonra \u201cgerilemeye\u201d ba\u015flad\u0131\u011f\u0131 yayg\u0131n bir kanaattir. Ancak asl\u0131nda bu<span class=\"excerpt-hellip\"> [\u2026]<\/span><\/p>\n","protected":false},"featured_media":0,"template":"","meta":{"_monsterinsights_skip_tracking":false,"_monsterinsights_sitenote_active":false,"_monsterinsights_sitenote_note":"","_monsterinsights_sitenote_category":0},"product_brand":[],"product_cat":[13517,12304],"product_tag":[],"class_list":{"0":"post-714383","1":"product","2":"type-product","3":"status-publish","5":"product_cat-osmanli-tarihi","6":"product_cat-tarih","7":"pa_cilt-ciltsiz","8":"pa_tur-kitap","9":"pa_yayinevi-yeditepe-yayinevi","10":"pa_yazar-kollektif","12":"first","13":"instock","14":"sale","15":"shipping-taxable","16":"purchasable","17":"product-type-simple"},"_links":{"self":[{"href":"https:\/\/roveyayinevi.com.tr\/index.php\/wp-json\/wp\/v2\/product\/714383","targetHints":{"allow":["GET"]}}],"collection":[{"href":"https:\/\/roveyayinevi.com.tr\/index.php\/wp-json\/wp\/v2\/product"}],"about":[{"href":"https:\/\/roveyayinevi.com.tr\/index.php\/wp-json\/wp\/v2\/types\/product"}],"wp:attachment":[{"href":"https:\/\/roveyayinevi.com.tr\/index.php\/wp-json\/wp\/v2\/media?parent=714383"}],"wp:term":[{"taxonomy":"product_brand","embeddable":true,"href":"https:\/\/roveyayinevi.com.tr\/index.php\/wp-json\/wp\/v2\/product_brand?post=714383"},{"taxonomy":"product_cat","embeddable":true,"href":"https:\/\/roveyayinevi.com.tr\/index.php\/wp-json\/wp\/v2\/product_cat?post=714383"},{"taxonomy":"product_tag","embeddable":true,"href":"https:\/\/roveyayinevi.com.tr\/index.php\/wp-json\/wp\/v2\/product_tag?post=714383"}],"curies":[{"name":"wp","href":"https:\/\/api.w.org\/{rel}","templated":true}]}}