{"id":714361,"date":"2025-08-27T17:17:42","date_gmt":"2025-08-27T14:17:42","guid":{"rendered":"https:\/\/roveyayinevi.com.tr\/index.php\/urun\/kutulamarede-kusatma-ve-zafer\/"},"modified":"2026-04-16T02:22:48","modified_gmt":"2026-04-15T23:22:48","slug":"kutulamarede-kusatma-ve-zafer","status":"publish","type":"product","link":"https:\/\/roveyayinevi.com.tr\/index.php\/urun\/kutulamarede-kusatma-ve-zafer\/","title":{"rendered":"Kut\u00fclamare\u2019de Ku\u015fatma ve Zafer"},"content":{"rendered":"<p>Bu kitapta okuyucular; Ba\u011fdat\u2019\u0131 ele ge\u00e7irmek i\u00e7in c\u00fcretk\u00e2r bir \u015fekilde ilerleyen \u0130ngiliz ordusunun Selman-\u0131 Pak\u2019ta yenilgiye u\u011frayarak K\u00fbt\u00fclam\u00e2re\u2019de ku\u015fat\u0131lmas\u0131n\u0131,143 g\u00fcn s\u00fcren amans\u0131z bir ku\u015fatman\u0131n her safhas\u0131n\u0131, Osmanl\u0131 Ordusu\u2019nun, ku\u015fat\u0131lan K\u00fbt\u00fclam\u00e2re\u2019yi ele ge\u00e7irmek i\u00e7in yapt\u0131\u011f\u0131 kanl\u0131 h\u00fccumlar\u0131, Aylar s\u00fcren ku\u015fatma boyunca d\u00fc\u015fman\u0131n yan\u0131 s\u0131ra, iklim \u015fartlar\u0131na ve Dicle\u2019nin ta\u015fan sular\u0131na kar\u015f\u0131 verilen m\u00fccadeleyi, Ku\u015fat\u0131lan General Townshend ve ordusunu kurtarmaya gelen ve asker, silah, m\u00fchimmat bak\u0131m\u0131ndan \u00fcst\u00fcn \u0130ngiliz ordusuyla yap\u0131lan son derece amans\u0131z alt\u0131 b\u00fcy\u00fck muharebeyi, Ve en nihayetinde aralar\u0131nda alt\u0131 generalin bulundu\u011fu subay-erlerden olu\u015fan 13.300 ki\u015filik \u0130ngiliz ordusunun, azimli ve kararl\u0131 Osmanl\u0131 ordusu kar\u015f\u0131s\u0131nda silah\u0131 b\u0131rak\u0131p teslim olmas\u0131n\u0131, I. D\u00fcnya Sava\u015f\u0131\u2019nda, \u00c7anakkale Zaferi\u2019nden hemen sonra, \u0130ngiliz gurur ve inad\u0131n\u0131 yerle bir eden K\u00fbt\u00fclam\u00e2re Zaferi\u2019ni bulacakt\u0131r.<\/p>\n","protected":false},"excerpt":{"rendered":"<p>Bu kitapta okuyucular; Ba\u011fdat\u2019\u0131 ele ge\u00e7irmek i\u00e7in c\u00fcretk\u00e2r bir \u015fekilde ilerleyen \u0130ngiliz ordusunun Selman-\u0131 Pak\u2019ta yenilgiye u\u011frayarak K\u00fbt\u00fclam\u00e2re\u2019de ku\u015fat\u0131lmas\u0131n\u0131,143 g\u00fcn s\u00fcren amans\u0131z bir ku\u015fatman\u0131n her safhas\u0131n\u0131,<span class=\"excerpt-hellip\"> [\u2026]<\/span><\/p>\n","protected":false},"featured_media":0,"template":"","meta":{"_monsterinsights_skip_tracking":false,"_monsterinsights_sitenote_active":false,"_monsterinsights_sitenote_note":"","_monsterinsights_sitenote_category":0},"product_brand":[],"product_cat":[12370,12304],"product_tag":[],"class_list":{"0":"post-714361","1":"product","2":"type-product","3":"status-publish","5":"product_cat-arastirma-inceleme","6":"product_cat-tarih","7":"pa_cilt-ciltsiz","8":"pa_tur-kitap","9":"pa_yayinevi-yeditepe-yayinevi","10":"pa_yazar-mehmed-emin-bey","12":"first","13":"instock","14":"sale","15":"shipping-taxable","16":"purchasable","17":"product-type-simple"},"_links":{"self":[{"href":"https:\/\/roveyayinevi.com.tr\/index.php\/wp-json\/wp\/v2\/product\/714361","targetHints":{"allow":["GET"]}}],"collection":[{"href":"https:\/\/roveyayinevi.com.tr\/index.php\/wp-json\/wp\/v2\/product"}],"about":[{"href":"https:\/\/roveyayinevi.com.tr\/index.php\/wp-json\/wp\/v2\/types\/product"}],"wp:attachment":[{"href":"https:\/\/roveyayinevi.com.tr\/index.php\/wp-json\/wp\/v2\/media?parent=714361"}],"wp:term":[{"taxonomy":"product_brand","embeddable":true,"href":"https:\/\/roveyayinevi.com.tr\/index.php\/wp-json\/wp\/v2\/product_brand?post=714361"},{"taxonomy":"product_cat","embeddable":true,"href":"https:\/\/roveyayinevi.com.tr\/index.php\/wp-json\/wp\/v2\/product_cat?post=714361"},{"taxonomy":"product_tag","embeddable":true,"href":"https:\/\/roveyayinevi.com.tr\/index.php\/wp-json\/wp\/v2\/product_tag?post=714361"}],"curies":[{"name":"wp","href":"https:\/\/api.w.org\/{rel}","templated":true}]}}