{"id":714357,"date":"2025-08-27T17:17:39","date_gmt":"2025-08-27T14:17:39","guid":{"rendered":"https:\/\/roveyayinevi.com.tr\/index.php\/urun\/lewis-carrollun-aliceinin-pullar-diyarindaki-maceralari\/"},"modified":"2026-04-16T02:22:48","modified_gmt":"2026-04-15T23:22:48","slug":"lewis-carrollun-aliceinin-pullar-diyarindaki-maceralari","status":"publish","type":"product","link":"https:\/\/roveyayinevi.com.tr\/index.php\/urun\/lewis-carrollun-aliceinin-pullar-diyarindaki-maceralari\/","title":{"rendered":"Lewis Carroll&#8217;un Alice&#8217;inin Pullar Diyar\u0131ndaki Maceralar\u0131"},"content":{"rendered":"<p>Lewis Carroll\u2019un eskimeyen metinleri Alice Harikalar Diyar\u0131nda ve Aynan\u0131n \u0130\u00e7inden Tun\u00e7 Tayan\u00e7\u2019\u0131n elinde Pullar Diyar\u0131\u2019ndaki bir gezintiye d\u00f6n\u00fc\u015f\u00fcyor.Buyurun, Alice gibi tav\u015fan eli\u011finden Pullar Diyar\u0131\u2019na yuvarlan\u0131vermeye&#8230;<\/p>\n","protected":false},"excerpt":{"rendered":"<p>Lewis Carroll\u2019un eskimeyen metinleri Alice Harikalar Diyar\u0131nda ve Aynan\u0131n \u0130\u00e7inden Tun\u00e7 Tayan\u00e7\u2019\u0131n elinde Pullar Diyar\u0131\u2019ndaki bir gezintiye d\u00f6n\u00fc\u015f\u00fcyor.Buyurun, Alice gibi tav\u015fan eli\u011finden Pullar Diyar\u0131\u2019na yuvarlan\u0131vermeye&#8230;<\/p>\n","protected":false},"featured_media":0,"template":"","meta":{"_monsterinsights_skip_tracking":false,"_monsterinsights_sitenote_active":false,"_monsterinsights_sitenote_note":"","_monsterinsights_sitenote_category":0},"product_brand":[],"product_cat":[12291,12711],"product_tag":[],"class_list":{"0":"post-714357","1":"product","2":"type-product","3":"status-publish","5":"product_cat-edebiyat","6":"product_cat-roman-oyku","7":"pa_cilt-ciltsiz","8":"pa_tur-kitap","9":"pa_yayinevi-kirmizi-kedi-yayinevi","10":"pa_yazar-tunc-tayanc","12":"first","13":"instock","14":"sale","15":"shipping-taxable","16":"purchasable","17":"product-type-simple"},"_links":{"self":[{"href":"https:\/\/roveyayinevi.com.tr\/index.php\/wp-json\/wp\/v2\/product\/714357","targetHints":{"allow":["GET"]}}],"collection":[{"href":"https:\/\/roveyayinevi.com.tr\/index.php\/wp-json\/wp\/v2\/product"}],"about":[{"href":"https:\/\/roveyayinevi.com.tr\/index.php\/wp-json\/wp\/v2\/types\/product"}],"wp:attachment":[{"href":"https:\/\/roveyayinevi.com.tr\/index.php\/wp-json\/wp\/v2\/media?parent=714357"}],"wp:term":[{"taxonomy":"product_brand","embeddable":true,"href":"https:\/\/roveyayinevi.com.tr\/index.php\/wp-json\/wp\/v2\/product_brand?post=714357"},{"taxonomy":"product_cat","embeddable":true,"href":"https:\/\/roveyayinevi.com.tr\/index.php\/wp-json\/wp\/v2\/product_cat?post=714357"},{"taxonomy":"product_tag","embeddable":true,"href":"https:\/\/roveyayinevi.com.tr\/index.php\/wp-json\/wp\/v2\/product_tag?post=714357"}],"curies":[{"name":"wp","href":"https:\/\/api.w.org\/{rel}","templated":true}]}}