{"id":714354,"date":"2025-08-27T17:17:37","date_gmt":"2025-08-27T14:17:37","guid":{"rendered":"https:\/\/roveyayinevi.com.tr\/index.php\/urun\/tasi-yenen-adam\/"},"modified":"2026-04-16T02:22:48","modified_gmt":"2026-04-15T23:22:48","slug":"tasi-yenen-adam","status":"publish","type":"product","link":"https:\/\/roveyayinevi.com.tr\/index.php\/urun\/tasi-yenen-adam\/","title":{"rendered":"Ta\u015f\u0131 Yenen Adam"},"content":{"rendered":"<p>Turgut G\u00fcler\u2019in revnakl\u0131 kaleminde bu defa tarihin i\u00e7inde g\u00f6zal\u0131c\u0131 bir par\u0131ldamayla beliren Osmanl\u0131-T\u00fcrk as\u0131rlar\u0131n\u0131n, Alt\u0131n \u00c7a\u011f\u2019\u0131m\u0131z\u0131n muhte\u015fem kadrosundan bir ba\u015fka b\u00fcy\u00fck isim beliriyor: Mimarba\u015f\u0131 Koca Sinan! Daha \u00f6nce Yahya Kemal\u2019in mihmandarl\u0131\u011f\u0131nda Yavuz Sultan Selim\u2019in \u201cufuk \u00e7izgisi D\u00fcny\u00e2\u2019y\u0131 i\u00e7ine alan t\u00fb\u011flar\u201d\u0131n\u0131n z\u00fcl\u00fcflerinde bizi mill\u00ee tarihimizin \u015f\u00e2hikalar\u0131nda gezdiren Turgut G\u00fcler, bu defa Yahya Kemal\u2019le birlikte S\u00e2\u2019\u00ee Mustafa \u00c7elebi ve Rif\u2019at Osman Bey\u2019in Sinan\u2019a hasredilmi\u015f yazmalar\u0131n\u0131n rehberli\u011finde, \u201ctozlu zaman perde\u201dlerini aradan kald\u0131rarak, g\u00f6nl\u00fcm\u00fcz\u00fc, \u201dSer-M\u00eem\u00e2r\u00e2n-\u0131 H\u00e2ssa Koca Sinan\u201d\u0131n, o \u201czafer m\u00e2bedinin m\u00eem\u00e2r\u0131n\u0131n emir ve kumandas\u0131 alt\u0131nda\u201d, ta\u015f\u0131 yendi\u011fimiz \u201cmeh\u00e2betli sabah\u201dlara kanatland\u0131r\u0131yor. B\u00f6ylece, \u201cehl-i h\u00fcnerin kadrini bilmek de h\u00fcnerdir\u201d fehvas\u0131nca sa\u2019yini ortaya koyuyor. \u201cBendeniz A\u011f\u0131rnasl\u0131 Necc\u00e2r Sinan, \u00c2hiret Yurdu\u2019na girmek i\u00e7in yap\u0131lacak en g\u00fczel haz\u0131rl\u0131\u011f\u0131n, D\u00fcny\u00e2 bah\u00e7esinde iyi bah\u00e7ev\u00e2n olmaktan ge\u00e7ti\u011fini idr\u00e2k ettim. (\u2026) Hayli uzun ya\u015fad\u0131m ve bu Devr\u00e2n, a\u011fr\u0131yan di\u015fimi, d\u00f6nen ba\u015f\u0131m\u0131, kendi de\u011firmen ta\u015f\u0131nda iyice \u00f6\u011f\u00fctt\u00fc, beni p\u00eer-i n\u00e2t\u00fcv\u00e2n k\u0131ld\u0131. (\u2026) Yapt\u0131\u011f\u0131m i\u015fi iyi ve sa\u011flam yapt\u0131m. Onlar\u0131n, K\u0131y\u00e2met\u2019e kadar ayakta kalmalar\u0131n\u0131 mur\u00e2d ediyorum. Beni seven, yapt\u0131klar\u0131m\u0131 takd\u00eer eden dost ve karde\u015flerimden bir iste\u011fim var. Ne olur bu Fak\u00eer\u2019i unutmas\u0131nlar ve hes\u00e2b\u0131n\u0131n kolay g\u00f6r\u00fclmesi i\u00e7in Cen\u00e2b-\u0131 Yezdan\u2019a du\u00e2 eylesin.<\/p>\n","protected":false},"excerpt":{"rendered":"<p>Turgut G\u00fcler\u2019in revnakl\u0131 kaleminde bu defa tarihin i\u00e7inde g\u00f6zal\u0131c\u0131 bir par\u0131ldamayla beliren Osmanl\u0131-T\u00fcrk as\u0131rlar\u0131n\u0131n, Alt\u0131n \u00c7a\u011f\u2019\u0131m\u0131z\u0131n muhte\u015fem kadrosundan bir ba\u015fka b\u00fcy\u00fck isim beliriyor: Mimarba\u015f\u0131 Koca Sinan!<span class=\"excerpt-hellip\"> [\u2026]<\/span><\/p>\n","protected":false},"featured_media":0,"template":"","meta":{"_monsterinsights_skip_tracking":false,"_monsterinsights_sitenote_active":false,"_monsterinsights_sitenote_note":"","_monsterinsights_sitenote_category":0},"product_brand":[],"product_cat":[12291,12745],"product_tag":[],"class_list":{"0":"post-714354","1":"product","2":"type-product","3":"status-publish","5":"product_cat-edebiyat","6":"product_cat-tarihi-roman","7":"pa_cilt-ciltsiz","8":"pa_tur-kitap","9":"pa_yayinevi-otuken-nesriyat","10":"pa_yazar-turgut-guler","12":"first","13":"instock","14":"sale","15":"shipping-taxable","16":"purchasable","17":"product-type-simple"},"_links":{"self":[{"href":"https:\/\/roveyayinevi.com.tr\/index.php\/wp-json\/wp\/v2\/product\/714354","targetHints":{"allow":["GET"]}}],"collection":[{"href":"https:\/\/roveyayinevi.com.tr\/index.php\/wp-json\/wp\/v2\/product"}],"about":[{"href":"https:\/\/roveyayinevi.com.tr\/index.php\/wp-json\/wp\/v2\/types\/product"}],"wp:attachment":[{"href":"https:\/\/roveyayinevi.com.tr\/index.php\/wp-json\/wp\/v2\/media?parent=714354"}],"wp:term":[{"taxonomy":"product_brand","embeddable":true,"href":"https:\/\/roveyayinevi.com.tr\/index.php\/wp-json\/wp\/v2\/product_brand?post=714354"},{"taxonomy":"product_cat","embeddable":true,"href":"https:\/\/roveyayinevi.com.tr\/index.php\/wp-json\/wp\/v2\/product_cat?post=714354"},{"taxonomy":"product_tag","embeddable":true,"href":"https:\/\/roveyayinevi.com.tr\/index.php\/wp-json\/wp\/v2\/product_tag?post=714354"}],"curies":[{"name":"wp","href":"https:\/\/api.w.org\/{rel}","templated":true}]}}