{"id":714344,"date":"2025-08-27T17:17:32","date_gmt":"2025-08-27T14:17:32","guid":{"rendered":"https:\/\/roveyayinevi.com.tr\/index.php\/urun\/ahlakin-disindakiler-psikopati-ve-ahlaki-yetilerden-yoksunluk\/"},"modified":"2026-04-16T02:22:48","modified_gmt":"2026-04-15T23:22:48","slug":"ahlakin-disindakiler-psikopati-ve-ahlaki-yetilerden-yoksunluk","status":"publish","type":"product","link":"https:\/\/roveyayinevi.com.tr\/index.php\/urun\/ahlakin-disindakiler-psikopati-ve-ahlaki-yetilerden-yoksunluk\/","title":{"rendered":"Ahlak\u0131n D\u0131\u015f\u0131ndakiler: Psikopati ve Ahlaki Yetilerden Yoksunluk"},"content":{"rendered":"<p>Psikopati nedir, ne de\u011fildir? Ahlak\u0131n D\u0131\u015f\u0131ndakiler bu soruya psikopatlar\u0131n neden yoksun olduklar\u0131n\u0131 sorarak yakla\u015f\u0131yor. Her bir b\u00f6l\u00fcmde, farkl\u0131 yazarlar, belirli ahlaki bozukluklar\u0131 ve eksiklikleri ele alarak insanlar\u0131n ahlaki yarg\u0131lara varabilmek i\u00e7in hangi yetilere ihtiya\u00e7lar\u0131 oldu\u011funu bulmaya \u00e7al\u0131\u015f\u0131yor. Kitap temel bir varsay\u0131mdan hareket ediyor: Psikopati, kimi filozoflar\u0131n iddia etti\u011fi gibi tek bir eksiklikten de\u011fil, bir dizi yetinin yoklu\u011fundan kaynaklan\u0131r. Bu ba\u011flamda, ahlaki psikolojinin \u00fczerinde durdu\u011fu ahlaki g\u00fcd\u00fclenim, ahlaki duygular ve ahlaki karakter gibi meseleler ele al\u0131n\u0131yor; psikopatik davran\u0131\u015flar\u0131n ahlaki sorumluluk, ahlaki su\u00e7un gerek\u00e7elendirmesi ve tehlikeli g\u00f6r\u00fclen insanlara kar\u015f\u0131 toplumun ve adaletin tepkileri gibi sosyal y\u00f6nleri inceleniyor. Ahlaki felsefedeki tart\u0131\u015fmalarla psikiyatrik psikopati nosyonunu bir araya getiren \u00e7al\u0131\u015fma, \u201cahlaki bak\u0131\u015f a\u00e7\u0131s\u0131n\u0131n\u201d ve ahlakili\u011fin normatif y\u00f6n\u00fcn\u00fcn daha iyi anla\u015f\u0131lmas\u0131na katk\u0131da bulunmay\u0131 ama\u00e7l\u0131yor. Yazarlar, psikopatiyi inceleyen her disiplinden uzmanlar\u0131n ampirik \u00e7al\u0131\u015fmalar\u0131na katk\u0131da bulunacak kavramsal bir \u00e7er\u00e7eve kuruyor. <\/p>\n","protected":false},"excerpt":{"rendered":"<p>Psikopati nedir, ne de\u011fildir? Ahlak\u0131n D\u0131\u015f\u0131ndakiler bu soruya psikopatlar\u0131n neden yoksun olduklar\u0131n\u0131 sorarak yakla\u015f\u0131yor. Her bir b\u00f6l\u00fcmde, farkl\u0131 yazarlar, belirli ahlaki bozukluklar\u0131 ve eksiklikleri ele alarak<span class=\"excerpt-hellip\"> [\u2026]<\/span><\/p>\n","protected":false},"featured_media":0,"template":"","meta":{"_monsterinsights_skip_tracking":false,"_monsterinsights_sitenote_active":false,"_monsterinsights_sitenote_note":"","_monsterinsights_sitenote_category":0},"product_brand":[],"product_cat":[12358,12357],"product_tag":[],"class_list":{"0":"post-714344","1":"product","2":"type-product","3":"status-publish","5":"product_cat-genel-psikoloji","6":"product_cat-psikoloji","7":"pa_cilt-ciltsiz","8":"pa_tur-kitap","9":"pa_yayinevi-koc-universitesi-yayinlari","10":"pa_yazar-thomas-schramme","12":"first","13":"instock","14":"sale","15":"shipping-taxable","16":"purchasable","17":"product-type-simple"},"_links":{"self":[{"href":"https:\/\/roveyayinevi.com.tr\/index.php\/wp-json\/wp\/v2\/product\/714344","targetHints":{"allow":["GET"]}}],"collection":[{"href":"https:\/\/roveyayinevi.com.tr\/index.php\/wp-json\/wp\/v2\/product"}],"about":[{"href":"https:\/\/roveyayinevi.com.tr\/index.php\/wp-json\/wp\/v2\/types\/product"}],"wp:attachment":[{"href":"https:\/\/roveyayinevi.com.tr\/index.php\/wp-json\/wp\/v2\/media?parent=714344"}],"wp:term":[{"taxonomy":"product_brand","embeddable":true,"href":"https:\/\/roveyayinevi.com.tr\/index.php\/wp-json\/wp\/v2\/product_brand?post=714344"},{"taxonomy":"product_cat","embeddable":true,"href":"https:\/\/roveyayinevi.com.tr\/index.php\/wp-json\/wp\/v2\/product_cat?post=714344"},{"taxonomy":"product_tag","embeddable":true,"href":"https:\/\/roveyayinevi.com.tr\/index.php\/wp-json\/wp\/v2\/product_tag?post=714344"}],"curies":[{"name":"wp","href":"https:\/\/api.w.org\/{rel}","templated":true}]}}