{"id":714333,"date":"2025-08-27T17:17:24","date_gmt":"2025-08-27T14:17:24","guid":{"rendered":"https:\/\/roveyayinevi.com.tr\/index.php\/urun\/highlights-sticker-bulmacali-hikayeler-4lu-set\/"},"modified":"2026-04-16T02:22:47","modified_gmt":"2026-04-15T23:22:47","slug":"highlights-sticker-bulmacali-hikayeler-4lu-set","status":"publish","type":"product","link":"https:\/\/roveyayinevi.com.tr\/index.php\/urun\/highlights-sticker-bulmacali-hikayeler-4lu-set\/","title":{"rendered":"Highlights Sticker Bulmacal\u0131 Hikayeler 4&#8217;l\u00fc Set"},"content":{"rendered":"<p>K\u0130TAP \u0130\u00c7ER\u0130KLER\u0130 ;Mutlu Bir g\u00fcnSevimli Ay\u0131&#8217;n\u0131n babas\u0131 onun i\u00e7in bir s\u00fcrpriz haz\u0131rlad\u0131, birlikte macera dolu bir g\u00fcn ya\u015fayacaklar. Onlara pankek yaparken, sahilde e\u011flenirken ve akan nehirde kanoya binerken kat\u0131lmak ister misin?Tilki&#8217;nin S\u00fcrpriz Do\u011fum G\u00fcn\u00fcBug\u00fcn Tilki ve arkada\u015flar\u0131 b\u00fct\u00fcn g\u00fcn e\u011flenecekleri bir plan yap\u0131yor.Onlar\u0131n \u015faheserlerini yapmas\u0131n\u0131 izle, u\u00e7an balon ile y\u00fckseklere \u00e7\u0131k ve yapmak istedi\u011fin g\u00f6steriyi sergile. Bu e\u011flenceli aktivite kitab\u0131 hikayeler, gizli resimler, bulmacalar, resim \u00e7izme, e\u015fle\u015ftirme ve labirentler ile 50\u2019den fazla sticker i\u00e7ermektedir. Tilki\u2019nin s\u00fcrpriz do\u011fum g\u00fcn\u00fcne sen de kat\u0131l!Favori \u00c7ocuk \u015eark\u0131lar\u0131 Alt\u0131 klasik \u00e7ocuk \u015fark\u0131s\u0131 kahraman\u0131m\u0131z yard\u0131m\u0131 bekliyor! Yumurta kafay\u0131 bir araya getir, k\u00fc\u00e7\u00fck Bo Peep\u2019in koyununu bul ve k\u00fc\u00e7\u00fck \u00f6r\u00fcmce\u011fe olu\u011fa t\u0131rmanmas\u0131na yard\u0131m edin. Bayku\u015f ve G\u00fcvercin \u00c7iftlik Maceras\u0131 \u015eehirde ya\u015fayan Bayku\u015f ve G\u00fcvercin \u00e7iftli\u011fi ziyaret etmek isterler. Fakat Bayku\u015f G\u00fcvercin\u2019i bulamaz, ne yapt\u0131 dersin? Sen de inekleri, koyunlar\u0131, tavuklar\u0131 ve ya\u015fad\u0131klar\u0131 yerleri g\u00f6rmek istersen, Bayku\u015f ile gezmeye ne dersin?Hikayeli bulmacalar 4&#8217;l\u00fc kitap setiHer bir kitap 50&#8217;den fazla \u00e7\u0131kartma ve e\u011flenceli aktiviteler i\u00e7ermekte. Hidden Pictures\u00ae etkinlikleri, labirentler, zeka sorular\u0131 ve di\u011fer harika aktivitelerle dolu. Sevimli hayvan fig\u00fcrleriyle hem hayvan sevgisi olu\u015facak hem de hikayelerle heyecanl\u0131, merak duygusu ve ba\u015far\u0131 duygusu dolu anlara tan\u0131kl\u0131k edeceksiniz.Her bir kitap 24 sayfa Hikayeli Bulmacalar + 2 sayfa sticker i\u00e7erir.Kazan\u0131mlar\u0131 &#8211; \u00c7ocuklar i\u00e7in dikkat ve zeka geli\u015fimi sa\u011flar.- \u00c7ocuklarda Hayvan sevgisini artt\u0131r\u0131r.- \u00c7e\u015fitli aktiviteleri ger\u00e7ekle\u015ftirirken ba\u015far\u0131 duygusu elde eder.- Merak duygusu ile kitap sevgisinin olu\u015fmas\u0131nda katk\u0131 sa\u011flar.- Zeka sorular\u0131yla beynin etkin bir \u015fekilde \u00e7al\u0131\u015fmas\u0131n\u0131 sa\u011flar.- El- g\u00f6z koordinasyonu geli\u015ftirir.- Yarat\u0131c\u0131 d\u00fc\u015f\u00fcnme becerisi kazand\u0131r\u0131r.- Problem \u00e7\u00f6zme becerisi kazand\u0131r\u0131r. <\/p>\n","protected":false},"excerpt":{"rendered":"<p>K\u0130TAP \u0130\u00c7ER\u0130KLER\u0130 ;Mutlu Bir g\u00fcnSevimli Ay\u0131&#8217;n\u0131n babas\u0131 onun i\u00e7in bir s\u00fcrpriz haz\u0131rlad\u0131, birlikte macera dolu bir g\u00fcn ya\u015fayacaklar. Onlara pankek yaparken, sahilde e\u011flenirken ve akan nehirde<span class=\"excerpt-hellip\"> [\u2026]<\/span><\/p>\n","protected":false},"featured_media":0,"template":"","meta":{"_monsterinsights_skip_tracking":false,"_monsterinsights_sitenote_active":false,"_monsterinsights_sitenote_note":"","_monsterinsights_sitenote_category":0},"product_brand":[],"product_cat":[12274,15842],"product_tag":[],"class_list":{"0":"post-714333","1":"product","2":"type-product","3":"status-publish","5":"product_cat-cocuk-ve-genclik-kitaplari","6":"product_cat-egitici-kitaplar","7":"pa_cilt-set","8":"pa_tur-kitap","9":"pa_yayinevi-dikkat-atolyesi-yayinlari","10":"pa_yazar-kollektif","12":"first","13":"instock","14":"sale","15":"shipping-taxable","16":"purchasable","17":"product-type-simple"},"_links":{"self":[{"href":"https:\/\/roveyayinevi.com.tr\/index.php\/wp-json\/wp\/v2\/product\/714333","targetHints":{"allow":["GET"]}}],"collection":[{"href":"https:\/\/roveyayinevi.com.tr\/index.php\/wp-json\/wp\/v2\/product"}],"about":[{"href":"https:\/\/roveyayinevi.com.tr\/index.php\/wp-json\/wp\/v2\/types\/product"}],"wp:attachment":[{"href":"https:\/\/roveyayinevi.com.tr\/index.php\/wp-json\/wp\/v2\/media?parent=714333"}],"wp:term":[{"taxonomy":"product_brand","embeddable":true,"href":"https:\/\/roveyayinevi.com.tr\/index.php\/wp-json\/wp\/v2\/product_brand?post=714333"},{"taxonomy":"product_cat","embeddable":true,"href":"https:\/\/roveyayinevi.com.tr\/index.php\/wp-json\/wp\/v2\/product_cat?post=714333"},{"taxonomy":"product_tag","embeddable":true,"href":"https:\/\/roveyayinevi.com.tr\/index.php\/wp-json\/wp\/v2\/product_tag?post=714333"}],"curies":[{"name":"wp","href":"https:\/\/api.w.org\/{rel}","templated":true}]}}