{"id":714314,"date":"2025-08-27T17:17:12","date_gmt":"2025-08-27T14:17:12","guid":{"rendered":"https:\/\/roveyayinevi.com.tr\/index.php\/urun\/albatros-bir-okyanus-gezginidir\/"},"modified":"2026-04-16T02:22:47","modified_gmt":"2026-04-15T23:22:47","slug":"albatros-bir-okyanus-gezginidir","status":"publish","type":"product","link":"https:\/\/roveyayinevi.com.tr\/index.php\/urun\/albatros-bir-okyanus-gezginidir\/","title":{"rendered":"Albatros Bir Okyanus Gezginidir"},"content":{"rendered":"<p>Bal\u0131klar miyoptur.Salyangozlar a\u015f\u0131r\u0131 derecede miyoptur.Y\u0131lanlar asla g\u00f6z k\u0131rpmaz.Denizanas\u0131 beyinsizdir, buna ihtiya\u00e7 duymaz.Timsah\u0131n di\u015fi, kaplan derisine i\u015flemez.Bir ar\u0131 kanad\u0131n\u0131 dakikada on bin kez \u00e7\u0131rpar.Deveku\u015fu toz banyosu yapmay\u0131 sever.Hayvanlar\u0131n s\u0131r dolu d\u00fcnyas\u0131nda \u015fa\u015f\u0131rt\u0131c\u0131 bir yolculuk i\u00e7in 600\u2019den fazla bilgi.<\/p>\n","protected":false},"excerpt":{"rendered":"<p>Bal\u0131klar miyoptur.Salyangozlar a\u015f\u0131r\u0131 derecede miyoptur.Y\u0131lanlar asla g\u00f6z k\u0131rpmaz.Denizanas\u0131 beyinsizdir, buna ihtiya\u00e7 duymaz.Timsah\u0131n di\u015fi, kaplan derisine i\u015flemez.Bir ar\u0131 kanad\u0131n\u0131 dakikada on bin kez \u00e7\u0131rpar.Deveku\u015fu toz banyosu yapmay\u0131<span class=\"excerpt-hellip\"> [\u2026]<\/span><\/p>\n","protected":false},"featured_media":0,"template":"","meta":{"_monsterinsights_skip_tracking":false,"_monsterinsights_sitenote_active":false,"_monsterinsights_sitenote_note":"","_monsterinsights_sitenote_category":0},"product_brand":[],"product_cat":[12274,12284],"product_tag":[],"class_list":{"0":"post-714314","1":"product","2":"type-product","3":"status-publish","5":"product_cat-cocuk-ve-genclik-kitaplari","6":"product_cat-hikayeler","7":"pa_cilt-ciltsiz","8":"pa_tur-kitap","9":"pa_yayinevi-cinar-yayinlari","10":"pa_yazar-necati-gungor","12":"first","13":"instock","14":"sale","15":"shipping-taxable","16":"purchasable","17":"product-type-simple"},"_links":{"self":[{"href":"https:\/\/roveyayinevi.com.tr\/index.php\/wp-json\/wp\/v2\/product\/714314","targetHints":{"allow":["GET"]}}],"collection":[{"href":"https:\/\/roveyayinevi.com.tr\/index.php\/wp-json\/wp\/v2\/product"}],"about":[{"href":"https:\/\/roveyayinevi.com.tr\/index.php\/wp-json\/wp\/v2\/types\/product"}],"wp:attachment":[{"href":"https:\/\/roveyayinevi.com.tr\/index.php\/wp-json\/wp\/v2\/media?parent=714314"}],"wp:term":[{"taxonomy":"product_brand","embeddable":true,"href":"https:\/\/roveyayinevi.com.tr\/index.php\/wp-json\/wp\/v2\/product_brand?post=714314"},{"taxonomy":"product_cat","embeddable":true,"href":"https:\/\/roveyayinevi.com.tr\/index.php\/wp-json\/wp\/v2\/product_cat?post=714314"},{"taxonomy":"product_tag","embeddable":true,"href":"https:\/\/roveyayinevi.com.tr\/index.php\/wp-json\/wp\/v2\/product_tag?post=714314"}],"curies":[{"name":"wp","href":"https:\/\/api.w.org\/{rel}","templated":true}]}}