{"id":714302,"date":"2025-08-27T17:17:04","date_gmt":"2025-08-27T14:17:04","guid":{"rendered":"https:\/\/roveyayinevi.com.tr\/index.php\/urun\/nefret-oyunu\/"},"modified":"2026-04-08T02:29:38","modified_gmt":"2026-04-07T23:29:38","slug":"nefret-oyunu","status":"publish","type":"product","link":"https:\/\/roveyayinevi.com.tr\/index.php\/urun\/nefret-oyunu\/","title":{"rendered":"Nefret Oyunu"},"content":{"rendered":"<p>D\u00fc\u015fman (isim): 1) Bir insan\u0131n yenemedi\u011fi ya da \u00fcstesinden gelemedi\u011fi bir rakip 2) Bir insan\u0131n felaketi 3) Joshua Templeman  Lucy Hutton ve Joshua Templeman birbirlerinden nefret ediyordu. Bu sadece ho\u015flanmamak ve birbirlerine katlanmak zorunda kalmak da de\u011fildi. Ger\u00e7ekten nefret ediyorlard\u0131. Ortak iki CEO\u2019nun asistanlar\u0131 olarak kar\u015f\u0131l\u0131kl\u0131 \u00e7al\u0131\u015f\u0131rken, duygular\u0131n\u0131 pasif agresif yollarla birbirlerine g\u00f6stermekten de hi\u00e7 \u00e7ekinmiyorlard\u0131. Lucy, Joshua\u2019n\u0131n i\u015fine ne\u015fesiz, s\u0131k\u0131nt\u0131l\u0131 ve titiz yakla\u015f\u0131m\u0131n\u0131 anlam\u0131yor, Joshua ise Lucy\u2019nin parlak elbiselerinden, acayipliklerinden ve iyimser tavr\u0131ndan dolay\u0131 hayrete d\u00fc\u015f\u00fcyordu.   \u015eimdi, ayn\u0131 terfi i\u00e7in \u00e7abalarken \u00e7eki\u015fmeleri doruk noktas\u0131na ula\u015fm\u0131\u015f ve Lucy, bu son oyunlar\u0131 neredeyse onu i\u015finden edecek olmas\u0131na ra\u011fmen geri ad\u0131m atmay\u0131 reddetmi\u015fti. Fakat Joshua ve Lucy aras\u0131ndaki gerilim kaynama noktas\u0131na gelecek ve Lucy, belki de Joshua\u2019dan nefret etmedi\u011fini fark etmeye ba\u015flayacakt\u0131. Hatta belki de Joshua\u2019n\u0131n da ondan nefret etmedi\u011fini. Yoksa bu sadece ba\u015fka bir oyun muydu?   \u201cPlajda bir g\u00fcn i\u00e7in m\u00fckemmel bir se\u00e7im olacak mutlu bir hik\u00e2ye, ger\u00e7ekten harika.\u201d \u2013Kirkus Reviews \u201cKomik, zekice, yeni ve ilk sayfas\u0131ndan en sonuna kadar tamamen e\u011flenceli. Kesinlikle \u00f6neriyorum.\u201d \u2013Susan Elizabeth Phillips, New York Times \u00e7oksatan yazar\u0131 \u201cBa\u011f\u0131ml\u0131l\u0131k yapacak, b\u00fcy\u00fcleyici bir ilk kitap. Nefret Oyunu a\u015fk (ve nefret) ve heyecanla dolu.\u201d \u2013Christina Lauren, New York Times \u00e7oksatan yazar\u0131 \u201cSally Thorne, a\u015fk hik\u00e2yelerinde kahkahay\u0131 \u00f6zleyenlerin isteklerini yerine getiriyor. Karakterlerin sivri zek\u00e2lar\u0131n\u0131n birbirleriyle \u00e7arp\u0131\u015fmas\u0131 son derece komik, i\u011fneleyici, seksi ve gerilimle dolu. Sonu\u00e7, Joshua daha Lucy\u2019nin kalbini \u00e7elmeden okuru kendine \u00e2\u015f\u0131k edecek. Haylaz, alayc\u0131, romantik bir hik\u00e2ye.\u201d \u2013Sarah MacLean, Washington Post \u201cMuhte\u015fem, i\u011fneleyici ve \u00e7ok komik, yeni bir ses. Nefret Oyunu romantik komedi d\u00fcnyas\u0131n\u0131 kas\u0131p kavuracak. Bug\u00fcne kadar okudu\u011fum en iyi kitaplardan biri.\u201d \u2013Kristan Higgins, New York Times \u00e7oksatan yazar\u0131 \u201cBaz\u0131lar\u0131n\u0131z sadece ofisten uzakla\u015fm\u0131\u015f olmak i\u00e7in plajlara ka\u00e7m\u0131\u015f olabilir ama bize g\u00f6re bu komik ve romantik ofis komedisi fikrinizi de\u011fi\u015ftirebilir. Lucy ve Joshua\u2019n\u0131n hik\u00e2yesini keyifli ve seksi bulaca\u011f\u0131n\u0131z\u0131 biliyoruz.\u201d \u2013Bookish \u201cThorne, dikkat edilmesi gereken g\u00fc\u00e7l\u00fc bir yazar. \u0130lk kitab\u0131 okurlar\u0131n, her ne oyun oynarlarsa oynas\u0131nlar Joshua ve Lucy\u2019yi desteklemesine sebep olacak.\u201d \u2013Library Journal <\/p>\n","protected":false},"excerpt":{"rendered":"<p>D\u00fc\u015fman (isim): 1) Bir insan\u0131n yenemedi\u011fi ya da \u00fcstesinden gelemedi\u011fi bir rakip 2) Bir insan\u0131n felaketi 3) Joshua Templeman Lucy Hutton ve Joshua Templeman birbirlerinden nefret<span class=\"excerpt-hellip\"> [\u2026]<\/span><\/p>\n","protected":false},"featured_media":0,"template":"","meta":{"_monsterinsights_skip_tracking":false,"_monsterinsights_sitenote_active":false,"_monsterinsights_sitenote_note":"","_monsterinsights_sitenote_category":0},"product_brand":[],"product_cat":[14643,12291],"product_tag":[],"class_list":{"0":"post-714302","1":"product","2":"type-product","3":"status-publish","5":"product_cat-ask","6":"product_cat-edebiyat","7":"pa_cilt-ciltsiz","8":"pa_tur-kitap","9":"pa_yayinevi-yabanci-yayinevi","10":"pa_yazar-sally-thorne","12":"first","13":"instock","14":"sale","15":"shipping-taxable","16":"purchasable","17":"product-type-simple"},"_links":{"self":[{"href":"https:\/\/roveyayinevi.com.tr\/index.php\/wp-json\/wp\/v2\/product\/714302","targetHints":{"allow":["GET"]}}],"collection":[{"href":"https:\/\/roveyayinevi.com.tr\/index.php\/wp-json\/wp\/v2\/product"}],"about":[{"href":"https:\/\/roveyayinevi.com.tr\/index.php\/wp-json\/wp\/v2\/types\/product"}],"wp:attachment":[{"href":"https:\/\/roveyayinevi.com.tr\/index.php\/wp-json\/wp\/v2\/media?parent=714302"}],"wp:term":[{"taxonomy":"product_brand","embeddable":true,"href":"https:\/\/roveyayinevi.com.tr\/index.php\/wp-json\/wp\/v2\/product_brand?post=714302"},{"taxonomy":"product_cat","embeddable":true,"href":"https:\/\/roveyayinevi.com.tr\/index.php\/wp-json\/wp\/v2\/product_cat?post=714302"},{"taxonomy":"product_tag","embeddable":true,"href":"https:\/\/roveyayinevi.com.tr\/index.php\/wp-json\/wp\/v2\/product_tag?post=714302"}],"curies":[{"name":"wp","href":"https:\/\/api.w.org\/{rel}","templated":true}]}}