{"id":714296,"date":"2025-08-27T17:17:01","date_gmt":"2025-08-27T14:17:01","guid":{"rendered":"https:\/\/roveyayinevi.com.tr\/index.php\/urun\/efil-ekonomi-arastirmalari-dergisi-cilt-1-sayi-2\/"},"modified":"2026-04-16T02:22:46","modified_gmt":"2026-04-15T23:22:46","slug":"efil-ekonomi-arastirmalari-dergisi-cilt-1-sayi-2","status":"publish","type":"product","link":"https:\/\/roveyayinevi.com.tr\/index.php\/urun\/efil-ekonomi-arastirmalari-dergisi-cilt-1-sayi-2\/","title":{"rendered":"Efil Ekonomi Ara\u015ft\u0131rmalar\u0131 Dergisi; Cilt: 1 Say\u0131 2"},"content":{"rendered":"<p>Efil Journal, uluslararas\u0131 kimlikte, hakemli ve s\u00fcreli bir yay\u0131n organ\u0131 olarak faaliyet g\u00f6stermektedir. Dergi y\u0131lda 4 defa, hem bas\u0131l\u0131 hem de dijital ortamda yay\u0131mlanacakt\u0131r. Yaz\u0131 dili \u0130ngilizce ve T\u00fcrk\u00e7edir. Derginin Edit\u00f6rl\u00fc\u011f\u00fcn\u00fc Prof. Dr. \u00d6mer Faruk \u00c7olak, E\u015f-Edit\u00f6rl\u00fc\u011f\u00fcn\u00fc ise Prof. Dr. Sacit Hadi Akdede \u00fcstlenmi\u015ftir. Efil Journal, iktisat teorisi gelene\u011fine ba\u011fl\u0131 kal\u0131rken, farkl\u0131 yeni yakla\u015f\u0131mlara da a\u00e7\u0131k bir yay\u0131n politikas\u0131 izlemektedir. B\u00f6ylece, iktisat teorisi ve iktisat politikas\u0131na, yeni a\u00e7\u0131l\u0131mlar ve yakla\u015f\u0131mlarla destek verece\u011fimizi umuyoruz. Di\u011fer yandan EfilJournal, \u00f6zellikle akademi d\u00fcnyas\u0131na yeni soluk getirece\u011fine inand\u0131\u011f\u0131m\u0131z gen\u00e7 akademisyenlere kap\u0131lar\u0131n\u0131 sonuna kadar a\u00e7may\u0131 taahh\u00fct etmektedir. Efil Ekonomi Ara\u015ft\u0131rmalar\u0131 Dergisi, iktisat kuram\u0131n\u0131n gelene\u011fine sahip \u00e7\u0131kacakt\u0131r. Bundan dolay\u0131, iktisadi d\u00fc\u015f\u00fcnce tarihine ili\u015fkin makalelere de yer vermek i\u00e7in \u00e7aba g\u00f6sterecektir. Amac\u0131 asl\u0131nda iktisad\u0131, ge\u00e7mi\u015finden gelene\u011fi yads\u0131madan yerine oturtmakt\u0131r. Daha a\u00e7\u0131k bir ifade ile, iktisad\u0131n, di\u011fer sosyal bilim dallar\u0131na y\u00f6nelik \u00fcvey davran\u0131\u015f\u0131n\u0131 ters y\u00fcz edecektir.  Bunu yapmaya \u00e7al\u0131\u015f\u0131rken akademik kayg\u0131lar\u0131na ba\u011fl\u0131 kalacakt\u0131r. Yani EfilJournal, do\u00e7ent ve profes\u00f6r olmak i\u00e7in puan da\u011f\u0131t\u0131lmas\u0131na arac\u0131l\u0131k etmeyecek, dergide sadece ekonomi temelli yaz\u0131lar\u0131 yay\u0131mlayacak ancak, iktisad\u0131n bir sosyal bilim oldu\u011funu unutmadan di\u011fer alanlar ile ba\u011flant\u0131s\u0131n\u0131 koparmayan bir yay\u0131n politikas\u0131 izleyecektir.   Prof. Dr. Erkan Erdil, Do\u00e7. Dr. Dilek \u00c7etin:Intra-OIZ andIntra-Industr y Knowledge Spillovers in Ankara: A SpatialEconometric Analysis   Prof. Dr. Alper Aslan,Sevil \u00d6zdil:\u00c7ekici G\u00fc\u00e7ler Yakla\u015f\u0131m\u0131 ile Uluslararas\u0131 G\u00f6\u00e7: Ampirik Bir Analiz Prof. Dr. Verda Canbey \u00d6zg\u00fcler:Kitlesel G\u00f6\u00e7 ve Suriyelilerin E\u011fitimi Prof. Dr. Turan Suba\u015fat, Ara\u015f. G\u00f6r. Soner Uysal:\u00dclkelerin Ekonomik Geli\u015fmi\u015flik D\u00fczeyi Kar\u015f\u0131la\u015ft\u0131rmalar\u0131nda Yeni Bir \u00d6l\u00e7\u00fct: D\u00fczeltilmi\u015f Gayri Safi Milli Has\u0131la Prof. Dr. R. Funda Barbaros, Ara\u015f. G\u00f6r. JubaAlyceKafumba:Malawi\u2019nin G\u00fcne\u015f Enerjisi Potansiyeli \u00dczerine Bir De\u011ferlendirme Prof. Dr. Osman Aydo\u011fu\u015f, Do\u00e7. Dr. Burcu T\u00fcrkcan, Dr. \u00d6\u011fr. \u00dcyesi Elif Tunal\u0131 \u00c7al\u0131\u015fkan, Dr. \u00d6\u011fr. \u00dcyesi Bar\u0131\u015f Serkan Kopurlu:Kriz Teorileri: Kondratieff, Schumpeter ve Wallerstein Ara\u015f. G\u00f6r. Mevl\u00fct Camg\u00f6z:\u0130slami Endekslerin \u00c7e\u015fitlendir me D\u00fczeyi \u00dczerine Bir \u0130nceleme <\/p>\n","protected":false},"excerpt":{"rendered":"<p>Efil Journal, uluslararas\u0131 kimlikte, hakemli ve s\u00fcreli bir yay\u0131n organ\u0131 olarak faaliyet g\u00f6stermektedir. Dergi y\u0131lda 4 defa, hem bas\u0131l\u0131 hem de dijital ortamda yay\u0131mlanacakt\u0131r. Yaz\u0131 dili<span class=\"excerpt-hellip\"> [\u2026]<\/span><\/p>\n","protected":false},"featured_media":0,"template":"","meta":{"_monsterinsights_skip_tracking":false,"_monsterinsights_sitenote_active":false,"_monsterinsights_sitenote_note":"","_monsterinsights_sitenote_category":0},"product_brand":[],"product_cat":[13527],"product_tag":[],"class_list":{"0":"post-714296","1":"product","2":"type-product","3":"status-publish","5":"product_cat-sureli-yayinlar","6":"pa_cilt-ciltsiz","7":"pa_tur-dergi","8":"pa_yayinevi-efil-yayinevi-dergi","9":"pa_yazar-kollektif","11":"first","12":"instock","13":"sale","14":"shipping-taxable","15":"purchasable","16":"product-type-simple"},"_links":{"self":[{"href":"https:\/\/roveyayinevi.com.tr\/index.php\/wp-json\/wp\/v2\/product\/714296","targetHints":{"allow":["GET"]}}],"collection":[{"href":"https:\/\/roveyayinevi.com.tr\/index.php\/wp-json\/wp\/v2\/product"}],"about":[{"href":"https:\/\/roveyayinevi.com.tr\/index.php\/wp-json\/wp\/v2\/types\/product"}],"wp:attachment":[{"href":"https:\/\/roveyayinevi.com.tr\/index.php\/wp-json\/wp\/v2\/media?parent=714296"}],"wp:term":[{"taxonomy":"product_brand","embeddable":true,"href":"https:\/\/roveyayinevi.com.tr\/index.php\/wp-json\/wp\/v2\/product_brand?post=714296"},{"taxonomy":"product_cat","embeddable":true,"href":"https:\/\/roveyayinevi.com.tr\/index.php\/wp-json\/wp\/v2\/product_cat?post=714296"},{"taxonomy":"product_tag","embeddable":true,"href":"https:\/\/roveyayinevi.com.tr\/index.php\/wp-json\/wp\/v2\/product_tag?post=714296"}],"curies":[{"name":"wp","href":"https:\/\/api.w.org\/{rel}","templated":true}]}}

Efil Ekonomi Araştırmaları Dergisi; Cilt: 1 Sayı 2

<p>Efil Journal, uluslararası kimlikte, hakemli ve süreli bir yayın organı olarak faaliyet göstermektedir. Dergi yılda 4 defa, hem basılı hem de dijital ortamda yayımlanacaktır. Yazı dili İngilizce ve Türkçedir. Derginin Editörlüğünü Prof. Dr. Ömer Faruk Çolak, Eş-Editörlüğünü ise Prof. Dr. Sacit Hadi Akdede üstlenmiştir. Efil Journal, iktisat teorisi geleneğine bağlı kalırken, farklı yeni yaklaşımlara da açık bir yayın politikası izlemektedir. Böylece, iktisat teorisi ve iktisat politikasına, yeni açılımlar ve yaklaşımlarla destek vereceğimizi umuyoruz. Diğer yandan EfilJournal, özellikle akademi dünyasına yeni soluk getireceğine inandığımız genç akademisyenlere kapılarını sonuna kadar açmayı taahhüt etmektedir. Efil Ekonomi Araştırmaları Dergisi, iktisat kuramının geleneğine sahip çıkacaktır. Bundan dolayı, iktisadi düşünce tarihine ilişkin makalelere de yer vermek için çaba gösterecektir. Amacı aslında iktisadı, geçmişinden geleneği yadsımadan yerine oturtmaktır. Daha açık bir ifade ile, iktisadın, diğer sosyal bilim dallarına yönelik üvey davranışını ters yüz edecektir.  Bunu yapmaya çalışırken akademik kaygılarına bağlı kalacaktır. Yani EfilJournal, doçent ve profesör olmak için puan dağıtılmasına aracılık etmeyecek, dergide sadece ekonomi temelli yazıları yayımlayacak ancak, iktisadın bir sosyal bilim olduğunu unutmadan diğer alanlar ile bağlantısını koparmayan bir yayın politikası izleyecektir.   Prof. Dr. Erkan Erdil, Doç. Dr. Dilek Çetin:Intra-OIZ andIntra-Industr y Knowledge Spillovers in Ankara: A SpatialEconometric Analysis   Prof. Dr. Alper Aslan,Sevil Özdil:Çekici Güçler Yaklaşımı ile Uluslararası Göç: Ampirik Bir Analiz Prof. Dr. Verda Canbey Özgüler:Kitlesel Göç ve Suriyelilerin Eğitimi Prof. Dr. Turan Subaşat, Araş. Gör. Soner Uysal:Ülkelerin Ekonomik Gelişmişlik Düzeyi Karşılaştırmalarında Yeni Bir Ölçüt: Düzeltilmiş Gayri Safi Milli Hasıla Prof. Dr. R. Funda Barbaros, Araş. Gör. JubaAlyceKafumba:Malawi’nin Güneş Enerjisi Potansiyeli Üzerine Bir Değerlendirme Prof. Dr. Osman Aydoğuş, Doç. Dr. Burcu Türkcan, Dr. Öğr. Üyesi Elif Tunalı Çalışkan, Dr. Öğr. Üyesi Barış Serkan Kopurlu:Kriz Teorileri: Kondratieff, Schumpeter ve Wallerstein Araş. Gör. Mevlüt Camgöz:İslami Endekslerin Çeşitlendir me Düzeyi Üzerine Bir İnceleme </p>

<p>Efil Journal, uluslararası kimlikte, hakemli ve süreli bir yayın organı olarak faaliyet göstermektedir. Dergi yılda 4 defa, hem basılı hem de dijital ortamda yayımlanacaktır. Yazı dili<span class="excerpt-hellip"> […]</span></p>
