{"id":714285,"date":"2025-08-27T17:16:55","date_gmt":"2025-08-27T14:16:55","guid":{"rendered":"https:\/\/roveyayinevi.com.tr\/index.php\/urun\/sivasilerin-piri-semseddin-sivasi\/"},"modified":"2026-04-16T02:22:46","modified_gmt":"2026-04-15T23:22:46","slug":"sivasilerin-piri-semseddin-sivasi","status":"publish","type":"product","link":"https:\/\/roveyayinevi.com.tr\/index.php\/urun\/sivasilerin-piri-semseddin-sivasi\/","title":{"rendered":"Sivasilerin Piri \u015eemseddin Sivasi"},"content":{"rendered":"<p>Tasavvuf tarihindeki me\u015fh\u00fbr ve maruf \u015eems\u2019lerin \u00fc\u00e7\u00fcnc\u00fcs\u00fc\u2026 \u015eemseddin Sivas\u00ee, 16. y\u00fczy\u0131l\u0131n \u00f6nemli alim ve arif zatlar\u0131ndan, manzum ve mensur yap\u0131da pek \u00e7ok eserin sahibi vel\u00fbd bir m\u00fcellifimiz ve ayn\u0131 zamanda Halvetiyye tarikat\u0131n\u0131n \u015eemsiyye kolunu tesis eden kurucu bir mutasavv\u0131f\u0131m\u0131zd\u0131r. \u00d6mr\u00fcn\u00fc Hakk\u2019\u0131n r\u0131zas\u0131 i\u00e7in halka adayan, kalemiyle, vaaz ve nasihatleriyle halka manevi \u00f6nderlik eden k\u00e2mil bir m\u00fcr\u015fittir.O, senelerce Sivas Meydan Camii\u2019nden verdi\u011fi vaazlarla Sivas\u2019\u0131 bir g\u00fcne\u015f gibi ayd\u0131nlatan, \u00f6rnek ya\u015fant\u0131s\u0131 ve b\u0131rakt\u0131\u011f\u0131 eserlerle \u0131\u015f\u0131\u011f\u0131 baki olan bir zat-\u0131 \u015ferifti. \u015eemseddin Sivas\u00ee, her daim eserlerinde ve vaazlar\u0131nda aldat\u0131c\u0131 d\u00fcnya nimetlerine ve nefsin oyunlar\u0131na kar\u015f\u0131 ikazlarda bulundu ve etraf\u0131ndakileri tevhide \u00e7a\u011fr\u0131c\u0131 oldu. O, kendisi de bir pervane olarak, \u015fiirleriyle canlar\u0131 \u015eem\u2019in etraf\u0131nda d\u00f6nmeye ve nefisleri hakikat ate\u015finde k\u00fcl etmeye \u00e7a\u011f\u0131rd\u0131. <\/p>\n","protected":false},"excerpt":{"rendered":"<p>Tasavvuf tarihindeki me\u015fh\u00fbr ve maruf \u015eems\u2019lerin \u00fc\u00e7\u00fcnc\u00fcs\u00fc\u2026 \u015eemseddin Sivas\u00ee, 16. y\u00fczy\u0131l\u0131n \u00f6nemli alim ve arif zatlar\u0131ndan, manzum ve mensur yap\u0131da pek \u00e7ok eserin sahibi vel\u00fbd bir<span class=\"excerpt-hellip\"> [\u2026]<\/span><\/p>\n","protected":false},"featured_media":0,"template":"","meta":{"_monsterinsights_skip_tracking":false,"_monsterinsights_sitenote_active":false,"_monsterinsights_sitenote_note":"","_monsterinsights_sitenote_category":0},"product_brand":[],"product_cat":[14009,12291],"product_tag":[],"class_list":{"0":"post-714285","1":"product","2":"type-product","3":"status-publish","5":"product_cat-biyografi-otobiyografi-edebiyat","6":"product_cat-edebiyat","7":"pa_cilt-ciltsiz","8":"pa_tur-kitap","9":"pa_yayinevi-ketebe-yayinlari","10":"pa_yazar-fatih-ramazan-suer","12":"first","13":"instock","14":"sale","15":"shipping-taxable","16":"purchasable","17":"product-type-simple"},"_links":{"self":[{"href":"https:\/\/roveyayinevi.com.tr\/index.php\/wp-json\/wp\/v2\/product\/714285","targetHints":{"allow":["GET"]}}],"collection":[{"href":"https:\/\/roveyayinevi.com.tr\/index.php\/wp-json\/wp\/v2\/product"}],"about":[{"href":"https:\/\/roveyayinevi.com.tr\/index.php\/wp-json\/wp\/v2\/types\/product"}],"wp:attachment":[{"href":"https:\/\/roveyayinevi.com.tr\/index.php\/wp-json\/wp\/v2\/media?parent=714285"}],"wp:term":[{"taxonomy":"product_brand","embeddable":true,"href":"https:\/\/roveyayinevi.com.tr\/index.php\/wp-json\/wp\/v2\/product_brand?post=714285"},{"taxonomy":"product_cat","embeddable":true,"href":"https:\/\/roveyayinevi.com.tr\/index.php\/wp-json\/wp\/v2\/product_cat?post=714285"},{"taxonomy":"product_tag","embeddable":true,"href":"https:\/\/roveyayinevi.com.tr\/index.php\/wp-json\/wp\/v2\/product_tag?post=714285"}],"curies":[{"name":"wp","href":"https:\/\/api.w.org\/{rel}","templated":true}]}}