{"id":714282,"date":"2025-08-27T17:16:53","date_gmt":"2025-08-27T14:16:53","guid":{"rendered":"https:\/\/roveyayinevi.com.tr\/index.php\/urun\/enver-pasanin-turkistan-kurtulus-savasi\/"},"modified":"2026-04-16T02:22:46","modified_gmt":"2026-04-15T23:22:46","slug":"enver-pasanin-turkistan-kurtulus-savasi","status":"publish","type":"product","link":"https:\/\/roveyayinevi.com.tr\/index.php\/urun\/enver-pasanin-turkistan-kurtulus-savasi\/","title":{"rendered":"Enver Pa\u015fa&#8217;n\u0131n T\u00fcrkistan Kurtulu\u015f Sava\u015f\u0131"},"content":{"rendered":"<p>Enver Pa\u015fa bizde daha \u00e7ok Me\u015frutiyet ink\u0131lab\u0131 ve 31 Mart hareketi ile Osmanl\u0131 Devleti\u2019ni 1.D\u00fcnya Sava\u015f\u0131\u2019na sokmas\u0131, bir de Sar\u0131kam\u0131\u015f harek\u00e2t\u0131yla tan\u0131n\u0131r. Ancak \u00f6mr\u00fcn\u00fcn T\u00fcrkiye d\u0131\u015f\u0131nda ge\u00e7en son d\u00f6rt y\u0131l\u0131 h\u00e2l\u00e2 bir muammad\u0131r. 1960\u2019l\u0131 ve 70\u2019li y\u0131llar\u0131n usta kalemi Tekin Erer, Enver Pa\u015fa\u2019n\u0131n bu pek az bilinen T\u00fcrkistan\u2019\u0131n ba\u011f\u0131ms\u0131zl\u0131k sava\u015f\u0131ndaki \u00f6nderli\u011fi d\u00f6nemine bir roman ak\u0131c\u0131l\u0131\u011f\u0131ndaki anlat\u0131m\u0131yla \u0131\u015f\u0131k tutuyor.\u201cKimdir bu Enver Pa\u015fa? Ortaasya\u2019n\u0131n binlerce tepesinden biri olan \u00c7egan tepesinin eteklerinde cenk etmek i\u00e7in burada ne i\u015fi var? Nas\u0131l olmu\u015f da, neden icap etmi\u015f de buralara kadar gelmi\u015f? Nas\u0131l olmu\u015f da Ortaasya T\u00fcrk kuvvetlerinin ba\u015f\u0131na ge\u00e7mi\u015f? Y\u00fczlerce, binlerce y\u0131l evvel Osmanl\u0131 T\u00fcrkleri bu topraklardan, bu bozk\u0131rlardan Anadolu\u2019ya g\u00f6\u00e7 ettiler.As\u0131rlarca \u00fc\u00e7 k\u0131tada h\u00fck\u00fcm s\u00fcrd\u00fcler. Kaderin, \u0130l\u00e2h\u00ee kaderin tecellisine bak\u0131n\u0131z ki, Osmanl\u0131 \u0130mparatorlu\u011fu\u2019nun son Ba\u015fkomutan\u0131 T\u00fcrklerin ilk dura\u011f\u0131nda \u015fehit d\u00fc\u015f\u00fcyor.Pa\u015fa\u2019n\u0131n hayat\u0131 ile Osmanl\u0131 \u0130mparatorlu\u011fu\u2019nun hayat\u0131 da ne kadar birbirine benziyor. Enver Pa\u015fa, bu gen\u00e7 Ba\u015fkomutan, hayat\u0131 boyunca ne \u015fanlar, ne \u015ferefler, ne debdebeli, ihti\u015faml\u0131 g\u00fcnler g\u00f6rm\u00fc\u015ft\u00fcr. Sonunda elbiseleri ve \u00e7izmeleri bile soyulmu\u015ftur. T\u0131pk\u0131 Osmanl\u0131 \u0130mparatorlu\u011fu gibi\u2026\u201d <\/p>\n","protected":false},"excerpt":{"rendered":"<p>Enver Pa\u015fa bizde daha \u00e7ok Me\u015frutiyet ink\u0131lab\u0131 ve 31 Mart hareketi ile Osmanl\u0131 Devleti\u2019ni 1.D\u00fcnya Sava\u015f\u0131\u2019na sokmas\u0131, bir de Sar\u0131kam\u0131\u015f harek\u00e2t\u0131yla tan\u0131n\u0131r. Ancak \u00f6mr\u00fcn\u00fcn T\u00fcrkiye d\u0131\u015f\u0131nda<span class=\"excerpt-hellip\"> [\u2026]<\/span><\/p>\n","protected":false},"featured_media":0,"template":"","meta":{"_monsterinsights_skip_tracking":false,"_monsterinsights_sitenote_active":false,"_monsterinsights_sitenote_note":"","_monsterinsights_sitenote_category":0},"product_brand":[],"product_cat":[14009,12291],"product_tag":[],"class_list":{"0":"post-714282","1":"product","2":"type-product","3":"status-publish","5":"product_cat-biyografi-otobiyografi-edebiyat","6":"product_cat-edebiyat","7":"pa_cilt-ciltsiz","8":"pa_tur-kitap","9":"pa_yayinevi-ketebe-yayinlari","10":"pa_yazar-tekin-erer","12":"first","13":"instock","14":"sale","15":"shipping-taxable","16":"purchasable","17":"product-type-simple"},"_links":{"self":[{"href":"https:\/\/roveyayinevi.com.tr\/index.php\/wp-json\/wp\/v2\/product\/714282","targetHints":{"allow":["GET"]}}],"collection":[{"href":"https:\/\/roveyayinevi.com.tr\/index.php\/wp-json\/wp\/v2\/product"}],"about":[{"href":"https:\/\/roveyayinevi.com.tr\/index.php\/wp-json\/wp\/v2\/types\/product"}],"wp:attachment":[{"href":"https:\/\/roveyayinevi.com.tr\/index.php\/wp-json\/wp\/v2\/media?parent=714282"}],"wp:term":[{"taxonomy":"product_brand","embeddable":true,"href":"https:\/\/roveyayinevi.com.tr\/index.php\/wp-json\/wp\/v2\/product_brand?post=714282"},{"taxonomy":"product_cat","embeddable":true,"href":"https:\/\/roveyayinevi.com.tr\/index.php\/wp-json\/wp\/v2\/product_cat?post=714282"},{"taxonomy":"product_tag","embeddable":true,"href":"https:\/\/roveyayinevi.com.tr\/index.php\/wp-json\/wp\/v2\/product_tag?post=714282"}],"curies":[{"name":"wp","href":"https:\/\/api.w.org\/{rel}","templated":true}]}}

Enver Paşa&#8217;nın Türkistan Kurtuluş Savaşı

<p>Enver Paşa bizde daha çok Meşrutiyet inkılabı ve 31 Mart hareketi ile Osmanlı Devleti’ni 1.Dünya Savaşı’na sokması, bir de Sarıkamış harekâtıyla tanınır. Ancak ömrünün Türkiye dışında geçen son dört yılı hâlâ bir muammadır. 1960’lı ve 70’li yılların usta kalemi Tekin Erer, Enver Paşa’nın bu pek az bilinen Türkistan’ın bağımsızlık savaşındaki önderliği dönemine bir roman akıcılığındaki anlatımıyla ışık tutuyor.“Kimdir bu Enver Paşa? Ortaasya’nın binlerce tepesinden biri olan Çegan tepesinin eteklerinde cenk etmek için burada ne işi var? Nasıl olmuş da, neden icap etmiş de buralara kadar gelmiş? Nasıl olmuş da Ortaasya Türk kuvvetlerinin başına geçmiş? Yüzlerce, binlerce yıl evvel Osmanlı Türkleri bu topraklardan, bu bozkırlardan Anadolu’ya göç ettiler.Asırlarca üç kıtada hüküm sürdüler. Kaderin, İlâhî kaderin tecellisine bakınız ki, Osmanlı İmparatorluğu’nun son Başkomutanı Türklerin ilk durağında şehit düşüyor.Paşa’nın hayatı ile Osmanlı İmparatorluğu’nun hayatı da ne kadar birbirine benziyor. Enver Paşa, bu genç Başkomutan, hayatı boyunca ne şanlar, ne şerefler, ne debdebeli, ihtişamlı günler görmüştür. Sonunda elbiseleri ve çizmeleri bile soyulmuştur. Tıpkı Osmanlı İmparatorluğu gibi…” </p>

<p>Enver Paşa bizde daha çok Meşrutiyet inkılabı ve 31 Mart hareketi ile Osmanlı Devleti’ni 1.Dünya Savaşı’na sokması, bir de Sarıkamış harekâtıyla tanınır. Ancak ömrünün Türkiye dışında<span class="excerpt-hellip"> […]</span></p>
