{"id":714271,"date":"2025-08-27T17:16:46","date_gmt":"2025-08-27T14:16:46","guid":{"rendered":"https:\/\/roveyayinevi.com.tr\/index.php\/urun\/babalar-ve-ogullar-kisaltilmis-metin\/"},"modified":"2026-04-16T02:22:46","modified_gmt":"2026-04-15T23:22:46","slug":"babalar-ve-ogullar-kisaltilmis-metin","status":"publish","type":"product","link":"https:\/\/roveyayinevi.com.tr\/index.php\/urun\/babalar-ve-ogullar-kisaltilmis-metin\/","title":{"rendered":"Babalar ve O\u011fullar (K\u0131salt\u0131lm\u0131\u015f Metin)"},"content":{"rendered":"<p>\u00dcniversiteden ba\u015far\u0131yla mezun olan Arkadiy, babas\u0131n\u0131n \u00e7iftli\u011fine d\u00f6nerken yan\u0131nda arkada\u015f\u0131 Bazarov\u2019u da g\u00f6t\u00fcr\u00fcr. \u0130ki delikanl\u0131 da ilerici fikirleri oldu\u011funu ve kendi yollar\u0131n\u0131n d\u00fcnyay\u0131 daha g\u00fczel bir yer haline getirece\u011fini d\u00fc\u015f\u00fcnmektedir. Gen\u00e7lerin bu tavr\u0131, hayat\u0131n zorluklar\u0131yla m\u00fccadele etmekten yorulmu\u015f aileleriyle aralar\u0131nda b\u00fcy\u00fck \u00e7at\u0131\u015fmalar \u00e7\u0131kmas\u0131na yol a\u00e7ar. Gen\u00e7ler tart\u0131\u015fmalarda hep ba\u015far\u0131l\u0131d\u0131r, ancak ger\u00e7ek hayatla y\u00fcz y\u00fcze geldiklerinde her \u015fey de\u011fi\u015fir. Geleceklerini sadece fikirleri de\u011fil, nas\u0131l insanlar olduklar\u0131 belirleyecektir. \ufffcTan\u0131t\u0131m Metni<\/p>\n","protected":false},"excerpt":{"rendered":"<p>\u00dcniversiteden ba\u015far\u0131yla mezun olan Arkadiy, babas\u0131n\u0131n \u00e7iftli\u011fine d\u00f6nerken yan\u0131nda arkada\u015f\u0131 Bazarov\u2019u da g\u00f6t\u00fcr\u00fcr. \u0130ki delikanl\u0131 da ilerici fikirleri oldu\u011funu ve kendi yollar\u0131n\u0131n d\u00fcnyay\u0131 daha g\u00fczel bir<span class=\"excerpt-hellip\"> [\u2026]<\/span><\/p>\n","protected":false},"featured_media":0,"template":"","meta":{"_monsterinsights_skip_tracking":false,"_monsterinsights_sitenote_active":false,"_monsterinsights_sitenote_note":"","_monsterinsights_sitenote_category":0},"product_brand":[],"product_cat":[12291,13872],"product_tag":[],"class_list":{"0":"post-714271","1":"product","2":"type-product","3":"status-publish","5":"product_cat-edebiyat","6":"product_cat-klasikler","7":"pa_cilt-ciltsiz","8":"pa_tur-kitap","9":"pa_yayinevi-is-bankasi-kultur-yayinlari","10":"pa_yazar-ivan-sergeyevic-turgenyev","12":"first","13":"instock","14":"sale","15":"shipping-taxable","16":"purchasable","17":"product-type-simple"},"_links":{"self":[{"href":"https:\/\/roveyayinevi.com.tr\/index.php\/wp-json\/wp\/v2\/product\/714271","targetHints":{"allow":["GET"]}}],"collection":[{"href":"https:\/\/roveyayinevi.com.tr\/index.php\/wp-json\/wp\/v2\/product"}],"about":[{"href":"https:\/\/roveyayinevi.com.tr\/index.php\/wp-json\/wp\/v2\/types\/product"}],"wp:attachment":[{"href":"https:\/\/roveyayinevi.com.tr\/index.php\/wp-json\/wp\/v2\/media?parent=714271"}],"wp:term":[{"taxonomy":"product_brand","embeddable":true,"href":"https:\/\/roveyayinevi.com.tr\/index.php\/wp-json\/wp\/v2\/product_brand?post=714271"},{"taxonomy":"product_cat","embeddable":true,"href":"https:\/\/roveyayinevi.com.tr\/index.php\/wp-json\/wp\/v2\/product_cat?post=714271"},{"taxonomy":"product_tag","embeddable":true,"href":"https:\/\/roveyayinevi.com.tr\/index.php\/wp-json\/wp\/v2\/product_tag?post=714271"}],"curies":[{"name":"wp","href":"https:\/\/api.w.org\/{rel}","templated":true}]}}