{"id":714258,"date":"2025-08-27T17:16:39","date_gmt":"2025-08-27T14:16:39","guid":{"rendered":"https:\/\/roveyayinevi.com.tr\/index.php\/urun\/yasamayi-bilme-sanati-gorgu\/"},"modified":"2026-04-16T02:22:46","modified_gmt":"2026-04-15T23:22:46","slug":"yasamayi-bilme-sanati-gorgu","status":"publish","type":"product","link":"https:\/\/roveyayinevi.com.tr\/index.php\/urun\/yasamayi-bilme-sanati-gorgu\/","title":{"rendered":"Ya\u015famay\u0131 Bilme Sanat\u0131 G\u00f6rg\u00fc"},"content":{"rendered":"<p>&#8220;Ada vapuruna binmi\u015f, inan\u0131lmaz bir karma\u015fa, iti\u015f kak\u0131\u015fla g\u00fcverteye \u00e7\u0131k\u0131yorduk. Arkamdaki delikanl\u0131lar\u0131n neredeyse s\u0131rt\u0131mdan atlay\u0131p \u00f6ne ge\u00e7me tela\u015f\u0131nda olduklar\u0131n\u0131 farkettim. Deh\u015fet bir \u015feydi! Ellerinden gelse \u00fczerimize bas\u0131p ezip, ge\u00e7eceklerdi \u00f6n\u00fcm\u00fcze.Bunlar o atalar\u0131n torunlar\u0131 m\u0131yd\u0131? Hani vapurdan inerken birbirlerine yol vermeleri y\u00fcz\u00fcnden bir semte Beylerbeyi ad\u0131n\u0131n verilmesine sebep olan o beyfendi, sayg\u0131, nezaket, kibarl\u0131k \u00e2bidesi insanlar\u0131n ahfad\u0131ndan m\u0131yd\u0131lar ger\u00e7ekten?Sokakta, trende, tramvayda, parkta bah\u00e7ede vb. hemen her yerde g\u00f6zle g\u00f6r\u00fcl\u00fcr bir kabal\u0131k, vurdumduymazl\u0131k kol geziyor gibiydi&#8230; Pek kimse de bundan \u015fikayet\u00e7i g\u00f6r\u00fcnm\u00fcyor, kaba, nezaketsiz oldu\u011funu fark etmiyor, harala g\u00fcrele mutlu mesut ya\u015fay\u0131p duruyordu i\u015fte. Yani kimsenin &#8220;terbiyeli, nazik, kibar olay\u0131m, kendime bir \u00e7eki d\u00fczen vereyim&#8221; diye bir derdi yok gibiydi.Oysa &#8220;makine i\u00e7in ya\u011f ne kadar elzemse, toplum i\u00e7in de terbiye ve nezaket o kadar elzem&#8221;di.Kim bilir, belki de kimi \u00e7ocuklar\u0131n birden boy at\u0131p serpiliverdikleri i\u00e7in ne yapacaklar\u0131n\u0131, nas\u0131l davranacaklar\u0131n\u0131 bilmedikleri gibi biz de pek k\u0131sac\u0131k bir s\u00fcrede b\u00fcy\u00fck de\u011fi\u015fim, d\u00f6n\u00fc\u015f\u00fcm ge\u00e7irmi\u015f, zenginle\u015fip geli\u015fivermi\u015ftik de onun haz\u0131ms\u0131zl\u0131\u011f\u0131n\u0131, \u015fa\u015fk\u0131nl\u0131\u011f\u0131n\u0131 ya\u015fad\u0131\u011f\u0131m\u0131z, uyum zorlu\u011fu \u00e7ekti\u011fimiz bir ge\u00e7i\u015f d\u00f6nemi ge\u00e7iriyorduk?!&#8221;\u0130\u015fte b\u00f6yle bir d\u00f6nemde &#8220;G\u00d6RG\u00dc kitab\u0131 \u00e7\u0131kartmak, ak\u0131nt\u0131ya k\u00fcrek \u00e7ekmek olur. Neye yarar, kim al\u0131r okur ki?&#8221; demeyip Nasrettin Hoca&#8217;n\u0131n g\u00f6le maya \u00e7almas\u0131 misali, ilk bask\u0131s\u0131 1980 y\u0131l\u0131nda yay\u0131mlanm\u0131\u015f &#8220;Ya\u015famay\u0131 Bilme Sanat\u0131-G\u00d6RG\u00dc&#8221; nin, yeni b\u00f6l\u00fcmler eklenip, yerli yabanc\u0131 anektodlarla zenginle\u015ftirilerek yeni ba\u015ftan kaleme al\u0131nm\u0131\u015f bask\u0131s\u0131 bu kitap. Sadece bir G\u00d6RG\u00dc kitab\u0131 olarak de\u011fil, ayn\u0131 zamanda ak\u0131c\u0131 \u00fcslubuyla zevkle, keyfle okunabilecek, s\u0131k s\u0131k ba\u015fvurulabilecek bir ba\u015fucu kitab\u0131&#8230; <\/p>\n","protected":false},"excerpt":{"rendered":"<p>&#8220;Ada vapuruna binmi\u015f, inan\u0131lmaz bir karma\u015fa, iti\u015f kak\u0131\u015fla g\u00fcverteye \u00e7\u0131k\u0131yorduk. Arkamdaki delikanl\u0131lar\u0131n neredeyse s\u0131rt\u0131mdan atlay\u0131p \u00f6ne ge\u00e7me tela\u015f\u0131nda olduklar\u0131n\u0131 farkettim. Deh\u015fet bir \u015feydi! Ellerinden gelse \u00fczerimize<span class=\"excerpt-hellip\"> [\u2026]<\/span><\/p>\n","protected":false},"featured_media":0,"template":"","meta":{"_monsterinsights_skip_tracking":false,"_monsterinsights_sitenote_active":false,"_monsterinsights_sitenote_note":"","_monsterinsights_sitenote_category":0},"product_brand":[],"product_cat":[20039,13488],"product_tag":[],"class_list":{"0":"post-714258","1":"product","2":"type-product","3":"status-publish","5":"product_cat-kultur-tarihi","6":"product_cat-toplum-ve-insan","7":"pa_cilt-ciltsiz","8":"pa_tur-kitap","9":"pa_yayinevi-otuken-nesriyat","10":"pa_yazar-belma-aksun","12":"first","13":"instock","14":"sale","15":"shipping-taxable","16":"purchasable","17":"product-type-simple"},"_links":{"self":[{"href":"https:\/\/roveyayinevi.com.tr\/index.php\/wp-json\/wp\/v2\/product\/714258","targetHints":{"allow":["GET"]}}],"collection":[{"href":"https:\/\/roveyayinevi.com.tr\/index.php\/wp-json\/wp\/v2\/product"}],"about":[{"href":"https:\/\/roveyayinevi.com.tr\/index.php\/wp-json\/wp\/v2\/types\/product"}],"wp:attachment":[{"href":"https:\/\/roveyayinevi.com.tr\/index.php\/wp-json\/wp\/v2\/media?parent=714258"}],"wp:term":[{"taxonomy":"product_brand","embeddable":true,"href":"https:\/\/roveyayinevi.com.tr\/index.php\/wp-json\/wp\/v2\/product_brand?post=714258"},{"taxonomy":"product_cat","embeddable":true,"href":"https:\/\/roveyayinevi.com.tr\/index.php\/wp-json\/wp\/v2\/product_cat?post=714258"},{"taxonomy":"product_tag","embeddable":true,"href":"https:\/\/roveyayinevi.com.tr\/index.php\/wp-json\/wp\/v2\/product_tag?post=714258"}],"curies":[{"name":"wp","href":"https:\/\/api.w.org\/{rel}","templated":true}]}}