{"id":714254,"date":"2025-08-27T17:16:36","date_gmt":"2025-08-27T14:16:36","guid":{"rendered":"https:\/\/roveyayinevi.com.tr\/index.php\/urun\/elma-agacinda-sevdali-bulut\/"},"modified":"2026-03-12T02:30:40","modified_gmt":"2026-03-11T23:30:40","slug":"elma-agacinda-sevdali-bulut","status":"publish","type":"product","link":"https:\/\/roveyayinevi.com.tr\/index.php\/urun\/elma-agacinda-sevdali-bulut\/","title":{"rendered":"Elma A\u011fac\u0131nda Sevdal\u0131 Bulut"},"content":{"rendered":"<p>Bir a\u011fa\u00e7la dost oldunuz mu hi\u00e7? Dallar\u0131na konan ku\u015flar\u0131n c\u0131v\u0131lda\u015fmalar\u0131na kulak verdiniz mi? Yapraklar\u0131n\u0131n h\u0131\u015f\u0131rt\u0131s\u0131ndaki senfoniyi, r\u00fczgar\u0131n dallar\u0131ndaki u\u011fultusunu duydunuz mu? Ar\u0131lar\u0131n, \u00e7i\u00e7eklerin \u00fczerinde gezinirken \u00e7\u0131kar\u0131\u011f\u0131 v\u0131z\u0131lt\u0131lar\u0131 dinlediniz mi? Yapraklar\u0131n\u0131n, sarar\u0131p yava\u015f\u00e7a yere do\u011fru s\u00fcz\u00fcl\u00fcrken dans\u0131n\u0131 seyrettiniz mi, sonbahar r\u00fczgarlar\u0131yla oradan oraya savrulu\u015funu, k\u0131\u015f ayaz\u0131nda titreyi\u015flerini izlediniz mi? \u00c7\u0131plak dallar\u0131n bir gecede beyaz gelinlikle giyini\u015fini g\u00f6rd\u00fcn\u00fcz m\u00fc? Baharla ye\u015file d\u00f6n\u00fcp, tomurcu\u011fa kesmi\u015f dallar\u0131n nazl\u0131 gelinler gibi sal\u0131n\u0131\u015f\u0131na hayret ettiniz mi? \u00c7i\u00e7e\u011fin meyveye duru\u015funu, meyvelerin olgunla\u015fmas\u0131n\u0131 izlediniz mi hi\u00e7? D\u00f6rt mevsim \u00fc\u00e7 y\u00fcz atm\u0131\u015f be\u015f g\u00fcn dost oldunuz mu bir a\u011fa\u00e7ta?<\/p>\n","protected":false},"excerpt":{"rendered":"<p>Bir a\u011fa\u00e7la dost oldunuz mu hi\u00e7? Dallar\u0131na konan ku\u015flar\u0131n c\u0131v\u0131lda\u015fmalar\u0131na kulak verdiniz mi? Yapraklar\u0131n\u0131n h\u0131\u015f\u0131rt\u0131s\u0131ndaki senfoniyi, r\u00fczgar\u0131n dallar\u0131ndaki u\u011fultusunu duydunuz mu? Ar\u0131lar\u0131n, \u00e7i\u00e7eklerin \u00fczerinde gezinirken \u00e7\u0131kar\u0131\u011f\u0131<span class=\"excerpt-hellip\"> [\u2026]<\/span><\/p>\n","protected":false},"featured_media":0,"template":"","meta":{"_monsterinsights_skip_tracking":false,"_monsterinsights_sitenote_active":false,"_monsterinsights_sitenote_note":"","_monsterinsights_sitenote_category":0},"product_brand":[],"product_cat":[12291,12711],"product_tag":[],"class_list":{"0":"post-714254","1":"product","2":"type-product","3":"status-publish","5":"product_cat-edebiyat","6":"product_cat-roman-oyku","7":"pa_cilt-ciltsiz","8":"pa_tur-kitap","9":"pa_yayinevi-kirmizi-cati-yayinlari","10":"pa_yazar-nursen-dis","12":"first","13":"instock","14":"sale","15":"shipping-taxable","16":"purchasable","17":"product-type-simple"},"_links":{"self":[{"href":"https:\/\/roveyayinevi.com.tr\/index.php\/wp-json\/wp\/v2\/product\/714254","targetHints":{"allow":["GET"]}}],"collection":[{"href":"https:\/\/roveyayinevi.com.tr\/index.php\/wp-json\/wp\/v2\/product"}],"about":[{"href":"https:\/\/roveyayinevi.com.tr\/index.php\/wp-json\/wp\/v2\/types\/product"}],"wp:attachment":[{"href":"https:\/\/roveyayinevi.com.tr\/index.php\/wp-json\/wp\/v2\/media?parent=714254"}],"wp:term":[{"taxonomy":"product_brand","embeddable":true,"href":"https:\/\/roveyayinevi.com.tr\/index.php\/wp-json\/wp\/v2\/product_brand?post=714254"},{"taxonomy":"product_cat","embeddable":true,"href":"https:\/\/roveyayinevi.com.tr\/index.php\/wp-json\/wp\/v2\/product_cat?post=714254"},{"taxonomy":"product_tag","embeddable":true,"href":"https:\/\/roveyayinevi.com.tr\/index.php\/wp-json\/wp\/v2\/product_tag?post=714254"}],"curies":[{"name":"wp","href":"https:\/\/api.w.org\/{rel}","templated":true}]}}