{"id":714235,"date":"2025-08-27T17:16:20","date_gmt":"2025-08-27T14:16:20","guid":{"rendered":"https:\/\/roveyayinevi.com.tr\/index.php\/urun\/medya-ve-diger-seyler\/"},"modified":"2026-04-16T02:22:45","modified_gmt":"2026-04-15T23:22:45","slug":"medya-ve-diger-seyler","status":"publish","type":"product","link":"https:\/\/roveyayinevi.com.tr\/index.php\/urun\/medya-ve-diger-seyler\/","title":{"rendered":"Medya ve Di\u011fer \u015eeyler"},"content":{"rendered":"<p>Bir g\u00fcn herkes televizyona \u00e7\u0131kacak!  \u201cP\u0131t\u0131rc\u0131k\u201d serisi ile tan\u0131nan Frans\u0131z karikat\u00fcrist Jean-Jacques Semp\u00e9\u2019den, medyan\u0131n insanlar \u00fczerinde b\u0131rakt\u0131\u011f\u0131 tahribat\u0131 muzip bir \u00fcslupla ele alan \u00f6zel bir koleksiyon kitap: Medya ve di\u011fer \u015feylerMedya \u00e7a\u011f\u0131n\u0131n en b\u00fcy\u00fck sorunu say\u0131lan ileti\u015fimsizli\u011fi ve buna ba\u011fl\u0131 olarak toplumda geli\u015fen k\u00fclt\u00fcrel ve sosyal de\u011fi\u015fimleri mizahla yorumlayan, her ya\u015ftan okura seslenen usta i\u015fi karikat\u00fcrler.\u0130\u00e7inde ya\u015fad\u0131\u011f\u0131m\u0131z \u00e7a\u011fa n\u00fcktedan bir g\u00f6zle yeniden bakmam\u0131z\u0131 sa\u011flayan Semp\u00e9, \u00e7o\u011fu zaman s\u00f6zs\u00fcz, yer yer k\u0131sa c\u00fcmlelerle tamamlad\u0131\u011f\u0131 karikat\u00fcrleriyle medyay\u0131 ele\u015ftirel bir s\u00fczge\u00e7ten ge\u00e7iriyor.Semp\u00e9\u2019nin yaratt\u0131\u011f\u0131 karikat\u00fcr evreni, kimi zaman hemen k\u00f6\u015fe ba\u015f\u0131ndaki gazete bayinin dergi raflar\u0131nda, kimi zaman \u00e7ift\u00e7i bir ailenin k\u00f6y evinde, kimi zamansa ak\u015fam yeme\u011fi sofras\u0131n\u0131n kar\u015f\u0131s\u0131na kurulan televizyondan y\u00fckselen \u201cD\u00fcnyada A\u00e7l\u0131k Sorunu\u201d ba\u015fl\u0131kl\u0131 bir haberde hayat buluyor.    \u00c7oksatan kitaplar\u0131 ve sansasyonel karikat\u00fcr \u00e7al\u0131\u015fmalar\u0131n\u0131n yan\u0131 s\u0131ra New York Times, Paris Match, New Yorker gibi gazete ve dergilere yapt\u0131\u011f\u0131 \u00e7izimlerle tan\u0131nan Semp\u00e9, Medya ve di\u011fer \u015feyler\u2019de, medyan\u0131n tutumunu yal\u0131n \u00e7izgiler kullanarak derinlikli bir \u015fekilde yans\u0131t\u0131yor. Tek dile\u011fim, medyan\u0131n g\u00f6z\u00fc \u00f6n\u00fcnde b\u00fcy\u00fcs\u00fcn. <\/p>\n","protected":false},"excerpt":{"rendered":"<p>Bir g\u00fcn herkes televizyona \u00e7\u0131kacak! \u201cP\u0131t\u0131rc\u0131k\u201d serisi ile tan\u0131nan Frans\u0131z karikat\u00fcrist Jean-Jacques Semp\u00e9\u2019den, medyan\u0131n insanlar \u00fczerinde b\u0131rakt\u0131\u011f\u0131 tahribat\u0131 muzip bir \u00fcslupla ele alan \u00f6zel bir koleksiyon<span class=\"excerpt-hellip\"> [\u2026]<\/span><\/p>\n","protected":false},"featured_media":0,"template":"","meta":{"_monsterinsights_skip_tracking":false,"_monsterinsights_sitenote_active":false,"_monsterinsights_sitenote_note":"","_monsterinsights_sitenote_category":0},"product_brand":[],"product_cat":[12291,49405],"product_tag":[],"class_list":{"0":"post-714235","1":"product","2":"type-product","3":"status-publish","5":"product_cat-edebiyat","6":"product_cat-karikatur","7":"pa_cilt-ciltsiz","8":"pa_tur-kitap","9":"pa_yayinevi-desen-yayinlari","10":"pa_yazar-jean-jacques-sempe","12":"first","13":"instock","14":"sale","15":"shipping-taxable","16":"purchasable","17":"product-type-simple"},"_links":{"self":[{"href":"https:\/\/roveyayinevi.com.tr\/index.php\/wp-json\/wp\/v2\/product\/714235","targetHints":{"allow":["GET"]}}],"collection":[{"href":"https:\/\/roveyayinevi.com.tr\/index.php\/wp-json\/wp\/v2\/product"}],"about":[{"href":"https:\/\/roveyayinevi.com.tr\/index.php\/wp-json\/wp\/v2\/types\/product"}],"wp:attachment":[{"href":"https:\/\/roveyayinevi.com.tr\/index.php\/wp-json\/wp\/v2\/media?parent=714235"}],"wp:term":[{"taxonomy":"product_brand","embeddable":true,"href":"https:\/\/roveyayinevi.com.tr\/index.php\/wp-json\/wp\/v2\/product_brand?post=714235"},{"taxonomy":"product_cat","embeddable":true,"href":"https:\/\/roveyayinevi.com.tr\/index.php\/wp-json\/wp\/v2\/product_cat?post=714235"},{"taxonomy":"product_tag","embeddable":true,"href":"https:\/\/roveyayinevi.com.tr\/index.php\/wp-json\/wp\/v2\/product_tag?post=714235"}],"curies":[{"name":"wp","href":"https:\/\/api.w.org\/{rel}","templated":true}]}}