{"id":714232,"date":"2025-08-27T17:16:18","date_gmt":"2025-08-27T14:16:18","guid":{"rendered":"https:\/\/roveyayinevi.com.tr\/index.php\/urun\/baba-ile-bir-gun\/"},"modified":"2025-11-06T04:49:01","modified_gmt":"2025-11-06T01:49:01","slug":"baba-ile-bir-gun","status":"publish","type":"product","link":"https:\/\/roveyayinevi.com.tr\/index.php\/urun\/baba-ile-bir-gun\/","title":{"rendered":"Baba ile Bir G\u00fcn"},"content":{"rendered":"<p>Bug\u00fcn Baba Tilki\u2019nin izin g\u00fcn\u00fc. Yavrular\u0131yla birlikte ge\u00e7irece\u011fi e\u011flenceli bir g\u00fcn olacak. Baba Tilki, sekiz yavrusuyla en sevdikleri oyunlar\u0131 oynayacak. Fakat hepsinin yapmak istedi\u011fi \u00f6zel bir \u015fey daha var: Babaya sar\u0131lmak. Sekiz yavru tilkinin sar\u0131ld\u0131\u011f\u0131 bir baba tilkiden daha mutlu kim olabilir? Tabii ki babalar\u0131na s\u0131ms\u0131k\u0131 sar\u0131lm\u0131\u015f sekiz yavru tilki. Sevimli mi sevimli yavru tilkilerin babalar\u0131yla ge\u00e7irdikleri bir g\u00fcn\u00fcn \u00f6yk\u00fcs\u00fc\u2026 <\/p>\n","protected":false},"excerpt":{"rendered":"<p>Bug\u00fcn Baba Tilki\u2019nin izin g\u00fcn\u00fc. Yavrular\u0131yla birlikte ge\u00e7irece\u011fi e\u011flenceli bir g\u00fcn olacak. Baba Tilki, sekiz yavrusuyla en sevdikleri oyunlar\u0131 oynayacak. Fakat hepsinin yapmak istedi\u011fi \u00f6zel bir<span class=\"excerpt-hellip\"> [\u2026]<\/span><\/p>\n","protected":false},"featured_media":0,"template":"","meta":{"_monsterinsights_skip_tracking":false,"_monsterinsights_sitenote_active":false,"_monsterinsights_sitenote_note":"","_monsterinsights_sitenote_category":0},"product_brand":[],"product_cat":[12913,12274],"product_tag":[],"class_list":{"0":"post-714232","1":"product","2":"type-product","3":"status-publish","5":"product_cat-3-6-yas-kitaplari","6":"product_cat-cocuk-ve-genclik-kitaplari","7":"pa_cilt-ciltsiz","8":"pa_tur-kitap","9":"pa_yayinevi-1001-cicek-kitaplar","10":"pa_yazar-ruby-brown","12":"first","13":"instock","14":"sale","15":"shipping-taxable","16":"purchasable","17":"product-type-simple"},"_links":{"self":[{"href":"https:\/\/roveyayinevi.com.tr\/index.php\/wp-json\/wp\/v2\/product\/714232","targetHints":{"allow":["GET"]}}],"collection":[{"href":"https:\/\/roveyayinevi.com.tr\/index.php\/wp-json\/wp\/v2\/product"}],"about":[{"href":"https:\/\/roveyayinevi.com.tr\/index.php\/wp-json\/wp\/v2\/types\/product"}],"wp:attachment":[{"href":"https:\/\/roveyayinevi.com.tr\/index.php\/wp-json\/wp\/v2\/media?parent=714232"}],"wp:term":[{"taxonomy":"product_brand","embeddable":true,"href":"https:\/\/roveyayinevi.com.tr\/index.php\/wp-json\/wp\/v2\/product_brand?post=714232"},{"taxonomy":"product_cat","embeddable":true,"href":"https:\/\/roveyayinevi.com.tr\/index.php\/wp-json\/wp\/v2\/product_cat?post=714232"},{"taxonomy":"product_tag","embeddable":true,"href":"https:\/\/roveyayinevi.com.tr\/index.php\/wp-json\/wp\/v2\/product_tag?post=714232"}],"curies":[{"name":"wp","href":"https:\/\/api.w.org\/{rel}","templated":true}]}}